{"id":23192,"date":"2026-04-22T19:41:25","date_gmt":"2026-04-22T17:41:25","guid":{"rendered":"https:\/\/oraziopuglisi.art\/?page_id=23192"},"modified":"2026-04-22T19:48:39","modified_gmt":"2026-04-22T17:48:39","slug":"willem-koekkoek","status":"publish","type":"page","link":"https:\/\/oraziopuglisi.art\/index.php\/willem-koekkoek\/","title":{"rendered":"Willem Koekkoek"},"content":{"rendered":"<p style=\"text-align: center;\"><a href=\"https:\/\/en.wikipedia.org\/wiki\/Willem_Koekkoek\">Willem Koekkoek<\/a><\/p>\n<p style=\"text-align: justify;\">N\u00e9 \u00e0 Amsterdam, Willem Koekkoek \u00e9tait membre de la c\u00e9l\u00e8bre famille de peintres Koekkoek. Fils du peintre de marines Hermanus Koekkoek et petit-fils de Johannes Hermanus Koekkoek, il avait trois fr\u00e8res, Hermanus, Johannes Hermanus Barend et Hendrik Barend, tous devenus peintres.<\/p>\n<p style=\"text-align: justify;\">Fid\u00e8le \u00e0 la tradition familiale, son p\u00e8re donna \u00e0 ses quatre fr\u00e8res leurs premi\u00e8res le\u00e7ons d&rsquo;art. Willem re\u00e7ut \u00e9galement une formation d&rsquo;architecte, mais n&rsquo;exer\u00e7a cette profession que bri\u00e8vement. Cette exp\u00e9rience influen\u00e7a cependant durablement le choix de ses sujets.<\/p>\n<p>&nbsp;<\/p>\n<p><iframe loading=\"lazy\" title=\"Willem Koekkoek (1839-1885): 39 paintings\" width=\"600\" height=\"338\" src=\"https:\/\/www.youtube.com\/embed\/UdY87zRSYTs?feature=oembed\" frameborder=\"0\" allow=\"accelerometer; autoplay; clipboard-write; encrypted-media; gyroscope; picture-in-picture; web-share\" referrerpolicy=\"strict-origin-when-cross-origin\" allowfullscreen><\/iframe><\/p>\n<p style=\"text-align: justify;\">De 1854 \u00e0 1878, il travailla \u00e0 La Haye, puis \u00e0 Amsterdam. Sa premi\u00e8re exposition eut lieu en 1859 \u00e0 Leeuwarden. De 1865 \u00e0 1894, il exposa chaque ann\u00e9e \u00e0 l&rsquo;Acad\u00e9mie royale des beaux-arts et \u00e0 la Rijksakademie d&rsquo;Amsterdam. De 1885 \u00e0 1888, il pr\u00e9senta plusieurs expositions dans des galeries priv\u00e9es londoniennes. Son fr\u00e8re, Hermanus, s&rsquo;\u00e9tait install\u00e9 \u00e0 Londres et avait ouvert une galerie d&rsquo;art en 1869, ce qui contribua \u00e0 la popularit\u00e9 de ses \u0153uvres et de celles de toute la famille en Angleterre.<\/p>\n<p>&nbsp;<\/p>\n<p><iframe loading=\"lazy\" title=\"# 7  Willem Koekkoek. Best works\" src=\"https:\/\/www.youtube.com\/embed\/ILOBK71-mpI\" width=\"1340\" height=\"754\" frameborder=\"0\" allowfullscreen=\"allowfullscreen\"><\/iframe><\/p>\n<p>&nbsp;<\/p>\n<p style=\"text-align: justify;\">En novembre 1866, il \u00e9pousa Johanna Hermina. Ils eurent deux fils qui devinrent artistes\u00a0: Marinus Adrianus, dit \u00ab\u00a0le Jeune\u00a0\u00bb, illustrateur, et Hermanus Willem, sp\u00e9cialis\u00e9 dans les sujets militaires. [2] Fid\u00e8le \u00e0 la tradition familiale, Willem leur donna leurs premi\u00e8res le\u00e7ons de peinture.<\/p>\n<p style=\"text-align: justify;\">Vers les ann\u00e9es 1880, il s&rsquo;installa \u00e0 Amstelveen. Son fr\u00e8re, Hendrik Barend, avait alors rejoint Londres, et son fils, Hermanus, le rejoignit plus tard. Bien que Willem peign\u00eet presque exclusivement pour sa client\u00e8le anglaise, il demeura aux Pays-Bas. Apr\u00e8s 1894, sa sant\u00e9 d\u00e9clinante l&rsquo;amena \u00e0 cesser d&rsquo;exposer et \u00e0 peindre peu. Il mourut l&rsquo;ann\u00e9e suivante, peu apr\u00e8s son cinquante-sixi\u00e8me anniversaire.<\/p>\n<p>&nbsp;<\/p>\n<p><iframe loading=\"lazy\" title=\"Willem Koekkoek\" width=\"600\" height=\"338\" src=\"https:\/\/www.youtube.com\/embed\/g0uK5U8NTMI?feature=oembed\" frameborder=\"0\" allow=\"accelerometer; autoplay; clipboard-write; encrypted-media; gyroscope; picture-in-picture; web-share\" referrerpolicy=\"strict-origin-when-cross-origin\" allowfullscreen><\/iframe><\/p>\n","protected":false},"excerpt":{"rendered":"<p>Willem Koekkoek N\u00e9 \u00e0 Amsterdam, Willem Koekkoek \u00e9tait membre de la c\u00e9l\u00e8bre famille de peintres Koekkoek. Fils du peintre de marines Hermanus Koekkoek et petit-fils de Johannes Hermanus Koekkoek, il avait trois fr\u00e8res, Hermanus, Johannes Hermanus Barend et Hendrik Barend, tous devenus peintres. Fid\u00e8le \u00e0 la tradition familiale, son p\u00e8re donna \u00e0 ses quatre fr\u00e8res [&hellip;]<\/p>\n","protected":false},"author":1,"featured_media":0,"parent":0,"menu_order":0,"comment_status":"closed","ping_status":"closed","template":"","meta":{"footnotes":""},"class_list":["post-23192","page","type-page","status-publish","hentry"],"_links":{"self":[{"href":"https:\/\/oraziopuglisi.art\/index.php\/wp-json\/wp\/v2\/pages\/23192","targetHints":{"allow":["GET"]}}],"collection":[{"href":"https:\/\/oraziopuglisi.art\/index.php\/wp-json\/wp\/v2\/pages"}],"about":[{"href":"https:\/\/oraziopuglisi.art\/index.php\/wp-json\/wp\/v2\/types\/page"}],"author":[{"embeddable":true,"href":"https:\/\/oraziopuglisi.art\/index.php\/wp-json\/wp\/v2\/users\/1"}],"replies":[{"embeddable":true,"href":"https:\/\/oraziopuglisi.art\/index.php\/wp-json\/wp\/v2\/comments?post=23192"}],"version-history":[{"count":9,"href":"https:\/\/oraziopuglisi.art\/index.php\/wp-json\/wp\/v2\/pages\/23192\/revisions"}],"predecessor-version":[{"id":23201,"href":"https:\/\/oraziopuglisi.art\/index.php\/wp-json\/wp\/v2\/pages\/23192\/revisions\/23201"}],"wp:attachment":[{"href":"https:\/\/oraziopuglisi.art\/index.php\/wp-json\/wp\/v2\/media?parent=23192"}],"curies":[{"name":"wp","href":"https:\/\/api.w.org\/{rel}","templated":true}]}}