{"id":22963,"date":"2026-04-18T11:19:06","date_gmt":"2026-04-18T09:19:06","guid":{"rendered":"https:\/\/oraziopuglisi.art\/?page_id=22963"},"modified":"2026-04-18T11:33:06","modified_gmt":"2026-04-18T09:33:06","slug":"la-patristique","status":"publish","type":"page","link":"https:\/\/oraziopuglisi.art\/index.php\/la-patristique\/","title":{"rendered":"La Patristique"},"content":{"rendered":"<p><em><strong>Image mise en avant :<\/strong><\/em> <i>La Conversion de\u00a0<a title=\"Augustin d'Hippone\" href=\"https:\/\/fr.wikipedia.org\/wiki\/Augustin_d%27Hippone\">saint Augustin<\/a>\u00a0(\u00ab\u00a0<a title=\"Les Confessions (Augustin d'Hippone)\" href=\"https:\/\/fr.wikipedia.org\/wiki\/Les_Confessions_(Augustin_d%27Hippone)\">Tolle, lege<\/a>\u00a0\u00bb)<\/i>, par\u00a0<a title=\"Benozzo Gozzoli\" href=\"https:\/\/fr.wikipedia.org\/wiki\/Benozzo_Gozzoli\">Benozzo Gozzoli<\/a>,\u00a0<a title=\"\u00c9glise Sant'Agostino de San Gimignano\" href=\"https:\/\/fr.wikipedia.org\/wiki\/%C3%89glise_Sant%27Agostino_de_San_Gimignano\">\u00e9glise Sant&rsquo;Agostino de San Gimignano<\/a>.<\/p>\n<p><iframe loading=\"lazy\" title=\"Qu&#039;est-ce que la patristique ?\" width=\"600\" height=\"338\" src=\"https:\/\/www.youtube.com\/embed\/pzkHXaK9za4?feature=oembed\" frameborder=\"0\" allow=\"accelerometer; autoplay; clipboard-write; encrypted-media; gyroscope; picture-in-picture; web-share\" referrerpolicy=\"strict-origin-when-cross-origin\" allowfullscreen><\/iframe><\/p>\n<p>&nbsp;<\/p>\n<p style=\"text-align: center;\"><a href=\"https:\/\/fr.wikipedia.org\/wiki\/Patristique\">La Patristique<\/a><\/p>\n<header class=\"mw-body-header vector-page-titlebar no-font-mode-scale\">\n<h1 id=\"firstHeading\" class=\"firstHeading mw-first-heading\">\u00a0<\/h1>\n<\/header>\n<div id=\"bodyContent\" class=\"vector-body ve-init-mw-desktopArticleTarget-targetContainer\" aria-labelledby=\"firstHeading\" data-mw-ve-target-container=\"\">\n<div id=\"mw-content-text\" class=\"mw-body-content\">\n<div class=\"mw-content-ltr mw-parser-output\" dir=\"ltr\" lang=\"fr\">\n<figure class=\"mw-default-size\" style=\"text-align: justify;\"><a class=\"mw-file-description\" href=\"https:\/\/commons.wikimedia.org\/wiki\/File:TolleLege.jpg?uselang=fr\"><img loading=\"lazy\" decoding=\"async\" class=\"mw-file-element aligncenter\" src=\"https:\/\/upload.wikimedia.org\/wikipedia\/commons\/thumb\/b\/b6\/TolleLege.jpg\/250px-TolleLege.jpg\" srcset=\"\/\/upload.wikimedia.org\/wikipedia\/commons\/thumb\/b\/b6\/TolleLege.jpg\/500px-TolleLege.jpg 2x\" width=\"250\" height=\"427\" data-file-width=\"640\" data-file-height=\"1093\" \/><\/a><\/figure>\n<\/div>\n<\/div>\n<\/div>\n<p><i>La Conversion de\u00a0<a title=\"Augustin d'Hippone\" href=\"https:\/\/fr.wikipedia.org\/wiki\/Augustin_d%27Hippone\">saint Augustin<\/a>\u00a0(\u00ab\u00a0<a title=\"Les Confessions (Augustin d'Hippone)\" href=\"https:\/\/fr.wikipedia.org\/wiki\/Les_Confessions_(Augustin_d%27Hippone)\">Tolle, lege<\/a>\u00a0\u00bb)<\/i>, par\u00a0<a title=\"Benozzo Gozzoli\" href=\"https:\/\/fr.wikipedia.org\/wiki\/Benozzo_Gozzoli\">Benozzo Gozzoli<\/a>,\u00a0<a title=\"\u00c9glise Sant'Agostino de San Gimignano\" href=\"https:\/\/fr.wikipedia.org\/wiki\/%C3%89glise_Sant%27Agostino_de_San_Gimignano\">\u00e9glise Sant&rsquo;Agostino de San Gimignano<\/a>.<\/p>\n<p style=\"text-align: justify;\">La\u00a0<b>patristique<\/b>\u00a0est la discipline qui traite de la vie, de l&rsquo;\u0153uvre et de la doctrine des\u00a0<a title=\"P\u00e8res de l'\u00c9glise\" href=\"https:\/\/fr.wikipedia.org\/wiki\/P%C3%A8res_de_l%27%C3%89glise\">P\u00e8res de l&rsquo;\u00c9glise<\/a>\u00a0dans le\u00a0<a title=\"Christianisme primitif\" href=\"https:\/\/fr.wikipedia.org\/wiki\/Christianisme_primitif\">christianisme primitif<\/a>. Elle s&rsquo;int\u00e9resse \u00e0 l&rsquo;ensemble de leurs \u00e9crits en mati\u00e8re de\u00a0<a title=\"Th\u00e9ologie chr\u00e9tienne\" href=\"https:\/\/fr.wikipedia.org\/wiki\/Th%C3%A9ologie_chr%C3%A9tienne\">th\u00e9ologie<\/a>, y compris leurs controverses avec les\u00a0<a title=\"H\u00e9r\u00e9sie\" href=\"https:\/\/fr.wikipedia.org\/wiki\/H%C3%A9r%C3%A9sie\">h\u00e9r\u00e9tiques<\/a>\u00a0ou encore leurs textes\u00a0<a title=\"Liturgie\" href=\"https:\/\/fr.wikipedia.org\/wiki\/Liturgie\">liturgiques<\/a>.<\/p>\n<p style=\"text-align: justify;\">La patristique est \u00e0 distinguer de la\u00a0<a title=\"Patrologie\" href=\"https:\/\/fr.wikipedia.org\/wiki\/Patrologie\">patrologie<\/a>, qui ne concerne les P\u00e8res de l&rsquo;\u00c9glise que dans le domaine de la\u00a0<a title=\"Foi\" href=\"https:\/\/fr.wikipedia.org\/wiki\/Foi\">foi<\/a>.<\/p>\n<p style=\"text-align: justify;\">La litt\u00e9rature patristique comprend de nombreux\u00a0<a title=\"Genre litt\u00e9raire\" href=\"https:\/\/fr.wikipedia.org\/wiki\/Genre_litt%C3%A9raire\">genres litt\u00e9raires<\/a>\u00a0(<a title=\"Herm\u00e9neutique\" href=\"https:\/\/fr.wikipedia.org\/wiki\/Herm%C3%A9neutique\">commentaires<\/a>,\u00a0<a title=\"Hom\u00e9lie\" href=\"https:\/\/fr.wikipedia.org\/wiki\/Hom%C3%A9lie\">hom\u00e9lies<\/a>,\u00a0<a title=\"Scolie\" href=\"https:\/\/fr.wikipedia.org\/wiki\/Scolie\">scolies<\/a>,\u00a0<a title=\"Catena (patristique)\" href=\"https:\/\/fr.wikipedia.org\/wiki\/Catena_(patristique)\">catenae<\/a>, etc.) qui se fondent essentiellement sur la\u00a0<a title=\"Bible\" href=\"https:\/\/fr.wikipedia.org\/wiki\/Bible\">Bible<\/a>, l&rsquo;\u00ab\u00a0autorit\u00e9 supr\u00eame\u00a0\u00bb \u00e9tudi\u00e9e dans son sens litt\u00e9ral et historique mais surtout dans son sens spirituel, appel\u00e9 all\u00e9gorique<sup id=\"cite_ref-1\" class=\"reference\"><a href=\"https:\/\/fr.wikipedia.org\/wiki\/Patristique#cite_note-1\"><span class=\"cite-bracket\">[<\/span>1<span class=\"cite-bracket\">]<\/span><\/a><\/sup>. Elle s&rsquo;appuie \u00e9galement sur l&rsquo;analyse linguistique et va de pair avec l&rsquo;<a title=\"Histoire du christianisme\" href=\"https:\/\/fr.wikipedia.org\/wiki\/Histoire_du_christianisme\">histoire du christianisme<\/a>\u00a0et de ses\u00a0<a class=\"mw-redirect\" title=\"Dogme de la Trinit\u00e9\" href=\"https:\/\/fr.wikipedia.org\/wiki\/Dogme_de_la_Trinit%C3%A9\">dogmes<\/a>.<\/p>\n<div class=\"mw-heading mw-heading2\" style=\"text-align: justify;\">\n<h2 id=\"Litt\u00e9rature_patristique\"><span id=\"Litt.C3.A9rature_patristique\"><\/span>Litt\u00e9rature patristique<\/h2>\n<\/div>\n<p style=\"text-align: justify;\">La majorit\u00e9 des textes patristiques dans leurs langues d&rsquo;origine sont disponibles dans les deux collections majeures de l&rsquo;\u00e9diteur\u00a0<a title=\"Jacques-Paul Migne\" href=\"https:\/\/fr.wikipedia.org\/wiki\/Jacques-Paul_Migne\">Jacques-Paul Migne<\/a>,\u00a0<i><a title=\"Patrologia Latina\" href=\"https:\/\/fr.wikipedia.org\/wiki\/Patrologia_Latina\">Patrologia Latina<\/a><\/i>\u00a0et\u00a0<i><a title=\"Patrologia Graeca\" href=\"https:\/\/fr.wikipedia.org\/wiki\/Patrologia_Graeca\">Patrologia Graeca<\/a><\/i>.<\/p>\n<p style=\"text-align: justify;\">Dans cette litt\u00e9rature, l&rsquo;<a title=\"Herm\u00e9neutique\" href=\"https:\/\/fr.wikipedia.org\/wiki\/Herm%C3%A9neutique\">herm\u00e9neutique<\/a>\u00a0patristique se base sur le sens historique et la\u00a0<a title=\"Typologie biblique\" href=\"https:\/\/fr.wikipedia.org\/wiki\/Typologie_biblique\">typologie<\/a>, mais privil\u00e9gie surtout l&rsquo;<a title=\"All\u00e9gorie\" href=\"https:\/\/fr.wikipedia.org\/wiki\/All%C3%A9gorie\">all\u00e9gorie<\/a>\u00a0qui est con\u00e7ue comme n&rsquo;ayant \u00ab\u00a0nul besoin de se fonder sur des faits historiques\u00a0: il lui suffit de bien servir l&rsquo;objet qu&rsquo;elle cache et qu&rsquo;elle r\u00e9v\u00e8le tout \u00e0 la fois par le biais des repr\u00e9sentations\u00a0\u00bb<sup id=\"cite_ref-2\" class=\"reference\"><a href=\"https:\/\/fr.wikipedia.org\/wiki\/Patristique#cite_note-2\"><span class=\"cite-bracket\">[<\/span>2<span class=\"cite-bracket\">]<\/span><\/a><\/sup>.<\/p>\n<p style=\"text-align: justify;\">Les objectifs de l&rsquo;ex\u00e9g\u00e8se historico-critique actuelle, apparue dans un contexte pol\u00e9mique o\u00f9 il fallait r\u00e9pondre aux exigences de scientificit\u00e9 de son \u00e9poque et garantir une certaine objectivit\u00e9 des r\u00e9sultats, sont ainsi bien diff\u00e9rents de ceux de l\u2019ex\u00e9g\u00e8se patristique\u00a0: \u00ab\u00a0la premi\u00e8re vise \u00e0 rendre compte du sens litt\u00e9ral du texte, elle prend donc de la distance historique par rapport \u00e0 lui, elle sait qu&rsquo;elle n\u2019est pas contemporaine du texte biblique\u00a0; la seconde est une herm\u00e9neutique de croyants qui abolit la distance historique\u00a0: le Christ qui parle dans l\u2019\u00c9criture est mon contemporain\u00a0\u00bb<sup id=\"cite_ref-3\" class=\"reference\"><a href=\"https:\/\/fr.wikipedia.org\/wiki\/Patristique#cite_note-3\"><span class=\"cite-bracket\">[<\/span>3<span class=\"cite-bracket\">]<\/span><\/a><\/sup>.<\/p>\n<div class=\"mw-heading mw-heading2\" style=\"text-align: justify;\">\n<h2 id=\"Notes_et_r\u00e9f\u00e9rences\"><span id=\"Notes_et_r.C3.A9f.C3.A9rences\"><\/span>Notes et r\u00e9f\u00e9rences<\/h2>\n<\/div>\n<div class=\"references-small decimal\" style=\"text-align: justify;\">\n<div class=\"mw-references-wrap\">\n<ol class=\"references\">\n<li id=\"cite_note-1\"><span class=\"reference-text\"><span id=\"Maraval1997\" class=\"ouvrage\"><span id=\"Pierre_Maraval1997\" class=\"ouvrage\"><a class=\"mw-redirect\" title=\"Pierre Maraval (historien)\" href=\"https:\/\/fr.wikipedia.org\/wiki\/Pierre_Maraval_(historien)\">Pierre Maraval<\/a>,\u00a0<cite class=\"italique\">Les P\u00e8res de l\u2019\u00c9glise au XXe si\u00e8cle<\/cite>,\u00a0<a title=\"\u00c9ditions du Cerf\" href=\"https:\/\/fr.wikipedia.org\/wiki\/%C3%89ditions_du_Cerf\">\u00c9ditions du Cerf<\/a>,\u00a0<time>1997<\/time>,\u00a0<abbr class=\"abbr\" title=\"page\">p.<\/abbr>\u00a0446<\/span><\/span>.<\/span><\/li>\n<li id=\"cite_note-2\"><span class=\"reference-text\"><span id=\"Pelland1988\" class=\"ouvrage\"><span id=\"Gilles_Pelland1988\" class=\"ouvrage\">Gilles Pelland, \u00ab\u00a0<cite>Que faut-il attendre de l\u2019histoire de l\u2019ex\u00e9g\u00e8se ancienne\u00a0?<\/cite>\u00a0\u00bb,\u00a0<i><a title=\"Gregorianum\" href=\"https:\/\/fr.wikipedia.org\/wiki\/Gregorianum\">Gregorianum<\/a><\/i>,\u00a0<abbr class=\"abbr\" title=\"num\u00e9ro\">n<sup>o<\/sup><\/abbr>\u00a069,\u200e\u00a0<time>1988<\/time>,\u00a0<abbr class=\"abbr\" title=\"page\">p.<\/abbr>\u00a0618<\/span><\/span>.<\/span><\/li>\n<li id=\"cite_note-3\"><span class=\"reference-text\"><span id=\"Maraval1997\" class=\"ouvrage\"><span id=\"Pierre_Maraval1997\" class=\"ouvrage\"><a class=\"mw-redirect\" title=\"Pierre Maraval (historien)\" href=\"https:\/\/fr.wikipedia.org\/wiki\/Pierre_Maraval_(historien)\">Pierre Maraval<\/a>,\u00a0<cite class=\"italique\">Les P\u00e8res de l&rsquo;\u00c9glise au\u00a0<abbr class=\"abbr\" title=\"20\u1d49 si\u00e8cle\"><span class=\"romain\">XX<\/span><sup>e<\/sup><\/abbr>\u00a0si\u00e8cle<\/cite>,\u00a0<a title=\"\u00c9ditions du Cerf\" href=\"https:\/\/fr.wikipedia.org\/wiki\/%C3%89ditions_du_Cerf\">\u00c9ditions du Cerf<\/a>,\u00a0<time>1997<\/time>,\u00a0<abbr class=\"abbr\" title=\"page\">p.<\/abbr>\u00a0455<\/span><\/span>.<\/span><\/li>\n<\/ol>\n<\/div>\n<\/div>\n<div class=\"mw-heading mw-heading2\" style=\"text-align: justify;\">\n<h2 id=\"Voir_aussi\">Voir aussi<\/h2>\n<\/div>\n<div class=\"mw-heading mw-heading3\" style=\"text-align: justify;\">\n<h3 id=\"Articles_connexes\">Articles connexes<\/h3>\n<\/div>\n<ul style=\"text-align: justify;\">\n<li><a title=\"P\u00e8res de l'\u00c9glise\" href=\"https:\/\/fr.wikipedia.org\/wiki\/P%C3%A8res_de_l%27%C3%89glise\">P\u00e8res de l&rsquo;\u00c9glise<\/a><\/li>\n<li><a title=\"Docteur de l'\u00c9glise\" href=\"https:\/\/fr.wikipedia.org\/wiki\/Docteur_de_l%27%C3%89glise\">Docteur de l&rsquo;\u00c9glise<\/a><\/li>\n<li><a title=\"P\u00e8res apostoliques\" href=\"https:\/\/fr.wikipedia.org\/wiki\/P%C3%A8res_apostoliques\">P\u00e8res apostoliques<\/a><\/li>\n<\/ul>\n<div class=\"mw-heading mw-heading3\" style=\"text-align: justify;\">\n<h3 id=\"Bibliographie\">Bibliographie<\/h3>\n<\/div>\n<ul>\n<li style=\"text-align: justify;\"><span id=\"Drobner1999\" class=\"ouvrage\"><span id=\"Hubertus_R._Drobner1999\" class=\"ouvrage\">Hubertus R.\u00a0<span class=\"nom_auteur\">Drobner<\/span>\u00a0(<abbr class=\"abbr\" title=\"traduction\">trad.<\/abbr>\u00a0Joseph Feisthauer),\u00a0<cite class=\"italique\">Les P\u00e8res de l&rsquo;\u00c9glise\u00a0: Sept si\u00e8cles de litt\u00e9rature chr\u00e9tienne<\/cite>, Descl\u00e9e,\u00a0<abbr class=\"abbr\" title=\"collection\">coll.<\/abbr>\u00a0\u00ab\u00a0Histoire du christianisme\u00a0\u00bb,\u00a0<time>1999<\/time>, 637\u00a0<abbr class=\"abbr\" title=\"pages\">p.<\/abbr>\u00a0<small>(<a title=\"International Standard Book Number\" href=\"https:\/\/fr.wikipedia.org\/wiki\/International_Standard_Book_Number\">ISBN<\/a>\u00a0<a title=\"Sp\u00e9cial:Ouvrages de r\u00e9f\u00e9rence\/978-2-7189-0693-5\" href=\"https:\/\/fr.wikipedia.org\/wiki\/Sp%C3%A9cial:Ouvrages_de_r%C3%A9f%C3%A9rence\/978-2-7189-0693-5\"><span class=\"nowrap\">978-2-7189-0693-5<\/span><\/a>)<\/small><\/span><\/span><\/li>\n<li style=\"text-align: justify;\"><span id=\"cg\" class=\"ouvrage\">Ciro Giannelli, \u00ab\u00a0<cite>T\u00e9moignages patristiques grecs en faveur d&rsquo;une apparition du Christ ressuscit\u00e9 \u00e0 la Vierge Marie<\/cite>\u00a0\u00bb,\u00a0<i>Revue des \u00e9tudes byzantines<\/i>,\u00a0<abbr class=\"abbr\" title=\"tome\">t.<\/abbr>\u00a011,\u200e\u00a0<time>1953<\/time>,\u00a0<abbr class=\"abbr\" title=\"pages\">p.<\/abbr>\u00a0<span class=\"nowrap\">106-119<\/span>\u00a0<small>(<a class=\"external text\" href=\"https:\/\/www.persee.fr\/doc\/rebyz_0766-5598_1953_num_11_1_1076\" rel=\"nofollow\">lire en ligne<\/a><small class=\"cachelinks\">\u00a0[<a title=\"archive sur Wikiwix\" href=\"https:\/\/archive.wikiwix.com\/cache\/?url=https%3A%2F%2Fwww.persee.fr%2Fdoc%2Frebyz_0766-5598_1953_num_11_1_1076\">archive<\/a>]<\/small>)<\/small><\/span><\/li>\n<\/ul>\n","protected":false},"excerpt":{"rendered":"<p>Image mise en avant : La Conversion de\u00a0saint Augustin\u00a0(\u00ab\u00a0Tolle, lege\u00a0\u00bb), par\u00a0Benozzo Gozzoli,\u00a0\u00e9glise Sant&rsquo;Agostino de San Gimignano. &nbsp; La Patristique \u00a0 La Conversion de\u00a0saint Augustin\u00a0(\u00ab\u00a0Tolle, lege\u00a0\u00bb), par\u00a0Benozzo Gozzoli,\u00a0\u00e9glise Sant&rsquo;Agostino de San Gimignano. La\u00a0patristique\u00a0est la discipline qui traite de la vie, de l&rsquo;\u0153uvre et de la doctrine des\u00a0P\u00e8res de l&rsquo;\u00c9glise\u00a0dans le\u00a0christianisme primitif. Elle s&rsquo;int\u00e9resse \u00e0 l&rsquo;ensemble de [&hellip;]<\/p>\n","protected":false},"author":1,"featured_media":22980,"parent":0,"menu_order":0,"comment_status":"closed","ping_status":"closed","template":"","meta":{"footnotes":""},"class_list":["post-22963","page","type-page","status-publish","has-post-thumbnail","hentry"],"_links":{"self":[{"href":"https:\/\/oraziopuglisi.art\/index.php\/wp-json\/wp\/v2\/pages\/22963","targetHints":{"allow":["GET"]}}],"collection":[{"href":"https:\/\/oraziopuglisi.art\/index.php\/wp-json\/wp\/v2\/pages"}],"about":[{"href":"https:\/\/oraziopuglisi.art\/index.php\/wp-json\/wp\/v2\/types\/page"}],"author":[{"embeddable":true,"href":"https:\/\/oraziopuglisi.art\/index.php\/wp-json\/wp\/v2\/users\/1"}],"replies":[{"embeddable":true,"href":"https:\/\/oraziopuglisi.art\/index.php\/wp-json\/wp\/v2\/comments?post=22963"}],"version-history":[{"count":9,"href":"https:\/\/oraziopuglisi.art\/index.php\/wp-json\/wp\/v2\/pages\/22963\/revisions"}],"predecessor-version":[{"id":22981,"href":"https:\/\/oraziopuglisi.art\/index.php\/wp-json\/wp\/v2\/pages\/22963\/revisions\/22981"}],"wp:featuredmedia":[{"embeddable":true,"href":"https:\/\/oraziopuglisi.art\/index.php\/wp-json\/wp\/v2\/media\/22980"}],"wp:attachment":[{"href":"https:\/\/oraziopuglisi.art\/index.php\/wp-json\/wp\/v2\/media?parent=22963"}],"curies":[{"name":"wp","href":"https:\/\/api.w.org\/{rel}","templated":true}]}}