{"id":22555,"date":"2026-03-07T04:30:51","date_gmt":"2026-03-07T03:30:51","guid":{"rendered":"https:\/\/oraziopuglisi.art\/?page_id=22555"},"modified":"2026-03-07T04:45:20","modified_gmt":"2026-03-07T03:45:20","slug":"conference-hildegarde-de-bingen","status":"publish","type":"page","link":"https:\/\/oraziopuglisi.art\/index.php\/conference-hildegarde-de-bingen\/","title":{"rendered":"Auriol Le Moulin 28 Mars 2026"},"content":{"rendered":"<p style=\"text-align: center;\">Conf\u00e9rence<\/p>\n<p style=\"text-align: center;\"><strong>Hildegarde de Bingen<\/strong><\/p>\n<p style=\"text-align: center;\">Moniale allemande du 12\u00e8 si\u00e8cle<\/p>\n<p>&nbsp;<\/p>\n<p><img loading=\"lazy\" decoding=\"async\" class=\" wp-image-22560 aligncenter\" src=\"http:\/\/oraziopuglisi.art\/wp-content\/uploads\/2026\/03\/Hildegarde-de-Bingen-201x300.png\" alt=\"\" width=\"367\" height=\"548\" srcset=\"https:\/\/oraziopuglisi.art\/wp-content\/uploads\/2026\/03\/Hildegarde-de-Bingen-201x300.png 201w, https:\/\/oraziopuglisi.art\/wp-content\/uploads\/2026\/03\/Hildegarde-de-Bingen.png 491w\" sizes=\"auto, (max-width: 367px) 100vw, 367px\" \/><\/p>\n<p>&nbsp;<\/p>\n<p>&nbsp;<\/p>\n<p style=\"text-align: center;\">28 mars 2026<\/p>\n<p style=\"text-align: center;\">17h<\/p>\n<p style=\"text-align: center;\">Ecla\/ Auriol<\/p>\n<p style=\"text-align: center;\">D560<\/p>\n<p style=\"text-align: center;\">Moulin Saint Claude<\/p>\n<p style=\"text-align: center;\">Salle P8 \/ 2\u00e8 Etage \/ 13390 Auriol<\/p>\n<p style=\"text-align: center;\">Inscriptions<\/p>\n<p style=\"text-align: center;\">04 42 72 82 74<\/p>\n<p style=\"text-align: center;\">\u00a0Adh\u00e9rents 15 euros \/ Non Adh\u00e9rent 20 euros<\/p>\n","protected":false},"excerpt":{"rendered":"<p>Conf\u00e9rence Hildegarde de Bingen Moniale allemande du 12\u00e8 si\u00e8cle &nbsp; &nbsp; &nbsp; 28 mars 2026 17h Ecla\/ Auriol D560 Moulin Saint Claude Salle P8 \/ 2\u00e8 Etage \/ 13390 Auriol Inscriptions 04 42 72 82 74 \u00a0Adh\u00e9rents 15 euros \/ Non Adh\u00e9rent 20 euros<\/p>\n","protected":false},"author":1,"featured_media":22560,"parent":0,"menu_order":0,"comment_status":"closed","ping_status":"closed","template":"","meta":{"footnotes":""},"class_list":["post-22555","page","type-page","status-publish","has-post-thumbnail","hentry"],"_links":{"self":[{"href":"https:\/\/oraziopuglisi.art\/index.php\/wp-json\/wp\/v2\/pages\/22555","targetHints":{"allow":["GET"]}}],"collection":[{"href":"https:\/\/oraziopuglisi.art\/index.php\/wp-json\/wp\/v2\/pages"}],"about":[{"href":"https:\/\/oraziopuglisi.art\/index.php\/wp-json\/wp\/v2\/types\/page"}],"author":[{"embeddable":true,"href":"https:\/\/oraziopuglisi.art\/index.php\/wp-json\/wp\/v2\/users\/1"}],"replies":[{"embeddable":true,"href":"https:\/\/oraziopuglisi.art\/index.php\/wp-json\/wp\/v2\/comments?post=22555"}],"version-history":[{"count":3,"href":"https:\/\/oraziopuglisi.art\/index.php\/wp-json\/wp\/v2\/pages\/22555\/revisions"}],"predecessor-version":[{"id":22562,"href":"https:\/\/oraziopuglisi.art\/index.php\/wp-json\/wp\/v2\/pages\/22555\/revisions\/22562"}],"wp:featuredmedia":[{"embeddable":true,"href":"https:\/\/oraziopuglisi.art\/index.php\/wp-json\/wp\/v2\/media\/22560"}],"wp:attachment":[{"href":"https:\/\/oraziopuglisi.art\/index.php\/wp-json\/wp\/v2\/media?parent=22555"}],"curies":[{"name":"wp","href":"https:\/\/api.w.org\/{rel}","templated":true}]}}