{"id":22178,"date":"2026-02-13T12:27:50","date_gmt":"2026-02-13T11:27:50","guid":{"rendered":"https:\/\/oraziopuglisi.art\/?page_id=22178"},"modified":"2026-02-13T13:59:35","modified_gmt":"2026-02-13T12:59:35","slug":"chronologie-1-des-rois-de-france","status":"publish","type":"page","link":"https:\/\/oraziopuglisi.art\/index.php\/chronologie-1-des-rois-de-france\/","title":{"rendered":"Chronologie 1 des Rois de France"},"content":{"rendered":"<p><span style=\"font-size: 10px;\">Image mise en avant : <a href=\"https:\/\/fr.wikipedia.org\/wiki\/Henri_IV_(roi_de_France)\">Henri IV <\/a><\/span><\/p>\n<p><span style=\"font-size: 10px;\">Henri\u00a0<abbr class=\"abbr\" title=\"4\"><span class=\"romain\">IV<\/span><\/abbr>\u00a0portant en \u00e9charpe la banni\u00e8re blanche et la croix de l&rsquo;<a title=\"Ordre du Saint-Esprit\" href=\"https:\/\/fr.wikipedia.org\/wiki\/Ordre_du_Saint-Esprit\">ordre du Saint-Esprit<\/a>. <\/span><span style=\"font-size: 10px;\">Portrait en buste par\u00a0<a title=\"Frans Pourbus le Jeune\" href=\"https:\/\/fr.wikipedia.org\/wiki\/Frans_Pourbus_le_Jeune\">Frans Pourbus le Jeune<\/a>, huile sur toile, Versailles, ch\u00e2teaux de Versailles et Trianon,\u00a0<abbr class=\"abbr\" title=\"17\u1d49 si\u00e8cle\"><span class=\"romain\">XVII<\/span><sup>e<\/sup><\/abbr>\u00a0si\u00e8cle.<\/span><\/p>\n<p style=\"text-align: center;\"><strong>Chronologie des Rois de France<\/strong><\/p>\n<p><strong><u>Les M\u00e9rovingiens (481-751)<\/u><\/strong><\/p>\n<p style=\"text-align: justify;\">La dynastie des\u00a0<a href=\"https:\/\/www.lumni.fr\/article\/de-la-gaule-merovingienne-a-l-empire-carolingien\">M\u00e9rovingiens<\/a>\u00a0\u2014 les Francs, leur roi Clovis et ses fils \u2014 conquiert\u00a0presque toute l&rsquo;ancienne province romaine de Gaule, correspondant \u00e0 une grande partie du territoire de la France actuelle, entre 481 et 535.<\/p>\n<ul>\n<li><strong>481 &#8211; 511\u00a0<\/strong>:<strong>\u00a0<\/strong>Clovis<\/li>\n<li><strong>511 &#8211; 558\u00a0<\/strong>:<em>\u00a0<\/em>partages, conflits et guerres de succession<\/li>\n<li><strong>558 &#8211; 561<\/strong>\u00a0:\u00a0Clotaire I<sup>er<\/sup><\/li>\n<li><strong>561 \u2013 613\u00a0<\/strong>: partages, conflits et guerres de succession<\/li>\n<li><strong>613 \u2013 629\u00a0<\/strong>:\u00a0Clotaire II<\/li>\n<li><strong>629 \u2013 639<\/strong>\u00a0:\u00a0Dagobert 1<sup>er<\/sup><\/li>\n<li style=\"text-align: justify;\"><strong>639 \u2013 751<\/strong>\u00a0: treize rois m\u00e9rovingiens, surnomm\u00e9s les \u00ab\u00a0rois fain\u00e9ants\u00a0\u00bb,\u00a0se succ\u00e8dent de mani\u00e8re confuse, sur des territoires aux\u00a0fronti\u00e8res fluctuantes.<\/li>\n<\/ul>\n<p style=\"text-align: justify;\">En 751, la dynastie m\u00e9rovingienne a v\u00e9cu\u00a0: faiblesse du pouvoir royal, pouvoir de l\u2019aristocratie franque et des maires du palais, sorte de premiers ministres. Ainsi pour le dernier \u00ab\u00a0M\u00e9rovingien\u00a0\u00bb Child\u00e9ric III, appel\u00e9 apr\u00e8s une vacance du tr\u00f4ne pendant 7\u00a0ans, sa filiation m\u00e9rovingienne n\u2019est pas attest\u00e9e. Le royaume des Francs est tenu par les maires de Paris o\u00f9 vont r\u00e9gner\u00a0\u00ab\u00a0les P\u00e9pinides\u00a0\u00bb, ascendants de P\u00e9pin le Bref.<\/p>\n<p>&nbsp;<\/p>\n<p><strong><u>Les Carolingiens (751-987)<\/u><\/strong><\/p>\n<p style=\"text-align: justify;\">Le pouvoir passe \u00e0 la dynastie\u00a0<a href=\"https:\/\/www.lumni.fr\/article\/le-pouvoir-de-la-dynastie-carolingienne\">carolingienne<\/a>, du nom de\u00a0<strong>Charlemagne<\/strong>, roi le plus embl\u00e9matique de cette dynastie. Le maire du palais, Charles Martel, avec l\u2019appui du Pape, organise cette \u00ab\u00a0passation\u00a0\u00bb de pouvoir.<\/p>\n<ul>\n<li><strong>751 \u2013 768\u00a0<\/strong>:<strong>\u00a0<\/strong>P\u00e9pin le Bref<\/li>\n<li><strong>768 \u2013 814\u00a0<\/strong>:<strong>\u00a0<\/strong>Charlemagne (conjointement avec son fr\u00e8re Carloman jusqu\u2019\u00e0 sa mort en 771)<\/li>\n<li><strong>816 \u2013 840\u00a0<\/strong>:\u00a0Louis I<sup>er<\/sup>\u00a0le Pieux (r\u00e9gent \u00e0 partir de 814)<\/li>\n<li><strong>840 \u2013 843<\/strong>\u00a0:<strong>\u00a0<\/strong>conflit entre les 3 fils de Louis I<sup>er<\/sup>, dont Charles le Chauve<\/li>\n<li><strong>843 \u2013 877\u00a0<\/strong>:<strong>\u00a0<\/strong>Charles le Chauve<\/li>\n<li><strong>877 \u2013 879\u00a0<\/strong>:\u00a0Louis II le B\u00e8gue<\/li>\n<li><strong>879 \u2013 884\u00a0<\/strong>:\u00a0Carloman II (conjointement avec son fr\u00e8re Louis III jusqu\u2019\u00e0 sa mort en 882)<\/li>\n<li><strong>884 \u2013 888\u00a0<\/strong>:\u00a0Charles III le Gros<\/li>\n<li><strong>888 \u2013 936<\/strong>\u00a0: r\u00e8gnes alternatifs, rois carolingiens dits \u00ab\u00a0fain\u00e9ants\u00a0\u00bb et rois Robertiens, ascendants d\u2019Hugues Capet<\/li>\n<li><strong>888 \u2013 898\u00a0<\/strong>:\u00a0Eudes (Robertien)<\/li>\n<li><strong>898 \u2013 922<\/strong>\u00a0:\u00a0Charles III le Simple<\/li>\n<li><strong>922 \u2013 923<\/strong>\u00a0:\u00a0Robert 1<sup>er<\/sup>\u00a0(Robertien)<\/li>\n<li><strong>923 \u2013 936\u00a0<\/strong>:\u00a0Raoul (Robertien)<\/li>\n<li><strong>936 \u2013 954<\/strong>\u00a0:\u00a0Louis IV d&rsquo;Outremer<\/li>\n<li><strong>954 \u2013 986\u00a0<\/strong>:\u00a0Lothaire<\/li>\n<li><strong>986 \u2013 987\u00a0<\/strong>:\u00a0Louis V<\/li>\n<\/ul>\n<p>&nbsp;<\/p>\n<p><strong><u>Les Cap\u00e9tiens (987-1328)<\/u><\/strong><\/p>\n<p style=\"text-align: justify;\">Le second mill\u00e9naire s\u2019ouvre avec la dynastie des\u00a0<a href=\"https:\/\/www.lumni.fr\/article\/capetiens-directs-et-maison-de-valois\">Cap\u00e9tiens<\/a>.\u00a0<strong>Hugues Capet<\/strong>, duc des Francs, re\u00e7oit l\u2019appui du haut clerg\u00e9 fran\u00e7ais, pour reprendre la couronne de France en 987 et contrecarrer le pr\u00e9tendant carolingien, Charles de Basse-Lotharingie, soup\u00e7onn\u00e9 de vouloir c\u00e9der aux ambitions du Saint Empire germanique. Fait exceptionnel dans l\u2019histoire des successions dynastiques, Hugues Capet est \u00ab\u00a0\u00e9lu\u00a0\u00bb par l\u2019assembl\u00e9e des grands du royaume franc.\u00a0<strong>Le nom de \u00ab France \u00bb est employ\u00e9 de fa\u00e7on officielle<\/strong>\u00a0aux environs de 1190, quand la chancellerie du roi\u00a0<strong>Philippe Auguste<\/strong>\u00a0commence \u00e0 employer le terme de\u00a0<em>rex Franci\u00e6<\/em>\u00a0(roi de France) \u00e0 la place de\u00a0<em>rex Francorum<\/em>\u00a0(roi des Francs) pour d\u00e9signer le souverain. A partir de 1205, le territoire est d\u00e9sign\u00e9 dans les chartes sous le nom de\u00a0<em>regnum Franci\u00e6<\/em>\u00a0(royaume de France). La dynastie cap\u00e9tienne, puis celle des Valois (branche collat\u00e9rale des Cap\u00e9tiens directs), construit\u00a0le\u00a0<a href=\"https:\/\/www.lumni.fr\/article\/les-capetiens-et-le-pouvoir-d-etat\">royaume de France<\/a>.<\/p>\n<p style=\"text-align: justify;\">Les dates de d\u00e9but de r\u00e8gne retenues sont celles o\u00f9 le roi exerce seul le pouvoir, \u00e0 la mort de leur p\u00e8re qui associait son\/ses fils au r\u00e8gne de son vivant.<\/p>\n<ul>\n<li><strong>987 \u2013 996\u00a0<\/strong>:\u00a0Hugues I<sup>er<\/sup>\u00a0Capet<\/li>\n<li><strong>996 \u2013 1031\u00a0<\/strong>:\u00a0Robert II le Pieux<\/li>\n<li><strong>1031 \u2013 1060<\/strong>\u00a0:<strong>\u00a0<\/strong>Henri I<sup>er<\/sup><\/li>\n<li><strong>1060 \u2013 1108<\/strong>\u00a0:\u00a0Philippe Ier<\/li>\n<li><strong>1108 \u2013 1137<\/strong>\u00a0:<strong>\u00a0<\/strong>Louis VI le Gros<\/li>\n<li><strong>1137 \u2013 1180<\/strong>\u00a0:\u00a0Louis VII le Jeune<\/li>\n<li><strong>1180 \u2013 1223<\/strong>\u00a0:\u00a0Philippe II Auguste<\/li>\n<li><strong>1223 \u2013 1226<\/strong>\u00a0:\u00a0Louis VIII le Lion<\/li>\n<li><strong>1226 \u2013 1270<\/strong>\u00a0:\u00a0Louis IX (Saint Louis)<\/li>\n<li><strong>1270 \u2013 1285<\/strong>\u00a0:<strong>\u00a0<\/strong>Philippe III le Hardi<\/li>\n<li><strong>1285 \u2013 1314\u00a0<\/strong>:<strong>\u00a0<\/strong>Philippe IV le Bel<\/li>\n<li><strong>1314 \u2013 1316<\/strong>\u00a0:<strong>\u00a0<\/strong>Louis X le Hutin<\/li>\n<li><strong>1316 :<\/strong>\u00a0Jean 1<sup>er<\/sup>\u00a0le Posthume<\/li>\n<li><strong>1316 \u2013 1322\u00a0<\/strong>:\u00a0Philippe V le Long<\/li>\n<li><strong>1322 \u2013 1328<\/strong>\u00a0:\u00a0Charles IV le Bel<\/li>\n<\/ul>\n<p><u>\u00a0<\/u><\/p>\n<p><strong><u>Les Valois (1328-1589)<\/u><\/strong><\/p>\n<p style=\"text-align: justify;\">Lorsque le roi\u00a0<strong>Charles IV<\/strong>\u00a0meurt en 1328, il n\u2019a pas d\u2019h\u00e9ritier direct. De m\u00eame ses fr\u00e8res n\u2019ont pas d\u2019h\u00e9ritier m\u00e2le. Dans le choix offert par la descendance de Philippe le Bel, leur p\u00e8re, l\u2019assembl\u00e9e des grands du royaume opte pour Philippe de\u00a0<a href=\"https:\/\/www.lumni.fr\/article\/les-valois-crises-et-mutations\">Valois<\/a>, neveu de Philippe le Bel, plut\u00f4t que pour Edouard III, petit-fils de Philippe le Bel\u2026 et roi d\u2019Angleterre.\u00a0C\u2019est ce fil conducteur, celui des dynasties qui se sont succ\u00e9d\u00e9 au Moyen \u00c2ge, suivies de celle des Bourbons et de la puissance monarchique jusqu\u2019\u00e0 la R\u00e9volution de 1789, qui permet de retracer l\u2019histoire de France \u00e0 travers les turbulences des diff\u00e9rentes \u00e9poques.<\/p>\n<ul>\n<li><strong>1328 \u2013 1350<\/strong>\u00a0:\u00a0Philippe VI de Valois<\/li>\n<li><strong>1350 \u2013 1364\u00a0<\/strong>:\u00a0Jean II le Bon<\/li>\n<li><strong>1364 \u2013 1380<\/strong>\u00a0:\u00a0Charles V le Sage<\/li>\n<li><strong>1380 \u2013 1422\u00a0<\/strong>:\u00a0Charles VI le Bien-Aim\u00e9<\/li>\n<li><strong>1422 \u2013 1461\u00a0<\/strong>:\u00a0Charles VII le Bien Servi<\/li>\n<li><strong>1461 \u2013 1483<\/strong>\u00a0:<strong>\u00a0<\/strong>Louis XI le Prudent<\/li>\n<li><strong>1483 \u2013 1498\u00a0<\/strong>:\u00a0Charles VIII l&rsquo;Affable<\/li>\n<li><strong>1498-1515 :<\/strong>\u00a0Louis XII, le p\u00e8re du Peuple<\/li>\n<li><strong>1515-1547\u00a0<\/strong>: Fran\u00e7ois I<sup>er<\/sup>, p\u00e8re et restaurateur des Lettres<\/li>\n<li><strong>1547-1559 :<\/strong>\u00a0Henri II<\/li>\n<li><strong>1559-1560 :<\/strong>\u00a0Fran\u00e7ois II<\/li>\n<li><strong>1560-1574 :<\/strong>\u00a0Charles IX<\/li>\n<li><strong>1574-1589 :<\/strong>\u00a0Henri III<\/li>\n<\/ul>\n<p><strong><u>\u00a0<\/u><u>Les Bourbons (1589-1792, 1814-1848)<\/u><\/strong><\/p>\n<ul>\n<li><strong>1589-1610 :<\/strong>\u00a0Henri IV le Grand (le Vert Galand)<\/li>\n<li><strong>1610-1643 :<\/strong>\u00a0Louis XIII le Juste<\/li>\n<li><strong>1643-1715 :<\/strong>\u00a0Louis XIV le Grand (le Roi-Soleil)<\/li>\n<li><strong>1715-1774\u00a0<\/strong>: Louis XV le Bien-Aim\u00e9<\/li>\n<li><strong>1774-1792 :<\/strong>\u00a0Louis XVI<\/li>\n<li><strong>1793-1795 :<\/strong>\u00a0Louis XVII<\/li>\n<li><strong>1814-1824 :<\/strong>\u00a0Louis XVIII<\/li>\n<li><strong>1824-1830\u00a0<\/strong>: Charles X<\/li>\n<li><strong>1830-1848 :<\/strong>\u00a0Louis-Philippe 1<sup>er<\/sup><\/li>\n<\/ul>\n<p>&nbsp;<\/p>\n<p style=\"text-align: justify;\"><strong>Bibliographique<\/strong><\/p>\n<ul style=\"text-align: justify;\">\n<li style=\"text-align: justify;\"><em>Rois de France<\/em>. Renaud Thomazo. Editions Larousse, collection Les documents de l\u2019histoire, 2010.<\/li>\n<li><em>G\u00e9n\u00e9alogie des rois de France et \u00e9pouses royales<\/em>. Claude Wenzler. Editions Ouest-France, 2010.<\/li>\n<li><em>La Symbolique royale fran\u00e7aise, V<sup>e<\/sup>\u00a0&#8211; XVIII<sup>e<\/sup>\u00a0si\u00e8cle<\/em>. Herv\u00e9 Pinoteau. P.S.R. \u00e9ditions, 2004.<\/li>\n<li><em>Chronologie des rois de France: De Clovis \u00e0 Louis-Philippe<\/em>. Pierre Vallaud. Editions Archipoche, collection essai, t\u00e9moignage, 2011.<\/li>\n<li><em>L&rsquo;Histoire des rois francs<\/em>. Gr\u00e9goire de Tours, pr\u00e9face d\u2019Erich Auerbach, traduction du latin de J-J-E Roy. Editions Gallimard, collection Folio Histoire, 2011.<\/li>\n<li><em>Les Cap\u00e9tiens : 987-1328<\/em>. Fran\u00e7ois Menant, Herv\u00e9 Martin, Bernard Merdrignac et Monique Chauvin. Editions Librairie Acad\u00e9mique Perrin, collection Tempus, 2008.<\/li>\n<li><em>Les Valois : De Philippe VI \u00e0 Louis XII (1328-1515)<\/em>. Georges Bordonove. Editions Pygmalion, collection\u00a0Les rois qui ont fait la France, 2010.<\/li>\n<li><em>Le Temps des principaut\u00e9s<\/em>. Jean Favier. \u00c9ditions Fayard, collection R\u00e9f\u00e9rences, 1992.<\/li>\n<li><em>Les Dynasties perdues<\/em>. Philippe Delorme. Editions L&rsquo;Express, collection\u00a0Point de vue, 2011.<\/li>\n<\/ul>\n<p style=\"text-align: justify;\">\u00a0<\/p>\n","protected":false},"excerpt":{"rendered":"<p>Image mise en avant : Henri IV Henri\u00a0IV\u00a0portant en \u00e9charpe la banni\u00e8re blanche et la croix de l&rsquo;ordre du Saint-Esprit. Portrait en buste par\u00a0Frans Pourbus le Jeune, huile sur toile, Versailles, ch\u00e2teaux de Versailles et Trianon,\u00a0XVIIe\u00a0si\u00e8cle. Chronologie des Rois de France Les M\u00e9rovingiens (481-751) La dynastie des\u00a0M\u00e9rovingiens\u00a0\u2014 les Francs, leur roi Clovis et ses fils [&hellip;]<\/p>\n","protected":false},"author":1,"featured_media":22211,"parent":0,"menu_order":0,"comment_status":"closed","ping_status":"closed","template":"","meta":{"footnotes":""},"class_list":["post-22178","page","type-page","status-publish","has-post-thumbnail","hentry"],"_links":{"self":[{"href":"https:\/\/oraziopuglisi.art\/index.php\/wp-json\/wp\/v2\/pages\/22178","targetHints":{"allow":["GET"]}}],"collection":[{"href":"https:\/\/oraziopuglisi.art\/index.php\/wp-json\/wp\/v2\/pages"}],"about":[{"href":"https:\/\/oraziopuglisi.art\/index.php\/wp-json\/wp\/v2\/types\/page"}],"author":[{"embeddable":true,"href":"https:\/\/oraziopuglisi.art\/index.php\/wp-json\/wp\/v2\/users\/1"}],"replies":[{"embeddable":true,"href":"https:\/\/oraziopuglisi.art\/index.php\/wp-json\/wp\/v2\/comments?post=22178"}],"version-history":[{"count":9,"href":"https:\/\/oraziopuglisi.art\/index.php\/wp-json\/wp\/v2\/pages\/22178\/revisions"}],"predecessor-version":[{"id":22210,"href":"https:\/\/oraziopuglisi.art\/index.php\/wp-json\/wp\/v2\/pages\/22178\/revisions\/22210"}],"wp:featuredmedia":[{"embeddable":true,"href":"https:\/\/oraziopuglisi.art\/index.php\/wp-json\/wp\/v2\/media\/22211"}],"wp:attachment":[{"href":"https:\/\/oraziopuglisi.art\/index.php\/wp-json\/wp\/v2\/media?parent=22178"}],"curies":[{"name":"wp","href":"https:\/\/api.w.org\/{rel}","templated":true}]}}