{"id":22102,"date":"2026-02-01T22:58:04","date_gmt":"2026-02-01T21:58:04","guid":{"rendered":"https:\/\/oraziopuglisi.art\/?page_id=22102"},"modified":"2026-02-01T23:09:50","modified_gmt":"2026-02-01T22:09:50","slug":"empire-achemenide-de-680-a-330","status":"publish","type":"page","link":"https:\/\/oraziopuglisi.art\/index.php\/empire-achemenide-de-680-a-330\/","title":{"rendered":"Empire ach\u00e9m\u00e9nide (de -680 \u00e0 -330)"},"content":{"rendered":"<p style=\"text-align: justify;\">L&#8217;empire\u00a0<a title=\"Ach\u00e9m\u00e9nides\" href=\"https:\/\/fr.wikipedia.org\/wiki\/Ach%C3%A9m%C3%A9nides\">ach\u00e9m\u00e9nide<\/a>\u00a0(<a title=\"Vieux perse\" href=\"https:\/\/fr.wikipedia.org\/wiki\/Vieux_perse\">vieux perse<\/a>: Hakhamanishiya) est le premier grand empire perse. La l\u00e9gende dit que la dynastie fut fond\u00e9e par\u00a0<a title=\"Ach\u00e9m\u00e9n\u00e8s\" href=\"https:\/\/fr.wikipedia.org\/wiki\/Ach%C3%A9m%C3%A9n%C3%A8s\">Ach\u00e9m\u00e9n\u00e8s<\/a>, auquel succ\u00e9da son fils Teisp\u00e8s qui prend le titre de Roi d&rsquo;Anshan apr\u00e8s avoir pris la ville aux\u00a0<a title=\"\u00c9lam\" href=\"https:\/\/fr.wikipedia.org\/wiki\/%C3%89lam\">\u00e9lamites<\/a>. Ses deux fils,\u00a0<a title=\"Cyrus le Grand\" href=\"https:\/\/fr.wikipedia.org\/wiki\/Cyrus_le_Grand\">Cyrus\u00a0<abbr class=\"abbr\" title=\"premier\">I<sup>er<\/sup><\/abbr><\/a>\u00a0Roi d&rsquo;Anshan et Ariaramn\u00e8s, roi du Pars. C&rsquo;est\u00a0<a class=\"mw-redirect\" title=\"Cyrus II\" href=\"https:\/\/fr.wikipedia.org\/wiki\/Cyrus_II\">Cyrus II<\/a>\u00a0qui, le premier r\u00e9unit les deux royaumes et cr\u00e9a alors l&rsquo;<a title=\"Empire perse\" href=\"https:\/\/fr.wikipedia.org\/wiki\/Empire_perse\">Empire perse<\/a>. Au sommet de sa puissance, sous le r\u00e8gne de\u00a0<a title=\"Darius Ier\" href=\"https:\/\/fr.wikipedia.org\/wiki\/Darius_Ier\">Darius\u00a0<abbr class=\"abbr\" title=\"premier\">I<sup>er<\/sup><\/abbr><\/a>\u00a0dit le Grand, au\u00a0<abbr class=\"abbr\" title=\"5\u1d49 si\u00e8cle\"><span class=\"romain\">V<\/span><sup>e<\/sup><\/abbr>\u00a0si\u00e8cle\u00a0<abbr class=\"abbr nowrap\" title=\"avant J\u00e9sus-Christ\">av. J.-C.<\/abbr>, les souverains ach\u00e9m\u00e9nides de la Perse r\u00e9gnaient sur les territoires actuels de l&rsquo;<a title=\"Iran\" href=\"https:\/\/fr.wikipedia.org\/wiki\/Iran\">Iran<\/a>, l&rsquo;<a title=\"Irak\" href=\"https:\/\/fr.wikipedia.org\/wiki\/Irak\">Irak<\/a>, l&rsquo;<a title=\"Arm\u00e9nie\" href=\"https:\/\/fr.wikipedia.org\/wiki\/Arm%C3%A9nie\">Arm\u00e9nie<\/a>, l&rsquo;<a title=\"Afghanistan\" href=\"https:\/\/fr.wikipedia.org\/wiki\/Afghanistan\">Afghanistan<\/a>, la\u00a0<a title=\"Turquie\" href=\"https:\/\/fr.wikipedia.org\/wiki\/Turquie\">Turquie<\/a>, la\u00a0<a title=\"Bulgarie\" href=\"https:\/\/fr.wikipedia.org\/wiki\/Bulgarie\">Bulgarie<\/a>, les parties orientales de la\u00a0<a title=\"Gr\u00e8ce\" href=\"https:\/\/fr.wikipedia.org\/wiki\/Gr%C3%A8ce\">Gr\u00e8ce<\/a>, l&rsquo;<a title=\"\u00c9gypte\" href=\"https:\/\/fr.wikipedia.org\/wiki\/%C3%89gypte\">\u00c9gypte<\/a>\u00a0et la\u00a0<a title=\"Syrie\" href=\"https:\/\/fr.wikipedia.org\/wiki\/Syrie\">Syrie<\/a>\u00a0et la plupart de ce qui est maintenant le\u00a0<a title=\"Pakistan\" href=\"https:\/\/fr.wikipedia.org\/wiki\/Pakistan\">Pakistan<\/a>, la\u00a0<a title=\"Jordanie\" href=\"https:\/\/fr.wikipedia.org\/wiki\/Jordanie\">Jordanie<\/a>,\u00a0<a title=\"Isra\u00ebl\" href=\"https:\/\/fr.wikipedia.org\/wiki\/Isra%C3%ABl\">Isra\u00ebl<\/a>, la\u00a0<a title=\"Territoires palestiniens occup\u00e9s\" href=\"https:\/\/fr.wikipedia.org\/wiki\/Territoires_palestiniens_occup%C3%A9s\">Palestine<\/a>, le\u00a0<a title=\"Liban\" href=\"https:\/\/fr.wikipedia.org\/wiki\/Liban\">Liban<\/a>, le\u00a0<a title=\"Caucase\" href=\"https:\/\/fr.wikipedia.org\/wiki\/Caucase\">Caucase<\/a>, l&rsquo;<a title=\"Asie centrale\" href=\"https:\/\/fr.wikipedia.org\/wiki\/Asie_centrale\">Asie centrale<\/a>, la\u00a0<a title=\"Libye\" href=\"https:\/\/fr.wikipedia.org\/wiki\/Libye\">Libye<\/a>\u00a0et le nord de la\u00a0<a title=\"Arabie\" href=\"https:\/\/fr.wikipedia.org\/wiki\/Arabie\">p\u00e9ninsule arabique<\/a><sup id=\"cite_ref-9\" class=\"reference\"><a href=\"https:\/\/fr.wikipedia.org\/wiki\/Histoire_de_l%27Iran#cite_note-9\"><span class=\"cite-bracket\">[<\/span>9<span class=\"cite-bracket\">]<\/span><\/a><\/sup>. Cet empire fut certainement le plus large empire de l&rsquo;Antiquit\u00e9.<\/p>\n<figure class=\"mw-default-size\" style=\"text-align: justify;\"><a class=\"mw-file-description\" href=\"https:\/\/commons.wikimedia.org\/wiki\/File:Carte_empire_ach%C3%A9m%C3%A9nide.png?uselang=fr\"><img loading=\"lazy\" decoding=\"async\" class=\"mw-file-element\" src=\"https:\/\/upload.wikimedia.org\/wikipedia\/commons\/thumb\/2\/23\/Carte_empire_ach%C3%A9m%C3%A9nide.png\/500px-Carte_empire_ach%C3%A9m%C3%A9nide.png\" srcset=\"\/\/upload.wikimedia.org\/wikipedia\/commons\/thumb\/2\/23\/Carte_empire_ach%C3%A9m%C3%A9nide.png\/960px-Carte_empire_ach%C3%A9m%C3%A9nide.png 1.5x\" width=\"440\" height=\"228\" data-file-width=\"1766\" data-file-height=\"914\" \/><\/a><figcaption>Empire ach\u00e9m\u00e9nide lors de son extension maximale, vers\u00a0<a title=\"500 av. J.-C.\" href=\"https:\/\/fr.wikipedia.org\/wiki\/500_av._J.-C.\">500\u00a0<abbr class=\"abbr nowrap\" title=\"avant J\u00e9sus-Christ\">av.\u00a0J.-C.<\/abbr><\/a><\/figcaption><\/figure>\n<p style=\"text-align: justify;\">Les Ach\u00e9m\u00e9nides \u00e9taient des despotes \u00e9clair\u00e9s qui purent construire un empire de cette taille en laissant une certaine autonomie aux\u00a0<a title=\"Satrape\" href=\"https:\/\/fr.wikipedia.org\/wiki\/Satrape\">satrapies<\/a>\u00a0toutes reli\u00e9es entre elles par un immense r\u00e9seau routier. Les historiens attribuent la premi\u00e8re d\u00e9claration des droits de l&rsquo;Homme \u00e0\u00a0<a title=\"Cyrus le Grand\" href=\"https:\/\/fr.wikipedia.org\/wiki\/Cyrus_le_Grand\">Cyrus II<\/a>, qui l&rsquo;inscrivit sur le\u00a0<a title=\"Cylindre de Cyrus\" href=\"https:\/\/fr.wikipedia.org\/wiki\/Cylindre_de_Cyrus\">cylindre de Cyrus<\/a><sup id=\"cite_ref-10\" class=\"reference\"><a href=\"https:\/\/fr.wikipedia.org\/wiki\/Histoire_de_l%27Iran#cite_note-10\"><span class=\"cite-bracket\">[<\/span>10<span class=\"cite-bracket\">]<\/span><\/a><\/sup>.<\/p>\n<p style=\"text-align: justify;\">Cet empire \u00e9tait en guerre contre les\u00a0<a title=\"Gr\u00e8ce antique\" href=\"https:\/\/fr.wikipedia.org\/wiki\/Gr%C3%A8ce_antique\">Grecs<\/a>, et c&rsquo;est \u00e0 partir du r\u00e8gne de\u00a0<a title=\"Xerx\u00e8s Ier\" href=\"https:\/\/fr.wikipedia.org\/wiki\/Xerx%C3%A8s_Ier\">Xerx\u00e8s\u00a0<abbr class=\"abbr\" title=\"premier\">I<sup>er<\/sup><\/abbr><\/a>\u00a0que commen\u00e7a son d\u00e9clin. L&#8217;empire fut finalement conquis par\u00a0<a title=\"Alexandre le Grand\" href=\"https:\/\/fr.wikipedia.org\/wiki\/Alexandre_le_Grand\">Alexandre le Grand<\/a>\u00a0en\u00a0<a title=\"330 av. J.-C.\" href=\"https:\/\/fr.wikipedia.org\/wiki\/330_av._J.-C.\">330\u00a0<abbr class=\"abbr nowrap\" title=\"avant J\u00e9sus-Christ\">av.\u00a0J.-C.<\/abbr><\/a><\/p>\n<p>&nbsp;<\/p>\n<p style=\"text-align: center;\"><a href=\"https:\/\/fr.wikipedia.org\/wiki\/Ach%C3%A9m%C3%A9nides\">Pour aller plus loin\u00a0<\/a><\/p>\n","protected":false},"excerpt":{"rendered":"<p>L&#8217;empire\u00a0ach\u00e9m\u00e9nide\u00a0(vieux perse: Hakhamanishiya) est le premier grand empire perse. La l\u00e9gende dit que la dynastie fut fond\u00e9e par\u00a0Ach\u00e9m\u00e9n\u00e8s, auquel succ\u00e9da son fils Teisp\u00e8s qui prend le titre de Roi d&rsquo;Anshan apr\u00e8s avoir pris la ville aux\u00a0\u00e9lamites. Ses deux fils,\u00a0Cyrus\u00a0Ier\u00a0Roi d&rsquo;Anshan et Ariaramn\u00e8s, roi du Pars. C&rsquo;est\u00a0Cyrus II\u00a0qui, le premier r\u00e9unit les deux royaumes et cr\u00e9a [&hellip;]<\/p>\n","protected":false},"author":1,"featured_media":0,"parent":0,"menu_order":0,"comment_status":"closed","ping_status":"closed","template":"","meta":{"footnotes":""},"class_list":["post-22102","page","type-page","status-publish","hentry"],"_links":{"self":[{"href":"https:\/\/oraziopuglisi.art\/index.php\/wp-json\/wp\/v2\/pages\/22102","targetHints":{"allow":["GET"]}}],"collection":[{"href":"https:\/\/oraziopuglisi.art\/index.php\/wp-json\/wp\/v2\/pages"}],"about":[{"href":"https:\/\/oraziopuglisi.art\/index.php\/wp-json\/wp\/v2\/types\/page"}],"author":[{"embeddable":true,"href":"https:\/\/oraziopuglisi.art\/index.php\/wp-json\/wp\/v2\/users\/1"}],"replies":[{"embeddable":true,"href":"https:\/\/oraziopuglisi.art\/index.php\/wp-json\/wp\/v2\/comments?post=22102"}],"version-history":[{"count":4,"href":"https:\/\/oraziopuglisi.art\/index.php\/wp-json\/wp\/v2\/pages\/22102\/revisions"}],"predecessor-version":[{"id":22107,"href":"https:\/\/oraziopuglisi.art\/index.php\/wp-json\/wp\/v2\/pages\/22102\/revisions\/22107"}],"wp:attachment":[{"href":"https:\/\/oraziopuglisi.art\/index.php\/wp-json\/wp\/v2\/media?parent=22102"}],"curies":[{"name":"wp","href":"https:\/\/api.w.org\/{rel}","templated":true}]}}