{"id":20532,"date":"2025-11-08T18:30:51","date_gmt":"2025-11-08T17:30:51","guid":{"rendered":"https:\/\/oraziopuglisi.art\/?page_id=20532"},"modified":"2025-11-08T21:54:32","modified_gmt":"2025-11-08T20:54:32","slug":"pop-contemporaine","status":"publish","type":"page","link":"https:\/\/oraziopuglisi.art\/index.php\/pop-contemporaine\/","title":{"rendered":"Pop Contemporaine"},"content":{"rendered":"<p style=\"text-align: justify;\">Parmi les\u00a0<a title=\"Musicien\" href=\"https:\/\/fr.wikipedia.org\/wiki\/Musicien\">musiciens<\/a>\u00a0<a title=\"Italiens\" href=\"https:\/\/fr.wikipedia.org\/wiki\/Italiens\">italiens<\/a>\u00a0de\u00a0<a title=\"Pop (musique)\" href=\"https:\/\/fr.wikipedia.org\/wiki\/Pop_(musique)\">pop<\/a>\u00a0les plus c\u00e9l\u00e8bres des derni\u00e8res d\u00e9cennies figurent\u00a0<a title=\"Domenico Modugno\" href=\"https:\/\/fr.wikipedia.org\/wiki\/Domenico_Modugno\">Domenico Modugno<\/a>,\u00a0<a title=\"Mina (chanteuse italienne)\" href=\"https:\/\/fr.wikipedia.org\/wiki\/Mina_(chanteuse_italienne)\">Mina<\/a><sup id=\"cite_ref-4\" class=\"reference\"><a href=\"https:\/\/fr.wikipedia.org\/wiki\/Musique_italienne#cite_note-4\"><span class=\"cite-bracket\">[<\/span>4<span class=\"cite-bracket\">]<\/span><\/a><\/sup>,\u00a0<a title=\"Gigliola Cinquetti\" href=\"https:\/\/fr.wikipedia.org\/wiki\/Gigliola_Cinquetti\">Gigliola Cinquetti<\/a>,\u00a0<a title=\"Gianni Morandi\" href=\"https:\/\/fr.wikipedia.org\/wiki\/Gianni_Morandi\">Gianni Morandi<\/a>,\u00a0<a title=\"Adriano Celentano\" href=\"https:\/\/fr.wikipedia.org\/wiki\/Adriano_Celentano\">Adriano Celentano<\/a>,\u00a0<a title=\"Tony Dallara\" href=\"https:\/\/fr.wikipedia.org\/wiki\/Tony_Dallara\">Tony Dallara<\/a><sup id=\"cite_ref-5\" class=\"reference\"><a href=\"https:\/\/fr.wikipedia.org\/wiki\/Musique_italienne#cite_note-5\"><span class=\"cite-bracket\">[<\/span>5<span class=\"cite-bracket\">]<\/span><\/a><\/sup>\u00a0Bobby Solo,\u00a0<a title=\"Wilma Goich\" href=\"https:\/\/fr.wikipedia.org\/wiki\/Wilma_Goich\">Wilma Goich<\/a>,\u00a0<a title=\"Alida Chelli\" href=\"https:\/\/fr.wikipedia.org\/wiki\/Alida_Chelli\">Alida Chelli<\/a><sup id=\"cite_ref-6\" class=\"reference\"><a href=\"https:\/\/fr.wikipedia.org\/wiki\/Musique_italienne#cite_note-6\"><span class=\"cite-bracket\">[<\/span>6<span class=\"cite-bracket\">]<\/span><\/a><\/sup>, Peppino Gagliardi,\u00a0<a title=\"Sophia Loren\" href=\"https:\/\/fr.wikipedia.org\/wiki\/Sophia_Loren\">Sophia Loren<\/a>,\u00a0<a title=\"Milva\" href=\"https:\/\/fr.wikipedia.org\/wiki\/Milva\">Milva<\/a>,\u00a0<a title=\"Patty Pravo\" href=\"https:\/\/fr.wikipedia.org\/wiki\/Patty_Pravo\">Patty Pravo<\/a>,\u00a0<a title=\"Mia Martini\" href=\"https:\/\/fr.wikipedia.org\/wiki\/Mia_Martini\">Mia Martini<\/a>,\u00a0<a title=\"Raffaella Carr\u00e0\" href=\"https:\/\/fr.wikipedia.org\/wiki\/Raffaella_Carr%C3%A0\">Raffaella Carr\u00e0<\/a>\u00a0et, plus r\u00e9cemment, Zucchero Fornaciari,\u00a0<a title=\"Mango (chanteur)\" href=\"https:\/\/fr.wikipedia.org\/wiki\/Mango_(chanteur)\">Mango<\/a>,\u00a0<a title=\"Claudio Baglioni\" href=\"https:\/\/fr.wikipedia.org\/wiki\/Claudio_Baglioni\">Claudio Baglioni<\/a>,\u00a0<a title=\"Vasco Rossi\" href=\"https:\/\/fr.wikipedia.org\/wiki\/Vasco_Rossi\">Vasco Rossi<\/a>,\u00a0<a title=\"Irene Grandi\" href=\"https:\/\/fr.wikipedia.org\/wiki\/Irene_Grandi\">Irene Grandi<\/a>,\u00a0<a title=\"Gianna Nannini\" href=\"https:\/\/fr.wikipedia.org\/wiki\/Gianna_Nannini\">Gianna Nannini<\/a>\u00a0et les superstars internationales\u00a0<a title=\"Eros Ramazzotti\" href=\"https:\/\/fr.wikipedia.org\/wiki\/Eros_Ramazzotti\">Eros Ramazzotti<\/a>,\u00a0<a title=\"Laura Pausini\" href=\"https:\/\/fr.wikipedia.org\/wiki\/Laura_Pausini\">Laura Pausini<\/a>\u00a0et\u00a0<a title=\"Andrea Bocelli\" href=\"https:\/\/fr.wikipedia.org\/wiki\/Andrea_Bocelli\">Andrea Bocelli<\/a>. Les musiciens qui composent et chantent leurs chansons sont appel\u00e9s \u00ab\u00a0<a title=\"Auteur-compositeur-interpr\u00e8te\" href=\"https:\/\/fr.wikipedia.org\/wiki\/Auteur-compositeur-interpr%C3%A8te\">auteurs-compositeurs-interpr\u00e8tes<\/a>\u00a0\u00bb. Leurs compositions se concentrent g\u00e9n\u00e9ralement sur des th\u00e8mes socialement pertinents et sont souvent des\u00a0<a title=\"Chant de r\u00e9volte\" href=\"https:\/\/fr.wikipedia.org\/wiki\/Chant_de_r%C3%A9volte\">chants de r\u00e9volte<\/a>\u00a0: cette vague commence dans les ann\u00e9es 1960 avec des musiciens tels que\u00a0<a title=\"Fabrizio De Andr\u00e9\" href=\"https:\/\/fr.wikipedia.org\/wiki\/Fabrizio_De_Andr%C3%A9\">Fabrizio De Andr\u00e9<\/a>,\u00a0<a title=\"Paolo Conte\" href=\"https:\/\/fr.wikipedia.org\/wiki\/Paolo_Conte\">Paolo Conte<\/a>,\u00a0<a title=\"Giorgio Gaber\" href=\"https:\/\/fr.wikipedia.org\/wiki\/Giorgio_Gaber\">Giorgio Gaber<\/a>,\u00a0<a title=\"Umberto Bindi\" href=\"https:\/\/fr.wikipedia.org\/wiki\/Umberto_Bindi\">Umberto Bindi<\/a>,\u00a0<a title=\"Gino Paoli\" href=\"https:\/\/fr.wikipedia.org\/wiki\/Gino_Paoli\">Gino Paoli<\/a>\u00a0et\u00a0<a title=\"Luigi Tenco\" href=\"https:\/\/fr.wikipedia.org\/wiki\/Luigi_Tenco\">Luigi Tenco<\/a>. Les th\u00e8mes sociaux, politiques, psychologiques et intellectuels, principalement dans le sillage de l&rsquo;\u0153uvre de Gaber et De Andr\u00e9, sont devenus encore plus pr\u00e9dominants dans les ann\u00e9es 1970 gr\u00e2ce \u00e0 des auteurs tels que\u00a0<a title=\"Lucio Dalla\" href=\"https:\/\/fr.wikipedia.org\/wiki\/Lucio_Dalla\">Lucio Dalla<\/a>,\u00a0<a title=\"Pino Daniele\" href=\"https:\/\/fr.wikipedia.org\/wiki\/Pino_Daniele\">Pino Daniele<\/a>,\u00a0<a title=\"Francesco De Gregori\" href=\"https:\/\/fr.wikipedia.org\/wiki\/Francesco_De_Gregori\">Francesco De Gregori<\/a>,\u00a0<a title=\"Ivano Fossati\" href=\"https:\/\/fr.wikipedia.org\/wiki\/Ivano_Fossati\">Ivano Fossati<\/a>,\u00a0<a title=\"Francesco Guccini\" href=\"https:\/\/fr.wikipedia.org\/wiki\/Francesco_Guccini\">Francesco Guccini<\/a>,\u00a0<a title=\"Edoardo Bennato\" href=\"https:\/\/fr.wikipedia.org\/wiki\/Edoardo_Bennato\">Edoardo Bennato<\/a>,\u00a0<a title=\"Rino Gaetano\" href=\"https:\/\/fr.wikipedia.org\/wiki\/Rino_Gaetano\">Rino Gaetano<\/a>\u00a0et\u00a0<a title=\"Roberto Vecchioni\" href=\"https:\/\/fr.wikipedia.org\/wiki\/Roberto_Vecchioni\">Roberto Vecchioni<\/a>.\u00a0<a title=\"Lucio Battisti\" href=\"https:\/\/fr.wikipedia.org\/wiki\/Lucio_Battisti\">Lucio Battisti<\/a>, de la fin des ann\u00e9es 1960 jusqu&rsquo;au milieu des ann\u00e9es 1990, fusionne la musique italienne avec le\u00a0<a title=\"Rock\" href=\"https:\/\/fr.wikipedia.org\/wiki\/Rock\">rock<\/a>\u00a0et la pop britanniques et, plus tard dans sa carri\u00e8re, avec des genres tels que la\u00a0<a title=\"Synthpop\" href=\"https:\/\/fr.wikipedia.org\/wiki\/Synthpop\">synthpop<\/a>, le\u00a0<a title=\"Hip-hop\" href=\"https:\/\/fr.wikipedia.org\/wiki\/Hip-hop\">hip-hop<\/a>, la\u00a0<a title=\"Techno\" href=\"https:\/\/fr.wikipedia.org\/wiki\/Techno\">techno<\/a>\u00a0et l&rsquo;<a title=\"Eurodance\" href=\"https:\/\/fr.wikipedia.org\/wiki\/Eurodance\">Eurodance<\/a>, tandis que\u00a0<a title=\"Angelo Branduardi\" href=\"https:\/\/fr.wikipedia.org\/wiki\/Angelo_Branduardi\">Angelo Branduardi<\/a>\u00a0et\u00a0<a title=\"Franco Battiato\" href=\"https:\/\/fr.wikipedia.org\/wiki\/Franco_Battiato\">Franco Battiato<\/a>\u00a0poursuivent des carri\u00e8res plus orient\u00e9es vers la tradition de la musique pop italienne. Il existe une sorte de croisement entre les \u00ab\u00a0auteurs-compositeurs-interpr\u00e8tes\u00a0\u00bb et ceux qui sont consid\u00e9r\u00e9s comme des chanteurs de \u00ab\u00a0musique de protestation\u00a0\u00bb<sup id=\"cite_ref-7\" class=\"reference\"><a href=\"https:\/\/fr.wikipedia.org\/wiki\/Musique_italienne#cite_note-7\"><span class=\"cite-bracket\">[<\/span>7<span class=\"cite-bracket\">]<\/span><\/a><\/sup>.<\/p>\n","protected":false},"excerpt":{"rendered":"<p>Parmi les\u00a0musiciens\u00a0italiens\u00a0de\u00a0pop\u00a0les plus c\u00e9l\u00e8bres des derni\u00e8res d\u00e9cennies figurent\u00a0Domenico Modugno,\u00a0Mina[4],\u00a0Gigliola Cinquetti,\u00a0Gianni Morandi,\u00a0Adriano Celentano,\u00a0Tony Dallara[5]\u00a0Bobby Solo,\u00a0Wilma Goich,\u00a0Alida Chelli[6], Peppino Gagliardi,\u00a0Sophia Loren,\u00a0Milva,\u00a0Patty Pravo,\u00a0Mia Martini,\u00a0Raffaella Carr\u00e0\u00a0et, plus r\u00e9cemment, Zucchero Fornaciari,\u00a0Mango,\u00a0Claudio Baglioni,\u00a0Vasco Rossi,\u00a0Irene Grandi,\u00a0Gianna Nannini\u00a0et les superstars internationales\u00a0Eros Ramazzotti,\u00a0Laura Pausini\u00a0et\u00a0Andrea Bocelli. Les musiciens qui composent et chantent leurs chansons sont appel\u00e9s \u00ab\u00a0auteurs-compositeurs-interpr\u00e8tes\u00a0\u00bb. Leurs compositions se concentrent g\u00e9n\u00e9ralement sur des th\u00e8mes [&hellip;]<\/p>\n","protected":false},"author":1,"featured_media":0,"parent":0,"menu_order":0,"comment_status":"closed","ping_status":"closed","template":"","meta":{"footnotes":""},"class_list":["post-20532","page","type-page","status-publish","hentry"],"_links":{"self":[{"href":"https:\/\/oraziopuglisi.art\/index.php\/wp-json\/wp\/v2\/pages\/20532","targetHints":{"allow":["GET"]}}],"collection":[{"href":"https:\/\/oraziopuglisi.art\/index.php\/wp-json\/wp\/v2\/pages"}],"about":[{"href":"https:\/\/oraziopuglisi.art\/index.php\/wp-json\/wp\/v2\/types\/page"}],"author":[{"embeddable":true,"href":"https:\/\/oraziopuglisi.art\/index.php\/wp-json\/wp\/v2\/users\/1"}],"replies":[{"embeddable":true,"href":"https:\/\/oraziopuglisi.art\/index.php\/wp-json\/wp\/v2\/comments?post=20532"}],"version-history":[{"count":2,"href":"https:\/\/oraziopuglisi.art\/index.php\/wp-json\/wp\/v2\/pages\/20532\/revisions"}],"predecessor-version":[{"id":20618,"href":"https:\/\/oraziopuglisi.art\/index.php\/wp-json\/wp\/v2\/pages\/20532\/revisions\/20618"}],"wp:attachment":[{"href":"https:\/\/oraziopuglisi.art\/index.php\/wp-json\/wp\/v2\/media?parent=20532"}],"curies":[{"name":"wp","href":"https:\/\/api.w.org\/{rel}","templated":true}]}}