{"id":20522,"date":"2025-11-08T18:05:30","date_gmt":"2025-11-08T17:05:30","guid":{"rendered":"https:\/\/oraziopuglisi.art\/?page_id=20522"},"modified":"2025-11-08T21:08:38","modified_gmt":"2025-11-08T20:08:38","slug":"histoire-de-la-musique-classique","status":"publish","type":"page","link":"https:\/\/oraziopuglisi.art\/index.php\/histoire-de-la-musique-classique\/","title":{"rendered":"Histoire de la Musique Classique"},"content":{"rendered":"<p><em><span style=\"font-size: 10px;\">Image mise en avant : <a href=\"https:\/\/fr.wikipedia.org\/wiki\/Domenico_Scarlatti\">Scarlatti<\/a><\/span><\/em><\/p>\n<p>&nbsp;<\/p>\n<p><a title=\"\" href=\"https:\/\/fr.wikipedia.org\/wiki\/Histoire_de_la_musique_classique_occidentale\">Histoire de la musique classique occidentale<\/a><\/p>\n<p>&nbsp;<\/p>\n<p><img loading=\"lazy\" decoding=\"async\" class=\"alignnone size-full wp-image-20583\" src=\"http:\/\/oraziopuglisi.art\/wp-content\/uploads\/2025\/11\/Retrato_de_Domenico_Scarlatti.jpg\" alt=\"\" width=\"250\" height=\"316\" srcset=\"https:\/\/oraziopuglisi.art\/wp-content\/uploads\/2025\/11\/Retrato_de_Domenico_Scarlatti.jpg 250w, https:\/\/oraziopuglisi.art\/wp-content\/uploads\/2025\/11\/Retrato_de_Domenico_Scarlatti-237x300.jpg 237w\" sizes=\"auto, (max-width: 250px) 100vw, 250px\" \/><\/p>\n<p><span style=\"font-size: 10px;\"><em>Scarlatti<\/em><\/span><\/p>\n<p>&nbsp;<\/p>\n<p style=\"text-align: justify;\">L&rsquo;<a title=\"Italie\" href=\"https:\/\/fr.wikipedia.org\/wiki\/Italie\">Italie<\/a>\u00a0est, d\u00e8s le Moyen \u00c2ge, le berceau de la musique classique avec\u00a0<a title=\"Guido d'Arezzo\" href=\"https:\/\/fr.wikipedia.org\/wiki\/Guido_d%27Arezzo\">Guido d&rsquo;Arezzo<\/a>\u00a0(la\u00a0<a title=\"Notation musicale\" href=\"https:\/\/fr.wikipedia.org\/wiki\/Notation_musicale\">notation musicale<\/a>) et\u00a0<a title=\"P\u00e9trarque\" href=\"https:\/\/fr.wikipedia.org\/wiki\/P%C3%A9trarque\">P\u00e9trarque<\/a>\u00a0(les\u00a0<a title=\"Canzoniere\" href=\"https:\/\/fr.wikipedia.org\/wiki\/Canzoniere\">canzonieri<\/a>\u00a0des\u00a0<a title=\"Troubadour\" href=\"https:\/\/fr.wikipedia.org\/wiki\/Troubadour\">troubadours<\/a>), qui chacun \u00e0 leur mani\u00e8re particip\u00e8rent \u00e0 son d\u00e9veloppement. Le\u00a0<a title=\"Madrigal du Trecento\" href=\"https:\/\/fr.wikipedia.org\/wiki\/Madrigal_du_Trecento\">madrigal du Trecento<\/a>\u00a0et les\u00a0<a title=\"Estampie\" href=\"https:\/\/fr.wikipedia.org\/wiki\/Estampie\">estampies<\/a>\u00a0donnent une id\u00e9e de l&rsquo;\u00e9volution de la musique profane.<\/p>\n<p style=\"text-align: justify;\">Aujourd&rsquo;hui<sup class=\"need_ref_tag\"><a title=\"Aide:Quand\" href=\"https:\/\/fr.wikipedia.org\/wiki\/Aide:Quand\"><span title=\"Ce passage devrait pr\u00e9ciser au minimum la d\u00e9cennie ou l'ann\u00e9e ; voir l'aide.\">[Quand\u00a0?]<\/span><\/a><\/sup>\u00a0encore, nombre de termes ou de formes usit\u00e9s en musique classique viennent de l&rsquo;italien (<i><a title=\"A cappella\" href=\"https:\/\/fr.wikipedia.org\/wiki\/A_cappella\">a cappella<\/a><\/i>,\u00a0<i><a title=\"Adagio\" href=\"https:\/\/fr.wikipedia.org\/wiki\/Adagio\">adagio<\/a><\/i>,\u00a0<i><a title=\"Aria\" href=\"https:\/\/fr.wikipedia.org\/wiki\/Aria\">aria<\/a><\/i>,\u00a0<i><a title=\"Arioso\" href=\"https:\/\/fr.wikipedia.org\/wiki\/Arioso\">arioso<\/a><\/i>,\u00a0<i><a title=\"Cantate\" href=\"https:\/\/fr.wikipedia.org\/wiki\/Cantate\">cantate<\/a><\/i>,\u00a0<i><a title=\"Canzone\" href=\"https:\/\/fr.wikipedia.org\/wiki\/Canzone\">canzone<\/a><\/i>,\u00a0<i><a title=\"Coda (musique)\" href=\"https:\/\/fr.wikipedia.org\/wiki\/Coda_(musique)\">coda<\/a><\/i>,\u00a0<i><a title=\"Concerto\" href=\"https:\/\/fr.wikipedia.org\/wiki\/Concerto\">concerto<\/a><\/i>,\u00a0<i><a title=\"Oratorio\" href=\"https:\/\/fr.wikipedia.org\/wiki\/Oratorio\">oratorio<\/a><\/i>,\u00a0<i><a title=\"Partita\" href=\"https:\/\/fr.wikipedia.org\/wiki\/Partita\">partita<\/a><\/i>,\u00a0<i><a title=\"R\u00e9citatif\" href=\"https:\/\/fr.wikipedia.org\/wiki\/R%C3%A9citatif\">recitativo<\/a><\/i>,\u00a0<i><a title=\"Scherzo\" href=\"https:\/\/fr.wikipedia.org\/wiki\/Scherzo\">scherzo<\/a><\/i>,\u00a0<i><a title=\"Sonate\" href=\"https:\/\/fr.wikipedia.org\/wiki\/Sonate\">sonata<\/a><\/i>,\u00a0<i><a title=\"Toccata\" href=\"https:\/\/fr.wikipedia.org\/wiki\/Toccata\">toccata<\/a><\/i>,\u00a0<abbr class=\"abbr\" title=\"et cetera\">etc.<\/abbr>).\u00a0<span class=\"need_ref\" title=\"Ce passage n\u00e9cessite une profonde relecture.\">On ne peut \u00e9voquer<\/span><sup class=\"need_ref_tag\"><a title=\"Wikip\u00e9dia:Style encyclop\u00e9dique\" href=\"https:\/\/fr.wikipedia.org\/wiki\/Wikip%C3%A9dia:Style_encyclop%C3%A9dique\">[style \u00e0 revoir]<\/a><\/sup>\u00a0cette musique sans citer les\u00a0<a title=\"Luthier\" href=\"https:\/\/fr.wikipedia.org\/wiki\/Luthier\">luthiers<\/a>\u00a0majeurs qu&rsquo;\u00e9taient\u00a0<a title=\"Andrea Amati\" href=\"https:\/\/fr.wikipedia.org\/wiki\/Andrea_Amati\">Andrea Amati<\/a>,\u00a0<a title=\"Niccol\u00f2 Amati\" href=\"https:\/\/fr.wikipedia.org\/wiki\/Niccol%C3%B2_Amati\">Niccol\u00f2 Amati<\/a>\u00a0et\u00a0<a title=\"Antonio Stradivari\" href=\"https:\/\/fr.wikipedia.org\/wiki\/Antonio_Stradivari\">Antonio Stradivari<\/a>\u00a0qui ont donn\u00e9 leurs lettres de noblesse aux\u00a0<a class=\"mw-redirect\" title=\"Liste des instruments \u00e0 cordes (musique classique)\" href=\"https:\/\/fr.wikipedia.org\/wiki\/Liste_des_instruments_%C3%A0_cordes_(musique_classique)\">instruments \u00e0 cordes<\/a>\u00a0ou le\u00a0<a class=\"mw-redirect\" title=\"Facteur (organologie)\" href=\"https:\/\/fr.wikipedia.org\/wiki\/Facteur_(organologie)\">facteur<\/a>\u00a0de\u00a0<a title=\"Clavecin\" href=\"https:\/\/fr.wikipedia.org\/wiki\/Clavecin\">clavecins<\/a>\u00a0<a title=\"Bartolomeo Cristofori\" href=\"https:\/\/fr.wikipedia.org\/wiki\/Bartolomeo_Cristofori\">Bartolomeo Cristofori<\/a>\u00a0auquel on doit l&rsquo;invention du\u00a0<a title=\"Piano-forte\" href=\"https:\/\/fr.wikipedia.org\/wiki\/Piano-forte\">piano-forte<\/a>. Plus r\u00e9cemment<sup class=\"need_ref_tag\"><a title=\"Aide:Quand\" href=\"https:\/\/fr.wikipedia.org\/wiki\/Aide:Quand\"><span title=\"Ce passage devrait pr\u00e9ciser au minimum la d\u00e9cennie ou l'ann\u00e9e (demand\u00e9 le f\u00e9vrier 2025) ; voir l'aide.\">[Quand\u00a0?]<\/span><\/a><\/sup>, l&rsquo;Italie est aussi le foyer de grands chefs d&rsquo;orchestre tels\u00a0<a title=\"Arturo Toscanini\" href=\"https:\/\/fr.wikipedia.org\/wiki\/Arturo_Toscanini\">Arturo Toscanini<\/a>,\u00a0<a title=\"Riccardo Chailly\" href=\"https:\/\/fr.wikipedia.org\/wiki\/Riccardo_Chailly\">Riccardo Chailly<\/a>,\u00a0<a title=\"Carlo Maria Giulini\" href=\"https:\/\/fr.wikipedia.org\/wiki\/Carlo_Maria_Giulini\">Carlo Maria Giulini<\/a>,\u00a0<a title=\"Giuseppe Sinopoli\" href=\"https:\/\/fr.wikipedia.org\/wiki\/Giuseppe_Sinopoli\">Giuseppe Sinopoli<\/a>,\u00a0<a title=\"Riccardo Muti\" href=\"https:\/\/fr.wikipedia.org\/wiki\/Riccardo_Muti\">Riccardo Muti<\/a>\u00a0et\u00a0<a title=\"Claudio Abbado\" href=\"https:\/\/fr.wikipedia.org\/wiki\/Claudio_Abbado\">Claudio Abbado<\/a>, et de grands interpr\u00e8tes tels\u00a0<a title=\"Arturo Benedetti Michelangeli\" href=\"https:\/\/fr.wikipedia.org\/wiki\/Arturo_Benedetti_Michelangeli\">Arturo Benedetti Michelangeli<\/a>,\u00a0<a title=\"Quartetto Italiano\" href=\"https:\/\/fr.wikipedia.org\/wiki\/Quartetto_Italiano\">Quartetto Italiano<\/a>,\u00a0<a title=\"I Musici\" href=\"https:\/\/fr.wikipedia.org\/wiki\/I_Musici\">I Musici<\/a>,\u00a0<a title=\"Salvatore Accardo\" href=\"https:\/\/fr.wikipedia.org\/wiki\/Salvatore_Accardo\">Salvatore Accardo<\/a>,\u00a0<a title=\"Maurizio Pollini\" href=\"https:\/\/fr.wikipedia.org\/wiki\/Maurizio_Pollini\">Maurizio Pollini<\/a>,\u00a0<a title=\"Uto Ughi\" href=\"https:\/\/fr.wikipedia.org\/wiki\/Uto_Ughi\">Uto Ughi<\/a>,\u00a0<a title=\"Aldo Ciccolini\" href=\"https:\/\/fr.wikipedia.org\/wiki\/Aldo_Ciccolini\">Aldo Ciccolini<\/a>,\u00a0<a title=\"Severino Gazzelloni\" href=\"https:\/\/fr.wikipedia.org\/wiki\/Severino_Gazzelloni\">Severino Gazzelloni<\/a>,\u00a0<a title=\"Ferruccio Busoni\" href=\"https:\/\/fr.wikipedia.org\/wiki\/Ferruccio_Busoni\">Ferruccio Busoni<\/a>,\u00a0<a title=\"Roberto Fabbriciani\" href=\"https:\/\/fr.wikipedia.org\/wiki\/Roberto_Fabbriciani\">Roberto Fabbriciani<\/a>,\u00a0<a title=\"Bruno Canino\" href=\"https:\/\/fr.wikipedia.org\/wiki\/Bruno_Canino\">Bruno Canino<\/a>,\u00a0<a title=\"Oscar Ghiglia (guitariste)\" href=\"https:\/\/fr.wikipedia.org\/wiki\/Oscar_Ghiglia_(guitariste)\">Oscar Ghiglia<\/a>.<\/p>\n<p style=\"text-align: justify;\">La\u00a0<a title=\"Renaissance italienne\" href=\"https:\/\/fr.wikipedia.org\/wiki\/Renaissance_italienne\">Renaissance italienne<\/a>\u00a0va voir se d\u00e9velopper la\u00a0<a title=\"Polyphonie\" href=\"https:\/\/fr.wikipedia.org\/wiki\/Polyphonie\">polyphonie<\/a>\u00a0<a class=\"mw-redirect\" title=\"Musique sacr\u00e9e\" href=\"https:\/\/fr.wikipedia.org\/wiki\/Musique_sacr%C3%A9e\">sacr\u00e9e<\/a>\u00a0(<a title=\"Miserere (Allegri)\" href=\"https:\/\/fr.wikipedia.org\/wiki\/Miserere_(Allegri)\">Miserere<\/a>), le\u00a0<a title=\"Frottole\" href=\"https:\/\/fr.wikipedia.org\/wiki\/Frottole\">frottole<\/a>\u00a0et le\u00a0<a title=\"Madrigal\" href=\"https:\/\/fr.wikipedia.org\/wiki\/Madrigal\">madrigal<\/a>\u00a0<a title=\"Musique profane\" href=\"https:\/\/fr.wikipedia.org\/wiki\/Musique_profane\">profane<\/a>\u00a0avec\u00a0:\u00a0<a title=\"Gregorio Allegri\" href=\"https:\/\/fr.wikipedia.org\/wiki\/Gregorio_Allegri\">Gregorio Allegri<\/a>,\u00a0<a title=\"Giulio Caccini\" href=\"https:\/\/fr.wikipedia.org\/wiki\/Giulio_Caccini\">Giulio Caccini<\/a>,\u00a0<a title=\"Emilio de' Cavalieri\" href=\"https:\/\/fr.wikipedia.org\/wiki\/Emilio_de%27_Cavalieri\">Emilio de&rsquo; Cavalieri<\/a>,\u00a0<a title=\"Giovanni Gabrieli\" href=\"https:\/\/fr.wikipedia.org\/wiki\/Giovanni_Gabrieli\">Giovanni Gabrieli<\/a>,\u00a0<a title=\"Carlo Gesualdo\" href=\"https:\/\/fr.wikipedia.org\/wiki\/Carlo_Gesualdo\">Carlo Gesualdo<\/a>,\u00a0<a title=\"Claudio Monteverdi\" href=\"https:\/\/fr.wikipedia.org\/wiki\/Claudio_Monteverdi\">Claudio Monteverdi<\/a>, et\u00a0<a title=\"Giovanni Pierluigi da Palestrina\" href=\"https:\/\/fr.wikipedia.org\/wiki\/Giovanni_Pierluigi_da_Palestrina\">Giovanni Pierluigi da Palestrina<\/a>.<\/p>\n<p style=\"text-align: justify;\">D\u00e8s la p\u00e9riode baroque, la musique atteint son plein rayonnement en Italie notamment par l&rsquo;av\u00e8nement du\u00a0<a title=\"Concerto\" href=\"https:\/\/fr.wikipedia.org\/wiki\/Concerto\">concerto<\/a>\u00a0avec des compositeurs tels que\u00a0:\u00a0<a title=\"Tomaso Albinoni\" href=\"https:\/\/fr.wikipedia.org\/wiki\/Tomaso_Albinoni\">Tomaso Albinoni<\/a>,\u00a0<a title=\"Arcangelo Corelli\" href=\"https:\/\/fr.wikipedia.org\/wiki\/Arcangelo_Corelli\">Arcangelo Corelli<\/a>,\u00a0<a title=\"Girolamo Frescobaldi\" href=\"https:\/\/fr.wikipedia.org\/wiki\/Girolamo_Frescobaldi\">Girolamo Frescobaldi<\/a>,\u00a0<a title=\"Pietro Locatelli\" href=\"https:\/\/fr.wikipedia.org\/wiki\/Pietro_Locatelli\">Pietro Locatelli<\/a>,\u00a0<a title=\"Jean-Baptiste Pergol\u00e8se\" href=\"https:\/\/fr.wikipedia.org\/wiki\/Jean-Baptiste_Pergol%C3%A8se\">Jean-Baptiste Pergol\u00e8se<\/a>,\u00a0<a title=\"Antonio Salieri\" href=\"https:\/\/fr.wikipedia.org\/wiki\/Antonio_Salieri\">Antonio Salieri<\/a>,\u00a0<a title=\"Alessandro Scarlatti\" href=\"https:\/\/fr.wikipedia.org\/wiki\/Alessandro_Scarlatti\">Alessandro Scarlatti<\/a>,\u00a0<a title=\"Domenico Scarlatti\" href=\"https:\/\/fr.wikipedia.org\/wiki\/Domenico_Scarlatti\">Domenico Scarlatti<\/a>\u00a0et\u00a0<a title=\"Antonio Vivaldi\" href=\"https:\/\/fr.wikipedia.org\/wiki\/Antonio_Vivaldi\">Antonio Vivaldi<\/a>. Le\u00a0<a title=\"Romantisme\" href=\"https:\/\/fr.wikipedia.org\/wiki\/Romantisme\">romantisme<\/a>\u00a0en Italie conna\u00eet son heure de gloire essentiellement avec l&rsquo;op\u00e9ra. La musique symphonique se d\u00e9veloppe en dehors de la p\u00e9ninsule o\u00f9 elle est peu repr\u00e9sent\u00e9e\u00a0:\u00a0<a title=\"Muzio Clementi\" href=\"https:\/\/fr.wikipedia.org\/wiki\/Muzio_Clementi\">Muzio Clementi<\/a>,\u00a0<a title=\"Luigi Cherubini\" href=\"https:\/\/fr.wikipedia.org\/wiki\/Luigi_Cherubini\">Luigi Cherubini<\/a>,\u00a0<a title=\"Niccol\u00f2 Paganini\" href=\"https:\/\/fr.wikipedia.org\/wiki\/Niccol%C3%B2_Paganini\">Niccol\u00f2 Paganini<\/a>, et\u00a0<a title=\"Giovanni Battista Viotti\" href=\"https:\/\/fr.wikipedia.org\/wiki\/Giovanni_Battista_Viotti\">Giovanni Battista Viotti<\/a>.<\/p>\n<p style=\"text-align: justify;\">Les\u00a0<a title=\"Musique moderne\" href=\"https:\/\/fr.wikipedia.org\/wiki\/Musique_moderne\">modernes<\/a>\u00a0et les\u00a0<a title=\"N\u00e9o-classicisme (musique)\" href=\"https:\/\/fr.wikipedia.org\/wiki\/N%C3%A9o-classicisme_(musique)\">n\u00e9o-classiques<\/a>\u00a0prennent aussi le tournant de l&rsquo;<a title=\"Musique atonale\" href=\"https:\/\/fr.wikipedia.org\/wiki\/Musique_atonale\">atonalit\u00e9<\/a>\u00a0et du\u00a0<a title=\"Dod\u00e9caphonisme\" href=\"https:\/\/fr.wikipedia.org\/wiki\/Dod%C3%A9caphonisme\">dod\u00e9caphonisme<\/a>\u00a0en Italie suivis par les adeptes du\u00a0<a title=\"Musique s\u00e9rielle\" href=\"https:\/\/fr.wikipedia.org\/wiki\/Musique_s%C3%A9rielle\">s\u00e9rialisme<\/a>\u00a0de la musique contemporaine\u00a0:\u00a0<a title=\"Luciano Berio\" href=\"https:\/\/fr.wikipedia.org\/wiki\/Luciano_Berio\">Luciano Berio<\/a>,\u00a0<a title=\"Ferruccio Busoni\" href=\"https:\/\/fr.wikipedia.org\/wiki\/Ferruccio_Busoni\">Ferruccio Busoni<\/a>,\u00a0<a title=\"Sylvano Bussotti\" href=\"https:\/\/fr.wikipedia.org\/wiki\/Sylvano_Bussotti\">Sylvano Bussotti<\/a>,\u00a0<a title=\"Ennio Morricone\" href=\"https:\/\/fr.wikipedia.org\/wiki\/Ennio_Morricone\">Ennio Morricone<\/a>,\u00a0<a title=\"Luigi Nono\" href=\"https:\/\/fr.wikipedia.org\/wiki\/Luigi_Nono\">Luigi Nono<\/a>,\u00a0<a title=\"Ottorino Respighi\" href=\"https:\/\/fr.wikipedia.org\/wiki\/Ottorino_Respighi\">Ottorino Respighi<\/a>,\u00a0<a title=\"Luigi Russolo\" href=\"https:\/\/fr.wikipedia.org\/wiki\/Luigi_Russolo\">Luigi Russolo<\/a>, et\u00a0<a title=\"Giacinto Scelsi\" href=\"https:\/\/fr.wikipedia.org\/wiki\/Giacinto_Scelsi\">Giacinto Scelsi<\/a><\/p>\n<p style=\"text-align: justify;\">L&rsquo;<a title=\"Italie\" href=\"https:\/\/fr.wikipedia.org\/wiki\/Italie\">Italie<\/a>\u00a0est la patrie de l&rsquo;<a class=\"mw-redirect\" title=\"Op\u00e9ra (musique)\" href=\"https:\/\/fr.wikipedia.org\/wiki\/Op%C3%A9ra_(musique)\">op\u00e9ra<\/a>. Au\u00a0<a title=\"XVIIIe si\u00e8cle\" href=\"https:\/\/fr.wikipedia.org\/wiki\/XVIIIe_si%C3%A8cle\"><abbr class=\"abbr\" title=\"18\u1d49 si\u00e8cle\"><span class=\"romain\">XVIII<\/span><sup>e<\/sup><\/abbr>\u00a0si\u00e8cle<\/a>, 150 villes d&rsquo;Italie poss\u00e9daient au moins un th\u00e9\u00e2tre d&rsquo;op\u00e9ra. Rome et Venise disposaient de huit salles, Naples et Florence venaient ensuite avec quatre et trois salles<sup id=\"cite_ref-3\" class=\"reference\"><a href=\"https:\/\/fr.wikipedia.org\/wiki\/Musique_italienne#cite_note-3\"><span class=\"cite-bracket\">[<\/span>3<span class=\"cite-bracket\">]<\/span><\/a><\/sup>. L&rsquo;op\u00e9ra sous sa forme moderne na\u00eet \u00e0\u00a0<a title=\"Florence\" href=\"https:\/\/fr.wikipedia.org\/wiki\/Florence\">Florence<\/a>\u00a0au d\u00e9but du\u00a0<a title=\"XVIIe si\u00e8cle\" href=\"https:\/\/fr.wikipedia.org\/wiki\/XVIIe_si%C3%A8cle\"><abbr class=\"abbr\" title=\"17\u1d49 si\u00e8cle\"><span class=\"romain\">XVII<\/span><sup>e<\/sup><\/abbr>\u00a0si\u00e8cle<\/a>, atteint son apog\u00e9e avec les romantiques du\u00a0<abbr class=\"abbr\" title=\"19\u1d49 si\u00e8cle\"><span class=\"romain\">XIX<\/span><sup>e<\/sup><\/abbr>\u00a0puis se d\u00e9veloppe encore de nos jours avec les contemporains\u00a0; cette passion pour la voix conduit \u00e0 l&rsquo;av\u00e8nement des\u00a0<a title=\"Castrat\" href=\"https:\/\/fr.wikipedia.org\/wiki\/Castrat\">castrats<\/a>\u00a0(<a title=\"Farinelli\" href=\"https:\/\/fr.wikipedia.org\/wiki\/Farinelli\">Farinelli<\/a>) et au culte du\u00a0<a title=\"Bel canto\" href=\"https:\/\/fr.wikipedia.org\/wiki\/Bel_canto\">bel canto<\/a>\u00a0au travers de divas telle\u00a0<a title=\"Renata Tebaldi\" href=\"https:\/\/fr.wikipedia.org\/wiki\/Renata_Tebaldi\">Renata Tebaldi<\/a>\u00a0(<a title=\"Soprano\" href=\"https:\/\/fr.wikipedia.org\/wiki\/Soprano\">soprano<\/a>) ou\u00a0<a title=\"Cecilia Bartoli\" href=\"https:\/\/fr.wikipedia.org\/wiki\/Cecilia_Bartoli\">Cecilia Bartoli<\/a>\u00a0(<a title=\"Mezzo-soprano\" href=\"https:\/\/fr.wikipedia.org\/wiki\/Mezzo-soprano\">mezzo-soprano<\/a>) ou de\u00a0<a title=\"T\u00e9nor\" href=\"https:\/\/fr.wikipedia.org\/wiki\/T%C3%A9nor\">t\u00e9nors<\/a>\u00a0tels\u00a0<a title=\"Enrico Caruso\" href=\"https:\/\/fr.wikipedia.org\/wiki\/Enrico_Caruso\">Enrico Caruso<\/a>\u00a0ou\u00a0<a title=\"Luciano Pavarotti\" href=\"https:\/\/fr.wikipedia.org\/wiki\/Luciano_Pavarotti\">Luciano Pavarotti<\/a>. Parmi les grands compositeurs d&rsquo;op\u00e9ra figurent\u00a0<a title=\"Vincenzo Bellini\" href=\"https:\/\/fr.wikipedia.org\/wiki\/Vincenzo_Bellini\">Vincenzo Bellini<\/a>,\u00a0<a title=\"Domenico Cimarosa\" href=\"https:\/\/fr.wikipedia.org\/wiki\/Domenico_Cimarosa\">Domenico Cimarosa<\/a>,\u00a0<a title=\"Luigi Dallapiccola\" href=\"https:\/\/fr.wikipedia.org\/wiki\/Luigi_Dallapiccola\">Luigi Dallapiccola<\/a>,\u00a0<a title=\"Gaetano Donizetti\" href=\"https:\/\/fr.wikipedia.org\/wiki\/Gaetano_Donizetti\">Gaetano Donizetti<\/a>,\u00a0<a title=\"Bruno Maderna\" href=\"https:\/\/fr.wikipedia.org\/wiki\/Bruno_Maderna\">Bruno Maderna<\/a>,\u00a0<a title=\"Claudio Monteverdi\" href=\"https:\/\/fr.wikipedia.org\/wiki\/Claudio_Monteverdi\">Claudio Monteverdi<\/a>,\u00a0<a title=\"Jacopo Peri\" href=\"https:\/\/fr.wikipedia.org\/wiki\/Jacopo_Peri\">Jacopo Peri<\/a>,\u00a0<a title=\"Giacomo Puccini\" href=\"https:\/\/fr.wikipedia.org\/wiki\/Giacomo_Puccini\">Giacomo Puccini<\/a>,\u00a0<a title=\"Gioachino Rossini\" href=\"https:\/\/fr.wikipedia.org\/wiki\/Gioachino_Rossini\">Gioachino Rossini<\/a>, et\u00a0<a title=\"Giuseppe Verdi\" href=\"https:\/\/fr.wikipedia.org\/wiki\/Giuseppe_Verdi\">Giuseppe Verdi<\/a>.<\/p>\n<p style=\"text-align: justify;\">Bien que moins connu, ce style est aussi l&rsquo;apanage de la cr\u00e9ativit\u00e9 italienne en ses d\u00e9buts (\u00e0 la\u00a0<a class=\"mw-redirect\" title=\"Renaissance (p\u00e9riode historique)\" href=\"https:\/\/fr.wikipedia.org\/wiki\/Renaissance_(p%C3%A9riode_historique)\">Renaissance<\/a>), \u00e0\u00a0<a title=\"Milan\" href=\"https:\/\/fr.wikipedia.org\/wiki\/Milan\">Milan<\/a>\u00a0notamment. L&rsquo;un des premiers\u00a0<a title=\"Ballet de cour\" href=\"https:\/\/fr.wikipedia.org\/wiki\/Ballet_de_cour\">ballets de Cour<\/a>\u00a0cr\u00e9\u00e9s en France en 1581 fut compos\u00e9 par\u00a0<a title=\"Balthazar de Beaujoyeulx\" href=\"https:\/\/fr.wikipedia.org\/wiki\/Balthazar_de_Beaujoyeulx\">Balthazar de Beaujoyeulx<\/a>\u00a0(en fait \u00ab\u00a0Baltazarini di Belgioioso\u00a0\u00bb). D&rsquo;autres chor\u00e9graphes-compositeurs suivront\u00a0:\u00a0<a title=\"Fabritio Caroso\" href=\"https:\/\/fr.wikipedia.org\/wiki\/Fabritio_Caroso\">Fabritio Caroso<\/a>,\u00a0<a title=\"Cesare Negri\" href=\"https:\/\/fr.wikipedia.org\/wiki\/Cesare_Negri\">Cesare Negri<\/a>, et\u00a0<a title=\"Salvatore Vigan\u00f2\" href=\"https:\/\/fr.wikipedia.org\/wiki\/Salvatore_Vigan%C3%B2\">Salvatore Vigan\u00f2<\/a>.<\/p>\n","protected":false},"excerpt":{"rendered":"<p>Image mise en avant : Scarlatti &nbsp; Histoire de la musique classique occidentale &nbsp; Scarlatti &nbsp; L&rsquo;Italie\u00a0est, d\u00e8s le Moyen \u00c2ge, le berceau de la musique classique avec\u00a0Guido d&rsquo;Arezzo\u00a0(la\u00a0notation musicale) et\u00a0P\u00e9trarque\u00a0(les\u00a0canzonieri\u00a0des\u00a0troubadours), qui chacun \u00e0 leur mani\u00e8re particip\u00e8rent \u00e0 son d\u00e9veloppement. Le\u00a0madrigal du Trecento\u00a0et les\u00a0estampies\u00a0donnent une id\u00e9e de l&rsquo;\u00e9volution de la musique profane. Aujourd&rsquo;hui[Quand\u00a0?]\u00a0encore, nombre de [&hellip;]<\/p>\n","protected":false},"author":1,"featured_media":20583,"parent":0,"menu_order":0,"comment_status":"closed","ping_status":"closed","template":"","meta":{"footnotes":""},"class_list":["post-20522","page","type-page","status-publish","has-post-thumbnail","hentry"],"_links":{"self":[{"href":"https:\/\/oraziopuglisi.art\/index.php\/wp-json\/wp\/v2\/pages\/20522","targetHints":{"allow":["GET"]}}],"collection":[{"href":"https:\/\/oraziopuglisi.art\/index.php\/wp-json\/wp\/v2\/pages"}],"about":[{"href":"https:\/\/oraziopuglisi.art\/index.php\/wp-json\/wp\/v2\/types\/page"}],"author":[{"embeddable":true,"href":"https:\/\/oraziopuglisi.art\/index.php\/wp-json\/wp\/v2\/users\/1"}],"replies":[{"embeddable":true,"href":"https:\/\/oraziopuglisi.art\/index.php\/wp-json\/wp\/v2\/comments?post=20522"}],"version-history":[{"count":8,"href":"https:\/\/oraziopuglisi.art\/index.php\/wp-json\/wp\/v2\/pages\/20522\/revisions"}],"predecessor-version":[{"id":20588,"href":"https:\/\/oraziopuglisi.art\/index.php\/wp-json\/wp\/v2\/pages\/20522\/revisions\/20588"}],"wp:featuredmedia":[{"embeddable":true,"href":"https:\/\/oraziopuglisi.art\/index.php\/wp-json\/wp\/v2\/media\/20583"}],"wp:attachment":[{"href":"https:\/\/oraziopuglisi.art\/index.php\/wp-json\/wp\/v2\/media?parent=20522"}],"curies":[{"name":"wp","href":"https:\/\/api.w.org\/{rel}","templated":true}]}}