{"id":19786,"date":"2025-10-30T09:22:20","date_gmt":"2025-10-30T08:22:20","guid":{"rendered":"https:\/\/oraziopuglisi.art\/?page_id=19786"},"modified":"2025-10-30T23:34:16","modified_gmt":"2025-10-30T22:34:16","slug":"the-hub","status":"publish","type":"page","link":"https:\/\/oraziopuglisi.art\/index.php\/the-hub\/","title":{"rendered":"The Hub"},"content":{"rendered":"<p style=\"text-align: center;\"><a href=\"https:\/\/en.wikipedia.org\/wiki\/The_Hub,_Edinburgh\">The Hub<\/a><\/p>\n<p>&nbsp;<\/p>\n<p style=\"text-align: justify;\"><b><span dir=\"auto\">Le Hub<\/span><\/b><span dir=\"auto\">\u00a0est un b\u00e2timent public d\u00e9di\u00e9 aux arts et aux \u00e9v\u00e9nements, situ\u00e9 au c\u0153ur d&rsquo;\u00a0<\/span><a title=\"\u00c9dimbourg\" href=\"https:\/\/en.wikipedia.org\/wiki\/Edinburgh\"><span dir=\"auto\">\u00c9dimbourg<\/span><\/a><span dir=\"auto\">\u00a0, en \u00c9cosse. Perch\u00e9 en haut du\u00a0<\/span><a title=\"Royal Mile\" href=\"https:\/\/en.wikipedia.org\/wiki\/Royal_Mile\"><span dir=\"auto\">Royal Mile<\/span><\/a><span dir=\"auto\">\u00a0, il constitue un point de rep\u00e8re embl\u00e9matique\u00a0: sa haute\u00a0fl\u00e8che\u00a0<\/span><a title=\"Architecture gothique\" href=\"https:\/\/en.wikipedia.org\/wiki\/Gothic_architecture\"><span dir=\"auto\">gothique (71,7 m\u00e8tres\u00a0<\/span><\/a><sup id=\"cite_ref-1\" class=\"reference\"><a href=\"https:\/\/en.wikipedia.org\/wiki\/The_Hub,_Edinburgh#cite_note-1\"><span class=\"cite-bracket\"><span dir=\"auto\">[<\/span><\/span><span dir=\"auto\">\u00a01\u00a0<\/span><span class=\"cite-bracket\"><span dir=\"auto\">]<\/span><\/span><\/a><\/sup><span dir=\"auto\">\u00a0) est le point culminant du centre d&rsquo;\u00c9dimbourg et domine les b\u00e2timents environnants, au pied\u00a0<\/span><a title=\"Ch\u00e2teau d'\u00c9dimbourg\" href=\"https:\/\/en.wikipedia.org\/wiki\/Edinburgh_Castle\"><span dir=\"auto\">du ch\u00e2teau<\/span><\/a><span dir=\"auto\">\u00a0. Il s&rsquo;agissait autrefois de l&rsquo;\u00a0<\/span><b><span dir=\"auto\">\u00e9glise Highland Tolbooth St John&rsquo;s.<\/span><\/b><\/p>\n<p>&nbsp;<\/p>\n<p><iframe loading=\"lazy\" title=\"WhatsApp Vid\u00e9o 2025 10 27 \u00e0 13 04 01 3f5f3eb3\" width=\"506\" height=\"900\" src=\"https:\/\/www.youtube.com\/embed\/nj101lj6YYI?feature=oembed\" frameborder=\"0\" allow=\"accelerometer; autoplay; clipboard-write; encrypted-media; gyroscope; picture-in-picture; web-share\" referrerpolicy=\"strict-origin-when-cross-origin\" allowfullscreen><\/iframe><\/p>\n<p style=\"text-align: justify;\"><span dir=\"auto\">L&rsquo;\u00e9difice est un exemple remarquable d&rsquo;\u00a0<\/span><a title=\"architecture n\u00e9o-gothique\" href=\"https:\/\/en.wikipedia.org\/wiki\/Gothic_Revival_architecture\"><span dir=\"auto\">architecture n\u00e9ogothique<\/span><\/a><span dir=\"auto\">\u00a0et a \u00e9t\u00e9 con\u00e7u par les architectes\u00a0<\/span><a title=\"James Gillespie Graham\" href=\"https:\/\/en.wikipedia.org\/wiki\/James_Gillespie_Graham\"><span dir=\"auto\">J. Gillespie Graham<\/span><\/a><span dir=\"auto\">\u00a0et\u00a0<\/span><a title=\"Auguste Pugin\" href=\"https:\/\/en.wikipedia.org\/wiki\/Augustus_Pugin\"><span dir=\"auto\">Augustus Pugin<\/span><\/a><span dir=\"auto\">\u00a0. Construit entre 1842 et 1845, il \u00e9tait initialement destin\u00e9 \u00e0 servir de salle de r\u00e9union pour l&rsquo;\u00a0<\/span><a title=\"Assembl\u00e9e g\u00e9n\u00e9rale de l'\u00c9glise d'\u00c9cosse\" href=\"https:\/\/en.wikipedia.org\/wiki\/General_Assembly_of_the_Church_of_Scotland\"><span dir=\"auto\">Assembl\u00e9e g\u00e9n\u00e9rale de l&rsquo;\u00c9glise d&rsquo;\u00c9cosse<\/span><\/a><span dir=\"auto\">\u00a0. De 1929 jusqu&rsquo;au milieu des ann\u00e9es 1980, il a \u00e9t\u00e9 utilis\u00e9 comme \u00e9glise. Aujourd&rsquo;hui, il accueille le\u00a0<\/span><a title=\"Festival international d'\u00c9dimbourg\" href=\"https:\/\/en.wikipedia.org\/wiki\/Edinburgh_International_Festival\"><span dir=\"auto\">Festival international d&rsquo;\u00c9dimbourg<\/span><\/a><span dir=\"auto\">\u00a0et fait office de billetterie, de centre d&rsquo;information et de salle de spectacle.\u00a0<\/span><sup id=\"cite_ref-history_2-0\" class=\"reference\"><a href=\"https:\/\/en.wikipedia.org\/wiki\/The_Hub,_Edinburgh#cite_note-history-2\"><span class=\"cite-bracket\"><span dir=\"auto\">[<\/span><\/span><span dir=\"auto\">\u00a02\u00a0<\/span><span class=\"cite-bracket\"><span dir=\"auto\">]<\/span><\/span><\/a><\/sup><span dir=\"auto\">\u00a0L&rsquo;Assembl\u00e9e g\u00e9n\u00e9rale de l&rsquo;\u00c9glise d&rsquo;\u00c9cosse continue de s&rsquo;y r\u00e9unir chaque ann\u00e9e au mois de mai.<\/span><\/p>\n<p>&nbsp;<\/p>\n<p><iframe loading=\"lazy\" title=\"WhatsApp Vid\u00e9o 2025 10 27 \u00e0 13 05 08 3ca4a9e3\" width=\"506\" height=\"900\" src=\"https:\/\/www.youtube.com\/embed\/pTD_RHxUeAo?feature=oembed\" frameborder=\"0\" allow=\"accelerometer; autoplay; clipboard-write; encrypted-media; gyroscope; picture-in-picture; web-share\" referrerpolicy=\"strict-origin-when-cross-origin\" allowfullscreen><\/iframe><\/p>\n<div class=\"mw-heading mw-heading2\">\n<h2 id=\"History\" style=\"text-align: center;\"><span dir=\"auto\">Histoire<\/span><\/h2>\n<\/div>\n<figure class=\"mw-default-size mw-halign-left\"><a class=\"mw-file-description\" href=\"https:\/\/en.wikipedia.org\/wiki\/File:Former_Tolbooth_Church,_Castlehill,_Edinburgh.png\"><img loading=\"lazy\" decoding=\"async\" class=\"mw-file-element aligncenter\" src=\"https:\/\/upload.wikimedia.org\/wikipedia\/commons\/thumb\/d\/da\/Former_Tolbooth_Church%2C_Castlehill%2C_Edinburgh.png\/250px-Former_Tolbooth_Church%2C_Castlehill%2C_Edinburgh.png\" srcset=\"\/\/upload.wikimedia.org\/wikipedia\/commons\/d\/da\/Former_Tolbooth_Church%2C_Castlehill%2C_Edinburgh.png 1.5x\" width=\"417\" height=\"736\" data-file-width=\"268\" data-file-height=\"473\" \/><\/a><figcaption><span dir=\"auto\">Ancienne \u00e9glise Tolbooth, Castlehill, \u00c9dimbourg<\/span><\/figcaption><\/figure>\n<figure><\/figure>\n<p style=\"text-align: justify;\"><span dir=\"auto\">Au milieu du XIXe si\u00e8cle, l&rsquo;\u00a0<\/span><a title=\"Assembl\u00e9e g\u00e9n\u00e9rale de l'\u00c9glise d'\u00c9cosse\" href=\"https:\/\/en.wikipedia.org\/wiki\/General_Assembly_of_the_Church_of_Scotland\"><span dir=\"auto\">Assembl\u00e9e g\u00e9n\u00e9rale de l&rsquo;\u00c9glise d&rsquo;\u00c9cosse<\/span><\/a><span dir=\"auto\">\u00a0se r\u00e9unissait \u00e0\u00a0<\/span><a title=\"Cath\u00e9drale Saint-Gilles\" href=\"https:\/\/en.wikipedia.org\/wiki\/St_Giles%27_Cathedral\"><span dir=\"auto\">la cath\u00e9drale Saint-Gilles<\/span><\/a><span dir=\"auto\">\u00a0. \u00c0 cette \u00e9poque, Saint-Gilles \u00e9tait divis\u00e9e en quatre \u00e9glises distinctes, chacune avec sa propre congr\u00e9gation. De 1829 \u00e0 1831, Saint-Gilles fit l&rsquo;objet de travaux de restauration men\u00e9s par l&rsquo;architecte\u00a0<\/span><a title=\"William Burn\" href=\"https:\/\/en.wikipedia.org\/wiki\/William_Burn\"><span dir=\"auto\">William Burn<\/span><\/a><span dir=\"auto\">\u00a0, et l&rsquo;Assembl\u00e9e g\u00e9n\u00e9rale dut d\u00e9m\u00e9nager.<\/span><\/p>\n<p style=\"text-align: justify;\"><span dir=\"auto\">Initialement, il \u00e9tait pr\u00e9vu de restaurer les vestiges de\u00a0<\/span><a title=\"Abbaye de Holyrood\" href=\"https:\/\/en.wikipedia.org\/wiki\/Holyrood_Abbey\"><span dir=\"auto\">l&rsquo;abbaye de Holyrood<\/span><\/a><span dir=\"auto\">\u00a0selon les plans des architectes\u00a0<\/span><a title=\"James Gillespie Graham\" href=\"https:\/\/en.wikipedia.org\/wiki\/James_Gillespie_Graham\"><span dir=\"auto\">James Gillespie Graham<\/span><\/a><span dir=\"auto\">\u00a0et du c\u00e9l\u00e8bre\u00a0<\/span><a class=\"mw-redirect\" title=\"n\u00e9o-gothique\" href=\"https:\/\/en.wikipedia.org\/wiki\/Gothic_Revival\"><span dir=\"auto\">architecte n\u00e9o-gothique\u00a0<\/span><\/a><a title=\"Auguste Pugin\" href=\"https:\/\/en.wikipedia.org\/wiki\/Augustus_Pugin\"><span dir=\"auto\">Augustus Pugin<\/span><\/a><span dir=\"auto\">\u00a0afin d&rsquo;y am\u00e9nager une nouvelle salle de r\u00e9union, mais ce projet n&rsquo;aboutit pas. Une nouvelle \u00e9glise, la Knox Memorial Church, \u00e9tait en projet au pied de Castlehill, et ses fondations avaient d\u00e9j\u00e0 \u00e9t\u00e9 pos\u00e9es par\u00a0<\/span><a title=\"Thomas Hamilton (architecte)\" href=\"https:\/\/en.wikipedia.org\/wiki\/Thomas_Hamilton_(architect)\"><span dir=\"auto\">Thomas Hamilton<\/span><\/a><span dir=\"auto\">\u00a0en 1829. L&rsquo;Assembl\u00e9e g\u00e9n\u00e9rale d\u00e9cida finalement d&rsquo;utiliser ce site et chargea Graham de concevoir un nouveau b\u00e2timent, connu sous le nom de Victoria Hall. Sa construction s&rsquo;\u00e9chelonna de 1839 \u00e0 1844 d&rsquo;apr\u00e8s les plans de Graham et Pugin, et sa premi\u00e8re pierre fut pos\u00e9e par\u00a0<\/span><a title=\"La reine Victoria\" href=\"https:\/\/en.wikipedia.org\/wiki\/Queen_Victoria\"><span dir=\"auto\">la reine Victoria<\/span><\/a><span dir=\"auto\">\u00a0le 3 septembre 1842 lors de sa premi\u00e8re visite \u00e0 \u00c9dimbourg.\u00a0<\/span><sup id=\"cite_ref-fasti_3-0\" class=\"reference\"><a href=\"https:\/\/en.wikipedia.org\/wiki\/The_Hub,_Edinburgh#cite_note-fasti-3\"><span class=\"cite-bracket\"><span dir=\"auto\">[<\/span><\/span><span dir=\"auto\">\u00a03\u00a0<\/span><span class=\"cite-bracket\"><span dir=\"auto\">]<\/span><\/span><\/a><\/sup><span dir=\"auto\">\u00a0Une des congr\u00e9gations de l&rsquo;\u00e9glise St Giles, les fid\u00e8les de la Tolbooth Kirk, s&rsquo;y installa \u00e9galement en 1843.\u00a0<\/span><sup id=\"cite_ref-HES_4-0\" class=\"reference\"><a href=\"https:\/\/en.wikipedia.org\/wiki\/The_Hub,_Edinburgh#cite_note-HES-4\"><span class=\"cite-bracket\"><span dir=\"auto\">[<\/span><\/span><span dir=\"auto\">\u00a04\u00a0<\/span><span class=\"cite-bracket\"><span dir=\"auto\">]\u00a0<\/span><\/span><\/a><\/sup><sup id=\"cite_ref-canmore_5-0\" class=\"reference\"><a href=\"https:\/\/en.wikipedia.org\/wiki\/The_Hub,_Edinburgh#cite_note-canmore-5\"><span class=\"cite-bracket\"><span dir=\"auto\">[<\/span><\/span><span dir=\"auto\">\u00a05\u00a0<\/span><span class=\"cite-bracket\"><span dir=\"auto\">]<\/span><\/span><\/a><\/sup><\/p>\n<p style=\"text-align: justify;\"><span dir=\"auto\">En 1873, la paroisse fut d\u00e9tach\u00e9e en tant que paroisse\u00a0<\/span><a class=\"mw-redirect\" title=\"Quoad sacra\" href=\"https:\/\/en.wikipedia.org\/wiki\/Quoad_sacra\"><span dir=\"auto\">quoad sacra<\/span><\/a><span dir=\"auto\">\u00a0, et le financement fut transf\u00e9r\u00e9 du conseil municipal \u00e0 un comit\u00e9 mis en place par le r\u00e9v\u00e9rend\u00a0<\/span><a title=\"Archibald Charteris\" href=\"https:\/\/en.wikipedia.org\/wiki\/Archibald_Charteris\"><span dir=\"auto\">Archibald Charteris<\/span><\/a><span dir=\"auto\">\u00a0.\u00a0<\/span><sup id=\"cite_ref-fasti_3-1\" class=\"reference\"><a href=\"https:\/\/en.wikipedia.org\/wiki\/The_Hub,_Edinburgh#cite_note-fasti-3\"><span class=\"cite-bracket\"><span dir=\"auto\">[<\/span><\/span><span dir=\"auto\">\u00a03\u00a0<\/span><span class=\"cite-bracket\"><span dir=\"auto\">]<\/span><\/span><\/a><\/sup><\/p>\n<p style=\"text-align: justify;\"><span dir=\"auto\">L&rsquo;Assembl\u00e9e g\u00e9n\u00e9rale se r\u00e9unissait dans la salle basse de l&rsquo;\u00e9glise jusqu&rsquo;en 1929, date \u00e0 laquelle l&rsquo;\u00c9glise d&rsquo;\u00c9cosse fusionna avec l&rsquo;\u00a0<\/span><a title=\"\u00c9glise libre unie d'\u00c9cosse\" href=\"https:\/\/en.wikipedia.org\/wiki\/United_Free_Church_of_Scotland\"><span dir=\"auto\">\u00c9glise libre unie d&rsquo;\u00c9cosse<\/span><\/a><span dir=\"auto\">\u00a0. L&rsquo;\u00c9glise issue de cette fusion d\u00e9cida d&rsquo;utiliser l&rsquo;ancienne\u00a0<\/span><a title=\"Salle de l'Assembl\u00e9e g\u00e9n\u00e9rale de l'\u00c9glise d'\u00c9cosse\" href=\"https:\/\/en.wikipedia.org\/wiki\/General_Assembly_Hall_of_the_Church_of_Scotland\"><span dir=\"auto\">salle de l&rsquo;Assembl\u00e9e g\u00e9n\u00e9rale<\/span><\/a><span dir=\"auto\">\u00a0de l&rsquo;\u00c9glise libre unie, situ\u00e9e sur\u00a0<\/span><a title=\"Le monticule\" href=\"https:\/\/en.wikipedia.org\/wiki\/The_Mound\"><span dir=\"auto\">The Mound,<\/span><\/a><span dir=\"auto\">\u00a0pour ses futures assembl\u00e9es. L&rsquo;Assembl\u00e9e g\u00e9n\u00e9rale de l&rsquo;\u00c9glise d&rsquo;\u00c9cosse continue de s&rsquo;y r\u00e9unir \u00e0 ce jour.\u00a0<\/span><sup id=\"cite_ref-history_2-1\" class=\"reference\"><a href=\"https:\/\/en.wikipedia.org\/wiki\/The_Hub,_Edinburgh#cite_note-history-2\"><span class=\"cite-bracket\"><span dir=\"auto\">[<\/span><\/span><span dir=\"auto\">\u00a02\u00a0<\/span><span class=\"cite-bracket\"><span dir=\"auto\">]<\/span><\/span><\/a><\/sup><span dir=\"auto\">\u00a0Apr\u00e8s 1929, le b\u00e2timent fut utilis\u00e9 par diverses congr\u00e9gations comme lieu de culte, bien qu&rsquo;il n&rsquo;ait jamais \u00e9t\u00e9\u00a0<\/span><a title=\"D\u00e9dicace (rituel)\" href=\"https:\/\/en.wikipedia.org\/wiki\/Dedication_(ritual)\"><span dir=\"auto\">consacr\u00e9 comme \u00e9glise<\/span><\/a><span dir=\"auto\">\u00a0. En 1956, il fut nomm\u00e9\u00a0<\/span><b><span dir=\"auto\">Highland Tolbooth St John&rsquo;s Church<\/span><\/b><span dir=\"auto\">\u00a0. La congr\u00e9gation \u00e9tait connue pour c\u00e9l\u00e9brer des offices en\u00a0<\/span><a class=\"mw-redirect\" title=\"langue ga\u00e9lique \u00e9cossaise\" href=\"https:\/\/en.wikipedia.org\/wiki\/Scottish_Gaelic_language\"><span dir=\"auto\">ga\u00e9lique<\/span><\/a><span dir=\"auto\">\u00a0et en anglais.\u00a0<\/span><sup id=\"cite_ref-canmore_5-1\" class=\"reference\"><a href=\"https:\/\/en.wikipedia.org\/wiki\/The_Hub,_Edinburgh#cite_note-canmore-5\"><span class=\"cite-bracket\"><span dir=\"auto\">[<\/span><\/span><span dir=\"auto\">\u00a05\u00a0<\/span><span class=\"cite-bracket\"><span dir=\"auto\">]<\/span><\/span><\/a><\/sup><\/p>\n<p style=\"text-align: justify;\"><span dir=\"auto\">En 1979, la congr\u00e9gation de Tolbooth fusionna avec l&rsquo; \u00e9glise\u00a0<\/span><a title=\"\u00c9glise Greyfriars\" href=\"https:\/\/en.wikipedia.org\/wiki\/Greyfriars_Kirk\"><span dir=\"auto\">Greyfriars Kirk<\/span><\/a><span dir=\"auto\">\u00a0voisine et le b\u00e2timent de Tolbooth Kirk fut ferm\u00e9. Il resta ensuite pratiquement inutilis\u00e9 jusqu&rsquo;en 1999, date \u00e0 laquelle il fut r\u00e9am\u00e9nag\u00e9 en bureaux et en espace de spectacle pour le Festival international d&rsquo;\u00c9dimbourg et rebaptis\u00e9 \u00ab\u00a0The Hub\u00a0\u00bb.\u00a0<\/span><sup id=\"cite_ref-history_2-2\" class=\"reference\"><a href=\"https:\/\/en.wikipedia.org\/wiki\/The_Hub,_Edinburgh#cite_note-history-2\"><span class=\"cite-bracket\"><span dir=\"auto\">[<\/span><\/span><span dir=\"auto\">\u00a02\u00a0<\/span><span class=\"cite-bracket\"><span dir=\"auto\">]<\/span><\/span><\/a><\/sup><span dir=\"auto\">\u00a0Le b\u00e2timent transform\u00e9 fut inaugur\u00e9 officiellement par\u00a0<\/span><a title=\"\u00c9lisabeth II\" href=\"https:\/\/en.wikipedia.org\/wiki\/Elizabeth_II\"><span dir=\"auto\">la reine \u00c9lisabeth<\/span><\/a><span dir=\"auto\">\u00a0I\u02b3\u1d49 en 1999.\u00a0<\/span><sup id=\"cite_ref-youngson_6-0\" class=\"reference\"><a href=\"https:\/\/en.wikipedia.org\/wiki\/The_Hub,_Edinburgh#cite_note-youngson-6\"><span class=\"cite-bracket\"><span dir=\"auto\">[<\/span><\/span><span dir=\"auto\">\u00a06\u00a0<\/span><span class=\"cite-bracket\"><span dir=\"auto\">]<\/span><\/span><\/a><\/sup><\/p>\n<div class=\"mw-heading mw-heading3\">\n<h3 id=\"Modern_use\"><span dir=\"auto\">Utilisation moderne<\/span><\/h3>\n<\/div>\n<p style=\"text-align: justify;\"><span dir=\"auto\">Aujourd&rsquo;hui, il abrite le\u00a0<\/span><a title=\"Festival international d'\u00c9dimbourg\" href=\"https:\/\/en.wikipedia.org\/wiki\/Edinburgh_International_Festival\"><span dir=\"auto\">Festival international d&rsquo;\u00c9dimbourg<\/span><\/a><span dir=\"auto\">\u00a0et fait office de billetterie centrale, de centre d&rsquo;information et de salle de spectacle pour le festival. C&rsquo;est un b\u00e2timent multifonctionnel comprenant un espace de spectacle et des salles pour des r\u00e9ceptions, des conf\u00e9rences et des mariages.\u00a0<\/span><sup id=\"cite_ref-7\" class=\"reference\"><a href=\"https:\/\/en.wikipedia.org\/wiki\/The_Hub,_Edinburgh#cite_note-7\"><span class=\"cite-bracket\"><span dir=\"auto\">[<\/span><\/span><span dir=\"auto\">\u00a07\u00a0<\/span><span class=\"cite-bracket\"><span dir=\"auto\">]<\/span><\/span><\/a><\/sup><\/p>\n<p style=\"text-align: justify;\"><span dir=\"auto\">L&rsquo;int\u00e9rieur abrite le Hub Cafe ; la\u00a0<\/span><a title=\"Billetterie\" href=\"https:\/\/en.wikipedia.org\/wiki\/Box_office\"><span dir=\"auto\">billetterie<\/span><\/a><span dir=\"auto\">\u00a0centrale du Festival international ; un espace de spectacle d&rsquo;une capacit\u00e9 de 420 personnes ; et deux salles plus petites, la Glass Room et la biblioth\u00e8que Dunard, adapt\u00e9es aux \u00e9v\u00e9nements de plus petite envergure.<\/span><\/p>\n<p style=\"text-align: justify;\"><span dir=\"auto\">Avant l&rsquo;ach\u00e8vement du nouveau\u00a0<\/span><a title=\"B\u00e2timent du Parlement \u00e9cossais\" href=\"https:\/\/en.wikipedia.org\/wiki\/Scottish_Parliament_Building\"><span dir=\"auto\">b\u00e2timent du Parlement \u00e9cossais<\/span><\/a><span dir=\"auto\">\u00a0\u00e0 Holyrood en 2004, le Hub servait occasionnellement de salle de r\u00e9union pour le\u00a0<\/span><a title=\"Parlement \u00e9cossais\" href=\"https:\/\/en.wikipedia.org\/wiki\/Scottish_Parliament\"><span dir=\"auto\">Parlement \u00e9cossais<\/span><\/a><span dir=\"auto\">\u00a0lorsque la salle de l&rsquo;Assembl\u00e9e g\u00e9n\u00e9rale de l&rsquo;\u00c9glise d&rsquo;\u00c9cosse \u00e9tait indisponible. Le Parlement y a r\u00e9occup\u00e9 les lieux pendant deux semaines suite \u00e0 l&rsquo;effondrement d&rsquo;une poutre dans son h\u00e9micycle le 2 mars 2006.<\/span><\/p>\n<p>&nbsp;<\/p>\n<p style=\"text-align: justify;\"><img loading=\"lazy\" decoding=\"async\" class=\"alignnone size-full wp-image-19358\" src=\"http:\/\/oraziopuglisi.art\/wp-content\/uploads\/2025\/10\/WhatsApp-Image-2025-10-27-a-14.25.29_1a8dabc5.jpg\" alt=\"\" width=\"1058\" height=\"1599\" srcset=\"https:\/\/oraziopuglisi.art\/wp-content\/uploads\/2025\/10\/WhatsApp-Image-2025-10-27-a-14.25.29_1a8dabc5.jpg 1058w, https:\/\/oraziopuglisi.art\/wp-content\/uploads\/2025\/10\/WhatsApp-Image-2025-10-27-a-14.25.29_1a8dabc5-198x300.jpg 198w, https:\/\/oraziopuglisi.art\/wp-content\/uploads\/2025\/10\/WhatsApp-Image-2025-10-27-a-14.25.29_1a8dabc5-678x1024.jpg 678w, https:\/\/oraziopuglisi.art\/wp-content\/uploads\/2025\/10\/WhatsApp-Image-2025-10-27-a-14.25.29_1a8dabc5-768x1161.jpg 768w, https:\/\/oraziopuglisi.art\/wp-content\/uploads\/2025\/10\/WhatsApp-Image-2025-10-27-a-14.25.29_1a8dabc5-1016x1536.jpg 1016w, https:\/\/oraziopuglisi.art\/wp-content\/uploads\/2025\/10\/WhatsApp-Image-2025-10-27-a-14.25.29_1a8dabc5-508x768.jpg 508w\" sizes=\"auto, (max-width: 1058px) 100vw, 1058px\" \/> <img loading=\"lazy\" decoding=\"async\" class=\"alignnone size-full wp-image-19359\" src=\"http:\/\/oraziopuglisi.art\/wp-content\/uploads\/2025\/10\/WhatsApp-Image-2025-10-27-a-14.25.29_7dfb11ae.jpg\" alt=\"\" width=\"720\" height=\"1600\" srcset=\"https:\/\/oraziopuglisi.art\/wp-content\/uploads\/2025\/10\/WhatsApp-Image-2025-10-27-a-14.25.29_7dfb11ae.jpg 720w, https:\/\/oraziopuglisi.art\/wp-content\/uploads\/2025\/10\/WhatsApp-Image-2025-10-27-a-14.25.29_7dfb11ae-135x300.jpg 135w, https:\/\/oraziopuglisi.art\/wp-content\/uploads\/2025\/10\/WhatsApp-Image-2025-10-27-a-14.25.29_7dfb11ae-461x1024.jpg 461w, https:\/\/oraziopuglisi.art\/wp-content\/uploads\/2025\/10\/WhatsApp-Image-2025-10-27-a-14.25.29_7dfb11ae-691x1536.jpg 691w, https:\/\/oraziopuglisi.art\/wp-content\/uploads\/2025\/10\/WhatsApp-Image-2025-10-27-a-14.25.29_7dfb11ae-508x1129.jpg 508w\" sizes=\"auto, (max-width: 720px) 100vw, 720px\" \/><\/p>\n<p>&nbsp;<\/p>\n","protected":false},"excerpt":{"rendered":"<p>The Hub &nbsp; Le Hub\u00a0est un b\u00e2timent public d\u00e9di\u00e9 aux arts et aux \u00e9v\u00e9nements, situ\u00e9 au c\u0153ur d&rsquo;\u00a0\u00c9dimbourg\u00a0, en \u00c9cosse. Perch\u00e9 en haut du\u00a0Royal Mile\u00a0, il constitue un point de rep\u00e8re embl\u00e9matique\u00a0: sa haute\u00a0fl\u00e8che\u00a0gothique (71,7 m\u00e8tres\u00a0[\u00a01\u00a0]\u00a0) est le point culminant du centre d&rsquo;\u00c9dimbourg et domine les b\u00e2timents environnants, au pied\u00a0du ch\u00e2teau\u00a0. Il s&rsquo;agissait autrefois de [&hellip;]<\/p>\n","protected":false},"author":1,"featured_media":20090,"parent":0,"menu_order":0,"comment_status":"closed","ping_status":"closed","template":"","meta":{"footnotes":""},"class_list":["post-19786","page","type-page","status-publish","has-post-thumbnail","hentry"],"_links":{"self":[{"href":"https:\/\/oraziopuglisi.art\/index.php\/wp-json\/wp\/v2\/pages\/19786","targetHints":{"allow":["GET"]}}],"collection":[{"href":"https:\/\/oraziopuglisi.art\/index.php\/wp-json\/wp\/v2\/pages"}],"about":[{"href":"https:\/\/oraziopuglisi.art\/index.php\/wp-json\/wp\/v2\/types\/page"}],"author":[{"embeddable":true,"href":"https:\/\/oraziopuglisi.art\/index.php\/wp-json\/wp\/v2\/users\/1"}],"replies":[{"embeddable":true,"href":"https:\/\/oraziopuglisi.art\/index.php\/wp-json\/wp\/v2\/comments?post=19786"}],"version-history":[{"count":12,"href":"https:\/\/oraziopuglisi.art\/index.php\/wp-json\/wp\/v2\/pages\/19786\/revisions"}],"predecessor-version":[{"id":20089,"href":"https:\/\/oraziopuglisi.art\/index.php\/wp-json\/wp\/v2\/pages\/19786\/revisions\/20089"}],"wp:featuredmedia":[{"embeddable":true,"href":"https:\/\/oraziopuglisi.art\/index.php\/wp-json\/wp\/v2\/media\/20090"}],"wp:attachment":[{"href":"https:\/\/oraziopuglisi.art\/index.php\/wp-json\/wp\/v2\/media?parent=19786"}],"curies":[{"name":"wp","href":"https:\/\/api.w.org\/{rel}","templated":true}]}}