{"id":19767,"date":"2025-10-30T09:12:24","date_gmt":"2025-10-30T08:12:24","guid":{"rendered":"https:\/\/oraziopuglisi.art\/?page_id=19767"},"modified":"2025-10-30T21:29:24","modified_gmt":"2025-10-30T20:29:24","slug":"petit-dej-2","status":"publish","type":"page","link":"https:\/\/oraziopuglisi.art\/index.php\/petit-dej-2\/","title":{"rendered":"Petit d\u00e9j"},"content":{"rendered":"<p style=\"text-align: center;\">\u00a0<\/p>\n<p>&nbsp;<\/p>\n<p>&nbsp;<\/p>\n<div style=\"width: 600px;\" class=\"wp-video\"><video class=\"wp-video-shortcode\" id=\"video-19767-1\" width=\"600\" height=\"338\" preload=\"metadata\" controls=\"controls\"><source type=\"video\/mp4\" src=\"http:\/\/oraziopuglisi.art\/wp-content\/uploads\/2025\/10\/WhatsApp-Video-2025-10-27-a-16.59.52_c1639bf5.mp4?_=1\" \/><a href=\"http:\/\/oraziopuglisi.art\/wp-content\/uploads\/2025\/10\/WhatsApp-Video-2025-10-27-a-16.59.52_c1639bf5.mp4\">http:\/\/oraziopuglisi.art\/wp-content\/uploads\/2025\/10\/WhatsApp-Video-2025-10-27-a-16.59.52_c1639bf5.mp4<\/a><\/video><\/div>\n<p>&nbsp;<\/p>\n<p>&nbsp;<\/p>\n<p>&nbsp;<\/p>\n<p style=\"text-align: justify;\">Le petit d\u00e9j apr\u00e8s 30 \u00e0 40 minutes d&rsquo;attente !!!!! J&rsquo;ai pas dit good morning \u00e0 la dame qui a insist\u00e9 pour que je lui r\u00e9ponde good morning : Je lui ai r\u00e9pondu \u00ab\u00a0j&rsquo;ai pas envie de vous dire good morning !\u00a0\u00bb<\/p>\n<p style=\"text-align: justify;\">You make a bad job 30 \u00e0 40 minutes d&rsquo;attente alors qu&rsquo;on cr\u00e8ve la dalle !!! Bad Job elle \u00e9tait pas contente la dame, c&rsquo;est jamais bon d&rsquo;entendre la v\u00e9rit\u00e9 !<\/p>\n<p>&nbsp;<\/p>\n<p style=\"text-align: justify;\">Ci dessous le parc de l&rsquo;H\u00f4tel vues prises de la salle de petit d\u00e9j (o\u00f9 il faut attendre un max avant de pouvoir grailler !!! Au moins la vue sur la jardin est belle ! Pour Mardi matin on a rep\u00e9r\u00e9 les meilleures tables, vue sur le parc et les grands corbeaux noirs !<\/p>\n<p><img loading=\"lazy\" decoding=\"async\" class=\"alignnone size-full wp-image-19320\" src=\"http:\/\/oraziopuglisi.art\/wp-content\/uploads\/2025\/10\/WhatsApp-Image-2025-10-27-a-10.08.53_247bba56.jpg\" alt=\"\" width=\"900\" height=\"1600\" srcset=\"https:\/\/oraziopuglisi.art\/wp-content\/uploads\/2025\/10\/WhatsApp-Image-2025-10-27-a-10.08.53_247bba56.jpg 900w, https:\/\/oraziopuglisi.art\/wp-content\/uploads\/2025\/10\/WhatsApp-Image-2025-10-27-a-10.08.53_247bba56-169x300.jpg 169w, https:\/\/oraziopuglisi.art\/wp-content\/uploads\/2025\/10\/WhatsApp-Image-2025-10-27-a-10.08.53_247bba56-576x1024.jpg 576w, https:\/\/oraziopuglisi.art\/wp-content\/uploads\/2025\/10\/WhatsApp-Image-2025-10-27-a-10.08.53_247bba56-768x1365.jpg 768w, https:\/\/oraziopuglisi.art\/wp-content\/uploads\/2025\/10\/WhatsApp-Image-2025-10-27-a-10.08.53_247bba56-864x1536.jpg 864w, https:\/\/oraziopuglisi.art\/wp-content\/uploads\/2025\/10\/WhatsApp-Image-2025-10-27-a-10.08.53_247bba56-508x903.jpg 508w\" sizes=\"auto, (max-width: 900px) 100vw, 900px\" \/> <img loading=\"lazy\" decoding=\"async\" class=\"alignnone size-full wp-image-19321\" src=\"http:\/\/oraziopuglisi.art\/wp-content\/uploads\/2025\/10\/WhatsApp-Image-2025-10-27-a-10.08.53_576e2f50.jpg\" alt=\"\" width=\"900\" height=\"1600\" srcset=\"https:\/\/oraziopuglisi.art\/wp-content\/uploads\/2025\/10\/WhatsApp-Image-2025-10-27-a-10.08.53_576e2f50.jpg 900w, https:\/\/oraziopuglisi.art\/wp-content\/uploads\/2025\/10\/WhatsApp-Image-2025-10-27-a-10.08.53_576e2f50-169x300.jpg 169w, https:\/\/oraziopuglisi.art\/wp-content\/uploads\/2025\/10\/WhatsApp-Image-2025-10-27-a-10.08.53_576e2f50-576x1024.jpg 576w, https:\/\/oraziopuglisi.art\/wp-content\/uploads\/2025\/10\/WhatsApp-Image-2025-10-27-a-10.08.53_576e2f50-768x1365.jpg 768w, https:\/\/oraziopuglisi.art\/wp-content\/uploads\/2025\/10\/WhatsApp-Image-2025-10-27-a-10.08.53_576e2f50-864x1536.jpg 864w, https:\/\/oraziopuglisi.art\/wp-content\/uploads\/2025\/10\/WhatsApp-Image-2025-10-27-a-10.08.53_576e2f50-508x903.jpg 508w\" sizes=\"auto, (max-width: 900px) 100vw, 900px\" \/> <img loading=\"lazy\" decoding=\"async\" class=\"alignnone size-full wp-image-19322\" src=\"http:\/\/oraziopuglisi.art\/wp-content\/uploads\/2025\/10\/WhatsApp-Image-2025-10-27-a-10.08.53_a5dc7171.jpg\" alt=\"\" width=\"900\" height=\"1600\" srcset=\"https:\/\/oraziopuglisi.art\/wp-content\/uploads\/2025\/10\/WhatsApp-Image-2025-10-27-a-10.08.53_a5dc7171.jpg 900w, https:\/\/oraziopuglisi.art\/wp-content\/uploads\/2025\/10\/WhatsApp-Image-2025-10-27-a-10.08.53_a5dc7171-169x300.jpg 169w, https:\/\/oraziopuglisi.art\/wp-content\/uploads\/2025\/10\/WhatsApp-Image-2025-10-27-a-10.08.53_a5dc7171-576x1024.jpg 576w, https:\/\/oraziopuglisi.art\/wp-content\/uploads\/2025\/10\/WhatsApp-Image-2025-10-27-a-10.08.53_a5dc7171-768x1365.jpg 768w, https:\/\/oraziopuglisi.art\/wp-content\/uploads\/2025\/10\/WhatsApp-Image-2025-10-27-a-10.08.53_a5dc7171-864x1536.jpg 864w, https:\/\/oraziopuglisi.art\/wp-content\/uploads\/2025\/10\/WhatsApp-Image-2025-10-27-a-10.08.53_a5dc7171-508x903.jpg 508w\" sizes=\"auto, (max-width: 900px) 100vw, 900px\" \/> <img loading=\"lazy\" decoding=\"async\" class=\"alignnone size-full wp-image-19323\" src=\"http:\/\/oraziopuglisi.art\/wp-content\/uploads\/2025\/10\/WhatsApp-Image-2025-10-27-a-10.08.53_fb2e53a7.jpg\" alt=\"\" width=\"900\" height=\"1600\" srcset=\"https:\/\/oraziopuglisi.art\/wp-content\/uploads\/2025\/10\/WhatsApp-Image-2025-10-27-a-10.08.53_fb2e53a7.jpg 900w, https:\/\/oraziopuglisi.art\/wp-content\/uploads\/2025\/10\/WhatsApp-Image-2025-10-27-a-10.08.53_fb2e53a7-169x300.jpg 169w, https:\/\/oraziopuglisi.art\/wp-content\/uploads\/2025\/10\/WhatsApp-Image-2025-10-27-a-10.08.53_fb2e53a7-576x1024.jpg 576w, https:\/\/oraziopuglisi.art\/wp-content\/uploads\/2025\/10\/WhatsApp-Image-2025-10-27-a-10.08.53_fb2e53a7-768x1365.jpg 768w, https:\/\/oraziopuglisi.art\/wp-content\/uploads\/2025\/10\/WhatsApp-Image-2025-10-27-a-10.08.53_fb2e53a7-864x1536.jpg 864w, https:\/\/oraziopuglisi.art\/wp-content\/uploads\/2025\/10\/WhatsApp-Image-2025-10-27-a-10.08.53_fb2e53a7-508x903.jpg 508w\" sizes=\"auto, (max-width: 900px) 100vw, 900px\" \/> <img loading=\"lazy\" decoding=\"async\" class=\"alignnone size-full wp-image-19324\" src=\"http:\/\/oraziopuglisi.art\/wp-content\/uploads\/2025\/10\/WhatsApp-Image-2025-10-27-a-10.19.06_67b0f28b.jpg\" alt=\"\" width=\"900\" height=\"1600\" srcset=\"https:\/\/oraziopuglisi.art\/wp-content\/uploads\/2025\/10\/WhatsApp-Image-2025-10-27-a-10.19.06_67b0f28b.jpg 900w, https:\/\/oraziopuglisi.art\/wp-content\/uploads\/2025\/10\/WhatsApp-Image-2025-10-27-a-10.19.06_67b0f28b-169x300.jpg 169w, https:\/\/oraziopuglisi.art\/wp-content\/uploads\/2025\/10\/WhatsApp-Image-2025-10-27-a-10.19.06_67b0f28b-576x1024.jpg 576w, https:\/\/oraziopuglisi.art\/wp-content\/uploads\/2025\/10\/WhatsApp-Image-2025-10-27-a-10.19.06_67b0f28b-768x1365.jpg 768w, https:\/\/oraziopuglisi.art\/wp-content\/uploads\/2025\/10\/WhatsApp-Image-2025-10-27-a-10.19.06_67b0f28b-864x1536.jpg 864w, https:\/\/oraziopuglisi.art\/wp-content\/uploads\/2025\/10\/WhatsApp-Image-2025-10-27-a-10.19.06_67b0f28b-508x903.jpg 508w\" sizes=\"auto, (max-width: 900px) 100vw, 900px\" \/> <img loading=\"lazy\" decoding=\"async\" class=\"alignnone size-full wp-image-19325\" src=\"http:\/\/oraziopuglisi.art\/wp-content\/uploads\/2025\/10\/WhatsApp-Image-2025-10-27-a-10.19.21_58e81e7c.jpg\" alt=\"\" width=\"900\" height=\"1600\" srcset=\"https:\/\/oraziopuglisi.art\/wp-content\/uploads\/2025\/10\/WhatsApp-Image-2025-10-27-a-10.19.21_58e81e7c.jpg 900w, https:\/\/oraziopuglisi.art\/wp-content\/uploads\/2025\/10\/WhatsApp-Image-2025-10-27-a-10.19.21_58e81e7c-169x300.jpg 169w, https:\/\/oraziopuglisi.art\/wp-content\/uploads\/2025\/10\/WhatsApp-Image-2025-10-27-a-10.19.21_58e81e7c-576x1024.jpg 576w, https:\/\/oraziopuglisi.art\/wp-content\/uploads\/2025\/10\/WhatsApp-Image-2025-10-27-a-10.19.21_58e81e7c-768x1365.jpg 768w, https:\/\/oraziopuglisi.art\/wp-content\/uploads\/2025\/10\/WhatsApp-Image-2025-10-27-a-10.19.21_58e81e7c-864x1536.jpg 864w, https:\/\/oraziopuglisi.art\/wp-content\/uploads\/2025\/10\/WhatsApp-Image-2025-10-27-a-10.19.21_58e81e7c-508x903.jpg 508w\" sizes=\"auto, (max-width: 900px) 100vw, 900px\" \/> <img loading=\"lazy\" decoding=\"async\" class=\"alignnone size-full wp-image-19326\" src=\"http:\/\/oraziopuglisi.art\/wp-content\/uploads\/2025\/10\/WhatsApp-Image-2025-10-27-a-10.19.53_b0ee28e7.jpg\" alt=\"\" width=\"1152\" height=\"2048\" srcset=\"https:\/\/oraziopuglisi.art\/wp-content\/uploads\/2025\/10\/WhatsApp-Image-2025-10-27-a-10.19.53_b0ee28e7.jpg 1152w, https:\/\/oraziopuglisi.art\/wp-content\/uploads\/2025\/10\/WhatsApp-Image-2025-10-27-a-10.19.53_b0ee28e7-169x300.jpg 169w, https:\/\/oraziopuglisi.art\/wp-content\/uploads\/2025\/10\/WhatsApp-Image-2025-10-27-a-10.19.53_b0ee28e7-576x1024.jpg 576w, https:\/\/oraziopuglisi.art\/wp-content\/uploads\/2025\/10\/WhatsApp-Image-2025-10-27-a-10.19.53_b0ee28e7-768x1365.jpg 768w, https:\/\/oraziopuglisi.art\/wp-content\/uploads\/2025\/10\/WhatsApp-Image-2025-10-27-a-10.19.53_b0ee28e7-864x1536.jpg 864w, https:\/\/oraziopuglisi.art\/wp-content\/uploads\/2025\/10\/WhatsApp-Image-2025-10-27-a-10.19.53_b0ee28e7-508x903.jpg 508w\" sizes=\"auto, (max-width: 1152px) 100vw, 1152px\" \/> <img loading=\"lazy\" decoding=\"async\" class=\"alignnone size-full wp-image-19327\" src=\"http:\/\/oraziopuglisi.art\/wp-content\/uploads\/2025\/10\/WhatsApp-Image-2025-10-27-a-10.20.07_d73cde7a.jpg\" alt=\"\" width=\"1152\" height=\"2048\" srcset=\"https:\/\/oraziopuglisi.art\/wp-content\/uploads\/2025\/10\/WhatsApp-Image-2025-10-27-a-10.20.07_d73cde7a.jpg 1152w, https:\/\/oraziopuglisi.art\/wp-content\/uploads\/2025\/10\/WhatsApp-Image-2025-10-27-a-10.20.07_d73cde7a-169x300.jpg 169w, https:\/\/oraziopuglisi.art\/wp-content\/uploads\/2025\/10\/WhatsApp-Image-2025-10-27-a-10.20.07_d73cde7a-576x1024.jpg 576w, https:\/\/oraziopuglisi.art\/wp-content\/uploads\/2025\/10\/WhatsApp-Image-2025-10-27-a-10.20.07_d73cde7a-768x1365.jpg 768w, https:\/\/oraziopuglisi.art\/wp-content\/uploads\/2025\/10\/WhatsApp-Image-2025-10-27-a-10.20.07_d73cde7a-864x1536.jpg 864w, https:\/\/oraziopuglisi.art\/wp-content\/uploads\/2025\/10\/WhatsApp-Image-2025-10-27-a-10.20.07_d73cde7a-508x903.jpg 508w\" sizes=\"auto, (max-width: 1152px) 100vw, 1152px\" \/> <img loading=\"lazy\" decoding=\"async\" class=\"alignnone size-full wp-image-19328\" src=\"http:\/\/oraziopuglisi.art\/wp-content\/uploads\/2025\/10\/WhatsApp-Image-2025-10-27-a-10.20.25_9f87423c.jpg\" alt=\"\" width=\"1152\" height=\"2048\" srcset=\"https:\/\/oraziopuglisi.art\/wp-content\/uploads\/2025\/10\/WhatsApp-Image-2025-10-27-a-10.20.25_9f87423c.jpg 1152w, https:\/\/oraziopuglisi.art\/wp-content\/uploads\/2025\/10\/WhatsApp-Image-2025-10-27-a-10.20.25_9f87423c-169x300.jpg 169w, https:\/\/oraziopuglisi.art\/wp-content\/uploads\/2025\/10\/WhatsApp-Image-2025-10-27-a-10.20.25_9f87423c-576x1024.jpg 576w, https:\/\/oraziopuglisi.art\/wp-content\/uploads\/2025\/10\/WhatsApp-Image-2025-10-27-a-10.20.25_9f87423c-768x1365.jpg 768w, https:\/\/oraziopuglisi.art\/wp-content\/uploads\/2025\/10\/WhatsApp-Image-2025-10-27-a-10.20.25_9f87423c-864x1536.jpg 864w, https:\/\/oraziopuglisi.art\/wp-content\/uploads\/2025\/10\/WhatsApp-Image-2025-10-27-a-10.20.25_9f87423c-508x903.jpg 508w\" sizes=\"auto, (max-width: 1152px) 100vw, 1152px\" \/> <img loading=\"lazy\" decoding=\"async\" class=\"alignnone size-full wp-image-19329\" src=\"http:\/\/oraziopuglisi.art\/wp-content\/uploads\/2025\/10\/WhatsApp-Image-2025-10-27-a-10.20.41_40f47209.jpg\" alt=\"\" width=\"1152\" height=\"2048\" srcset=\"https:\/\/oraziopuglisi.art\/wp-content\/uploads\/2025\/10\/WhatsApp-Image-2025-10-27-a-10.20.41_40f47209.jpg 1152w, https:\/\/oraziopuglisi.art\/wp-content\/uploads\/2025\/10\/WhatsApp-Image-2025-10-27-a-10.20.41_40f47209-169x300.jpg 169w, https:\/\/oraziopuglisi.art\/wp-content\/uploads\/2025\/10\/WhatsApp-Image-2025-10-27-a-10.20.41_40f47209-576x1024.jpg 576w, https:\/\/oraziopuglisi.art\/wp-content\/uploads\/2025\/10\/WhatsApp-Image-2025-10-27-a-10.20.41_40f47209-768x1365.jpg 768w, https:\/\/oraziopuglisi.art\/wp-content\/uploads\/2025\/10\/WhatsApp-Image-2025-10-27-a-10.20.41_40f47209-864x1536.jpg 864w, https:\/\/oraziopuglisi.art\/wp-content\/uploads\/2025\/10\/WhatsApp-Image-2025-10-27-a-10.20.41_40f47209-508x903.jpg 508w\" sizes=\"auto, (max-width: 1152px) 100vw, 1152px\" \/> <img loading=\"lazy\" decoding=\"async\" class=\"alignnone size-full wp-image-19330\" src=\"http:\/\/oraziopuglisi.art\/wp-content\/uploads\/2025\/10\/WhatsApp-Image-2025-10-27-a-10.20.49_b21b2e93.jpg\" alt=\"\" width=\"1152\" height=\"2048\" srcset=\"https:\/\/oraziopuglisi.art\/wp-content\/uploads\/2025\/10\/WhatsApp-Image-2025-10-27-a-10.20.49_b21b2e93.jpg 1152w, https:\/\/oraziopuglisi.art\/wp-content\/uploads\/2025\/10\/WhatsApp-Image-2025-10-27-a-10.20.49_b21b2e93-169x300.jpg 169w, https:\/\/oraziopuglisi.art\/wp-content\/uploads\/2025\/10\/WhatsApp-Image-2025-10-27-a-10.20.49_b21b2e93-576x1024.jpg 576w, https:\/\/oraziopuglisi.art\/wp-content\/uploads\/2025\/10\/WhatsApp-Image-2025-10-27-a-10.20.49_b21b2e93-768x1365.jpg 768w, https:\/\/oraziopuglisi.art\/wp-content\/uploads\/2025\/10\/WhatsApp-Image-2025-10-27-a-10.20.49_b21b2e93-864x1536.jpg 864w, https:\/\/oraziopuglisi.art\/wp-content\/uploads\/2025\/10\/WhatsApp-Image-2025-10-27-a-10.20.49_b21b2e93-508x903.jpg 508w\" sizes=\"auto, (max-width: 1152px) 100vw, 1152px\" \/> <img loading=\"lazy\" decoding=\"async\" class=\"alignnone size-full wp-image-19331\" src=\"http:\/\/oraziopuglisi.art\/wp-content\/uploads\/2025\/10\/WhatsApp-Image-2025-10-27-a-10.20.59_2edc5385.jpg\" alt=\"\" width=\"1152\" height=\"2048\" srcset=\"https:\/\/oraziopuglisi.art\/wp-content\/uploads\/2025\/10\/WhatsApp-Image-2025-10-27-a-10.20.59_2edc5385.jpg 1152w, https:\/\/oraziopuglisi.art\/wp-content\/uploads\/2025\/10\/WhatsApp-Image-2025-10-27-a-10.20.59_2edc5385-169x300.jpg 169w, https:\/\/oraziopuglisi.art\/wp-content\/uploads\/2025\/10\/WhatsApp-Image-2025-10-27-a-10.20.59_2edc5385-576x1024.jpg 576w, https:\/\/oraziopuglisi.art\/wp-content\/uploads\/2025\/10\/WhatsApp-Image-2025-10-27-a-10.20.59_2edc5385-768x1365.jpg 768w, https:\/\/oraziopuglisi.art\/wp-content\/uploads\/2025\/10\/WhatsApp-Image-2025-10-27-a-10.20.59_2edc5385-864x1536.jpg 864w, https:\/\/oraziopuglisi.art\/wp-content\/uploads\/2025\/10\/WhatsApp-Image-2025-10-27-a-10.20.59_2edc5385-508x903.jpg 508w\" sizes=\"auto, (max-width: 1152px) 100vw, 1152px\" \/><\/p>\n<p style=\"text-align: justify;\">Petit d\u00e9j pas mal mais tr\u00e8s bien les serveuses sympa ! Je m&rsquo;installe bancal histoire de laisser la vue sur la jardin aux meufs et que je vois un peu aussi mais \u00e7\u00e0 g\u00eane la Bourgeois qui reste aussi poli qu&rsquo;exc\u00e9d\u00e9.\u00a0<\/p>\n<p>Bref Sorry Mister et jme retrouve face au mur et la Teutonne c&rsquo;est pas la m\u00eame vue &#8230;Les cadres \u00e9taient chouettes&#8230;..<\/p>\n<p>La matin\u00e9e commence bien !<\/p>\n<p>&nbsp;<\/p>\n<p><iframe loading=\"lazy\" title=\"WhatsApp Vid\u00e9o 2025 10 27 \u00e0 09 54 13 9a90454c\" width=\"506\" height=\"900\" src=\"https:\/\/www.youtube.com\/embed\/QvQjAeKn7FQ?feature=oembed\" frameborder=\"0\" allow=\"accelerometer; autoplay; clipboard-write; encrypted-media; gyroscope; picture-in-picture; web-share\" referrerpolicy=\"strict-origin-when-cross-origin\" allowfullscreen><\/iframe><\/p>\n<p>&nbsp;<\/p>\n<p><iframe loading=\"lazy\" title=\"WhatsApp Vid\u00e9o 2025 10 27 \u00e0 10 08 52 8a22b357\" width=\"506\" height=\"900\" src=\"https:\/\/www.youtube.com\/embed\/EW2KRv2TfKY?feature=oembed\" frameborder=\"0\" allow=\"accelerometer; autoplay; clipboard-write; encrypted-media; gyroscope; picture-in-picture; web-share\" referrerpolicy=\"strict-origin-when-cross-origin\" allowfullscreen><\/iframe><\/p>\n<p>&nbsp;<\/p>\n<p style=\"text-align: justify;\">Apr\u00e8s le ptit d\u00e9j ballade dans le parc \u00e0 la fraiche du matin&#8230;magnifique !!!<\/p>\n<p>&nbsp;<\/p>\n","protected":false},"excerpt":{"rendered":"<p>\u00a0 &nbsp; &nbsp; &nbsp; &nbsp; &nbsp; Le petit d\u00e9j apr\u00e8s 30 \u00e0 40 minutes d&rsquo;attente !!!!! J&rsquo;ai pas dit good morning \u00e0 la dame qui a insist\u00e9 pour que je lui r\u00e9ponde good morning : Je lui ai r\u00e9pondu \u00ab\u00a0j&rsquo;ai pas envie de vous dire good morning !\u00a0\u00bb You make a bad job 30 \u00e0 [&hellip;]<\/p>\n","protected":false},"author":1,"featured_media":19331,"parent":0,"menu_order":0,"comment_status":"closed","ping_status":"closed","template":"","meta":{"footnotes":""},"class_list":["post-19767","page","type-page","status-publish","has-post-thumbnail","hentry"],"_links":{"self":[{"href":"https:\/\/oraziopuglisi.art\/index.php\/wp-json\/wp\/v2\/pages\/19767","targetHints":{"allow":["GET"]}}],"collection":[{"href":"https:\/\/oraziopuglisi.art\/index.php\/wp-json\/wp\/v2\/pages"}],"about":[{"href":"https:\/\/oraziopuglisi.art\/index.php\/wp-json\/wp\/v2\/types\/page"}],"author":[{"embeddable":true,"href":"https:\/\/oraziopuglisi.art\/index.php\/wp-json\/wp\/v2\/users\/1"}],"replies":[{"embeddable":true,"href":"https:\/\/oraziopuglisi.art\/index.php\/wp-json\/wp\/v2\/comments?post=19767"}],"version-history":[{"count":12,"href":"https:\/\/oraziopuglisi.art\/index.php\/wp-json\/wp\/v2\/pages\/19767\/revisions"}],"predecessor-version":[{"id":20025,"href":"https:\/\/oraziopuglisi.art\/index.php\/wp-json\/wp\/v2\/pages\/19767\/revisions\/20025"}],"wp:featuredmedia":[{"embeddable":true,"href":"https:\/\/oraziopuglisi.art\/index.php\/wp-json\/wp\/v2\/media\/19331"}],"wp:attachment":[{"href":"https:\/\/oraziopuglisi.art\/index.php\/wp-json\/wp\/v2\/media?parent=19767"}],"curies":[{"name":"wp","href":"https:\/\/api.w.org\/{rel}","templated":true}]}}