{"id":17445,"date":"2025-07-16T06:37:32","date_gmt":"2025-07-16T04:37:32","guid":{"rendered":"https:\/\/oraziopuglisi.art\/?page_id=17445"},"modified":"2025-07-16T06:49:48","modified_gmt":"2025-07-16T04:49:48","slug":"axel-ender","status":"publish","type":"page","link":"https:\/\/oraziopuglisi.art\/index.php\/axel-ender\/","title":{"rendered":"Axel Ender"},"content":{"rendered":"<p><span style=\"font-size: 10px;\"><strong>Image mise en avant :<\/strong> Portrett_av_Bjarne_Lund_-_1878_-_Axel_Ender_-_Oslo_Museum<\/span><\/p>\n<p>&nbsp;<\/p>\n<p style=\"text-align: center;\"><a href=\"https:\/\/www.google.com\/search?sca_esv=bb7bcc2179c95097&amp;sxsrf=AE3TifOUf3dTWaC7svWrjMFxKtrX0wfyTg:1752640667983&amp;q=Axel+Ender&amp;udm=2&amp;fbs=AIIjpHx4nJjfGojPVHhEACUHPiMQ_pbg5bWizQs3A_kIenjtcpTTqBUdyVgzq0c3_k8z34EAuM72an33lMW6RWde9ePJpwNFtZw3UQvFloZy04_0a_N3Bk6wuS9eJ8SKb1xzkZ5zErf-q9dnTy-cDAR39VLNiBOUhb__5lLbKl6jKdEB4qmwqpKm_Kf91s8mC2CorITWFH97EEJxlzs6oQdxULqCXjQA7A&amp;sa=X&amp;ved=2ahUKEwixnryjx8COAxU9U0EAHSBQD-QQtKgLKAF6BAgjEAE&amp;biw=1536&amp;bih=719&amp;dpr=1.25#vhid=Ijzz-H_EVXz6fM&amp;vssid=mosaic\">Les oeuvres de Ender<\/a><\/p>\n<p>&nbsp;<\/p>\n<p>&nbsp;<\/p>\n<p style=\"text-align: center;\"><a href=\"https:\/\/en.wikipedia.org\/wiki\/Axel_Ender\">Axel Ender<\/a><\/p>\n<p style=\"text-align: justify;\"><b>Axel Hjalmar Ender<\/b>\u00a0(14 septembre 1853 \u2013 10 septembre 1920) \u00e9tait un peintre et sculpteur norv\u00e9gien, connu principalement pour ses\u00a0peintures\u00a0<a title=\"Art de genre\" href=\"https:\/\/en.wikipedia.org\/wiki\/Genre_art\">de genre .\u00a0<\/a><sup id=\"cite_ref-1\" class=\"reference\"><a href=\"https:\/\/en.wikipedia.org\/wiki\/Axel_Ender#cite_note-1\"><span class=\"cite-bracket\">[<\/span>\u00a01\u00a0<span class=\"cite-bracket\">]\u00a0<\/span><\/a><\/sup><sup id=\"cite_ref-2\" class=\"reference\"><a href=\"https:\/\/en.wikipedia.org\/wiki\/Axel_Ender#cite_note-2\"><span class=\"cite-bracket\">[<\/span>\u00a02\u00a0<span class=\"cite-bracket\">]<\/span><\/a><\/sup><\/p>\n<p>&nbsp;<\/p>\n<p><iframe loading=\"lazy\" title=\"Axel Ender \u2013 A Norwegian Painter and Sculptor of National Spirit\" width=\"600\" height=\"338\" src=\"https:\/\/www.youtube.com\/embed\/k0lWv6ryjfY?feature=oembed\" frameborder=\"0\" allow=\"accelerometer; autoplay; clipboard-write; encrypted-media; gyroscope; picture-in-picture; web-share\" referrerpolicy=\"strict-origin-when-cross-origin\" allowfullscreen><\/iframe><\/p>\n<p>&nbsp;<\/p>\n<p>&nbsp;<\/p>\n<div class=\"mw-heading mw-heading2\" style=\"text-align: justify;\">\n<h2 id=\"Biography\">Biographie<\/h2>\n<\/div>\n<p style=\"text-align: justify;\">Ender est n\u00e9 dans une famille d&rsquo;agriculteurs \u00e0\u00a0<a title=\"Demandeur\" href=\"https:\/\/en.wikipedia.org\/wiki\/Asker\">Asker<\/a>\u00a0, pr\u00e8s\u00a0<a title=\"Akershus\" href=\"https:\/\/en.wikipedia.org\/wiki\/Akershus\">d&rsquo;Akershus<\/a>\u00a0, en Norv\u00e8ge. Il a commenc\u00e9 ses \u00e9tudes d&rsquo;art de 1867 \u00e0 1871 aupr\u00e8s du sculpteur\u00a0<a title=\"Julius Middelthun\" href=\"https:\/\/en.wikipedia.org\/wiki\/Julius_Middelthun\">Julius Middelthun<\/a>\u00a0, \u00e0 l&rsquo;\u00a0<a title=\"Acad\u00e9mie nationale norv\u00e9gienne de l'artisanat et de l'industrie des arts\" href=\"https:\/\/en.wikipedia.org\/wiki\/Norwegian_National_Academy_of_Craft_and_Art_Industry\">\u00c9cole royale de dessin<\/a>\u00a0. Il a ensuite fr\u00e9quent\u00e9 l&rsquo;\u00a0<a class=\"mw-redirect\" title=\"Acad\u00e9mie royale des arts de Su\u00e8de\" href=\"https:\/\/en.wikipedia.org\/wiki\/Royal_Swedish_Academy_of_Arts\">Acad\u00e9mie royale des arts de Su\u00e8de<\/a>\u00a0(1872-1874) et l&rsquo;\u00a0<a title=\"Acad\u00e9mie des Beaux-Arts de Munich\" href=\"https:\/\/en.wikipedia.org\/wiki\/Academy_of_Fine_Arts,_Munich\">Acad\u00e9mie des beaux-arts de Munich<\/a>\u00a0(1875-1880), gr\u00e2ce au soutien financier du roi\u00a0<a class=\"mw-redirect\" title=\"Charles XV de Su\u00e8de\" href=\"https:\/\/en.wikipedia.org\/wiki\/Charles_XV_of_Sweden\">Charles IV<\/a>\u00a0. Il a \u00e9galement effectu\u00e9 des voyages d&rsquo;\u00e9tudes \u00e0 Munich (1875) et \u00e0 Paris (1878).\u00a0<sup id=\"cite_ref-N_3-0\" class=\"reference\"><a href=\"https:\/\/en.wikipedia.org\/wiki\/Axel_Ender#cite_note-N-3\"><span class=\"cite-bracket\">[<\/span>\u00a03\u00a0<span class=\"cite-bracket\">]<\/span><\/a><\/sup>\u00a0De 1874 \u00e0 1875, il a \u00e9t\u00e9 pr\u00e9cepteur d&rsquo;\u00a0<a title=\"Erik Werenskiold\" href=\"https:\/\/en.wikipedia.org\/wiki\/Erik_Werenskiold\">Erik Werenskiold<\/a>\u00a0, qui n&rsquo;\u00e9tait que de deux ans son cadet.<\/p>\n<p style=\"text-align: justify;\">Son projet le plus remarquable fut la sculpture en bronze de\u00a0<a title=\"Peter Tordenskj\u00f6ld\" href=\"https:\/\/en.wikipedia.org\/wiki\/Peter_Tordenskjold\">Peter Tordenskj\u00f8ld<\/a>\u00a0, vice-amiral de la\u00a0<a title=\"Marine royale danoise\" href=\"https:\/\/en.wikipedia.org\/wiki\/Royal_Danish_Navy\">marine royale dano-norv\u00e9gienne<\/a>\u00a0. Cette statue fut command\u00e9e \u00e0 l&rsquo;issue d&rsquo;un important concours artistique. Ender travailla dix ans (1891-1901) pour achever son \u0153uvre, aujourd&rsquo;hui expos\u00e9e \u00e0\u00a0<a title=\"R\u00e5dhusplassen\" href=\"https:\/\/en.wikipedia.org\/wiki\/R%C3%A5dhusplassen\">R\u00e5dhusplassen<\/a>\u00a0, \u00e0\u00a0<a title=\"Oslo\" href=\"https:\/\/en.wikipedia.org\/wiki\/Oslo\">Oslo<\/a>\u00a0. Le concours pour la cr\u00e9ation de la statue fut initialement remport\u00e9 par un autre sculpteur,\u00a0<a title=\"Anders Svor\" href=\"https:\/\/en.wikipedia.org\/wiki\/Anders_Svor\">Anders Svor<\/a>\u00a0, mais la r\u00e9alisation fut confi\u00e9e \u00e0 Ender. Inaugur\u00e9e \u00e0 Tordenskj\u00f8lds plass, \u00e0\u00a0<a title=\"Pipervika\" href=\"https:\/\/en.wikipedia.org\/wiki\/Pipervika\">Pipervika<\/a>\u00a0, le 17 mai 1901, elle fut d\u00e9plac\u00e9e \u00e0 son emplacement actuel, \u00e0 R\u00e5dhusplassen, en 1955. Pour son \u0153uvre achev\u00e9e, Ender fut fait chevalier de l&rsquo;\u00a0<a title=\"Ordre de Saint-Olaf\" href=\"https:\/\/en.wikipedia.org\/wiki\/Order_of_St._Olav\">Ordre royal norv\u00e9gien de Saint-Olaf<\/a>\u00a0.\u00a0<sup id=\"cite_ref-4\" class=\"reference\"><a href=\"https:\/\/en.wikipedia.org\/wiki\/Axel_Ender#cite_note-4\"><span class=\"cite-bracket\">[<\/span>\u00a04\u00a0<span class=\"cite-bracket\">]\u00a0<\/span><\/a><\/sup><sup id=\"cite_ref-N_3-1\" class=\"reference\"><a href=\"https:\/\/en.wikipedia.org\/wiki\/Axel_Ender#cite_note-N-3\"><span class=\"cite-bracket\">[<\/span>\u00a03\u00a0<span class=\"cite-bracket\">]\u00a0<\/span><\/a><\/sup><sup id=\"cite_ref-5\" class=\"reference\"><a href=\"https:\/\/en.wikipedia.org\/wiki\/Axel_Ender#cite_note-5\"><span class=\"cite-bracket\">[<\/span>\u00a05\u00a0<span class=\"cite-bracket\">]<\/span><\/a><\/sup><\/p>\n<p style=\"text-align: justify;\">Fran\u00e7ais Ses peintures appartenaient fr\u00e9quemment \u00e0 la cat\u00e9gorie du\u00a0<a title=\"Le nationalisme romantique\" href=\"https:\/\/en.wikipedia.org\/wiki\/Romantic_nationalism\">nationalisme romantique<\/a>\u00a0. Nombre de ses premi\u00e8res \u0153uvres furent expos\u00e9es \u00e0 la\u00a0<a title=\"Fondation d'art d'Oslo\" href=\"https:\/\/en.wikipedia.org\/wiki\/Oslo_Kunstforening\">Christiania Kunstforening<\/a>\u00a0(aujourd&rsquo;hui Oslo Kunstforening), une association artistique conservatrice dirig\u00e9e par des non-artistes.\u00a0<sup id=\"cite_ref-N_3-2\" class=\"reference\"><a href=\"https:\/\/en.wikipedia.org\/wiki\/Axel_Ender#cite_note-N-3\"><span class=\"cite-bracket\">[<\/span>\u00a03\u00a0<span class=\"cite-bracket\">]\u00a0<\/span><\/a><\/sup><sup id=\"cite_ref-6\" class=\"reference\"><a href=\"https:\/\/en.wikipedia.org\/wiki\/Axel_Ender#cite_note-6\"><span class=\"cite-bracket\">[<\/span>\u00a06\u00a0<span class=\"cite-bracket\">]<\/span><\/a><\/sup>\u00a0Des retables de sa cr\u00e9ation peuvent \u00eatre vus \u00e0\u00a0<a title=\"\u00c9glise d'\u00c5snes\" href=\"https:\/\/en.wikipedia.org\/wiki\/%C3%85snes_Church\">l&rsquo;\u00e9glise d&rsquo;\u00c5snes<\/a>\u00a0\u00e0\u00a0<a title=\"Hedmark\" href=\"https:\/\/en.wikipedia.org\/wiki\/Hedmark\">Hedmark<\/a>\u00a0, \u00e0 l&rsquo;\u00e9glise de Haug \u00e0\u00a0<a title=\"Ringerike (commune)\" href=\"https:\/\/en.wikipedia.org\/wiki\/Ringerike_(municipality)\">Ringerike<\/a>\u00a0, \u00e0 l&rsquo;\u00e9glise\u00a0<a class=\"mw-redirect\" title=\"\u00c9glise de Kampen (Oslo)\" href=\"https:\/\/en.wikipedia.org\/wiki\/Kampen_Church_(Oslo)\">de Kampen<\/a>\u00a0\u00e0 Oslo,\u00a0<a title=\"\u00c9glise d'\u00d8stre Porsgrunn\" href=\"https:\/\/en.wikipedia.org\/wiki\/%C3%98stre_Porsgrunn_Church\">\u00e0 l&rsquo;\u00e9glise d&rsquo;\u00d8stre Porsgrunn<\/a>\u00a0\u00e0\u00a0<a title=\"T\u00e9l\u00e9mark\" href=\"https:\/\/en.wikipedia.org\/wiki\/Telemark\">Telemark<\/a>\u00a0et\u00a0<a title=\"\u00c9glise de Lunner\" href=\"https:\/\/en.wikipedia.org\/wiki\/Lunner_Church\">\u00e0 l&rsquo;\u00e9glise de Lunner<\/a>\u00a0\u00e0\u00a0<a title=\"Oppland\" href=\"https:\/\/en.wikipedia.org\/wiki\/Oppland\">Oppland<\/a>\u00a0. Le retable qu&rsquo;il a con\u00e7u pour l&rsquo;ancienne\u00a0<a title=\"Cath\u00e9drale de Molde\" href=\"https:\/\/en.wikipedia.org\/wiki\/Molde_Cathedral\">cath\u00e9drale de Molde<\/a>\u00a0\u00e0\u00a0<a title=\"M\u00f8re et Romsdal\" href=\"https:\/\/en.wikipedia.org\/wiki\/M%C3%B8re_og_Romsdal\">M\u00f8re og Romsdal<\/a>\u00a0a \u00e9t\u00e9 conserv\u00e9 et se trouve aujourd&rsquo;hui sur le mur nord de la nouvelle basilique construite en 1957.\u00a0<sup id=\"cite_ref-N_3-3\" class=\"reference\"><a href=\"https:\/\/en.wikipedia.org\/wiki\/Axel_Ender#cite_note-N-3\"><span class=\"cite-bracket\">[<\/span>\u00a03\u00a0<span class=\"cite-bracket\">]\u00a0<\/span><\/a><\/sup><sup id=\"cite_ref-7\" class=\"reference\"><a href=\"https:\/\/en.wikipedia.org\/wiki\/Axel_Ender#cite_note-7\"><span class=\"cite-bracket\">[<\/span>\u00a07\u00a0<span class=\"cite-bracket\">]<\/span><\/a><\/sup>\u00a0Il a \u00e9galement con\u00e7u des cartes de No\u00ebl, mettant en sc\u00e8ne des activit\u00e9s hivernales.<\/p>\n<div class=\"mw-heading mw-heading2\" style=\"text-align: justify;\">\n<h2 id=\"Gallery\">Galerie<\/h2>\n<\/div>\n<ul class=\"gallery mw-gallery-packed\" style=\"text-align: justify;\">\n<li class=\"gallerybox\">\n<div class=\"thumb\"><a class=\"mw-file-description\" title=\"Sur la patinoire\" href=\"https:\/\/en.wikipedia.org\/wiki\/File:Axel_Ender_Pa_skoytebanen.jpg\"><img loading=\"lazy\" decoding=\"async\" class=\"mw-file-element\" src=\"https:\/\/upload.wikimedia.org\/wikipedia\/commons\/thumb\/3\/37\/Axel_Ender_Pa_skoytebanen.jpg\/500px-Axel_Ender_Pa_skoytebanen.jpg\" srcset=\"\/\/upload.wikimedia.org\/wikipedia\/commons\/thumb\/3\/37\/Axel_Ender_Pa_skoytebanen.jpg\/597px-Axel_Ender_Pa_skoytebanen.jpg 1.5x, \/\/upload.wikimedia.org\/wikipedia\/commons\/thumb\/3\/37\/Axel_Ender_Pa_skoytebanen.jpg\/796px-Axel_Ender_Pa_skoytebanen.jpg 2x\" alt=\"Sur la patinoire\" width=\"264\" height=\"179\" data-file-width=\"830\" data-file-height=\"563\" \/><\/a><\/div>\n<div class=\"gallerytext\"><i>Sur la patinoire<\/i><\/div>\n<\/li>\n<li class=\"gallerybox\">\n<div class=\"thumb\"><a class=\"mw-file-description\" title=\"Luge sur la glace\" href=\"https:\/\/en.wikipedia.org\/wiki\/File:Axel_Ender_-_Sledekj%C3%B8ring_p%C3%A5_isen.jpg\"><img loading=\"lazy\" decoding=\"async\" class=\"mw-file-element\" src=\"https:\/\/upload.wikimedia.org\/wikipedia\/commons\/thumb\/4\/4e\/Axel_Ender_-_Sledekj%C3%B8ring_p%C3%A5_isen.jpg\/500px-Axel_Ender_-_Sledekj%C3%B8ring_p%C3%A5_isen.jpg\" srcset=\"\/\/upload.wikimedia.org\/wikipedia\/commons\/4\/4e\/Axel_Ender_-_Sledekj%C3%B8ring_p%C3%A5_isen.jpg 1.5x\" alt=\"Luge sur la glace\" width=\"282\" height=\"179\" data-file-width=\"550\" data-file-height=\"350\" \/><\/a><\/div>\n<div class=\"gallerytext\"><i>Luge sur la glace<\/i><\/div>\n<\/li>\n<li class=\"gallerybox\">\n<div class=\"thumb\"><a class=\"mw-file-description\" title=\"Escapade hivernale\" href=\"https:\/\/en.wikipedia.org\/wiki\/File:Axel_Ender_-_Vinterutflukt.jpg\"><img loading=\"lazy\" decoding=\"async\" class=\"mw-file-element\" src=\"https:\/\/upload.wikimedia.org\/wikipedia\/commons\/thumb\/7\/7a\/Axel_Ender_-_Vinterutflukt.jpg\/960px-Axel_Ender_-_Vinterutflukt.jpg\" srcset=\"\/\/upload.wikimedia.org\/wikipedia\/commons\/thumb\/7\/7a\/Axel_Ender_-_Vinterutflukt.jpg\/1125px-Axel_Ender_-_Vinterutflukt.jpg 2x\" alt=\"Escapade hivernale\" width=\"373\" height=\"179\" data-file-width=\"1830\" data-file-height=\"879\" \/><\/a><\/div>\n<div class=\"gallerytext\"><i>Escapade hivernale<\/i><\/div>\n<\/li>\n<li class=\"gallerybox\">\n<div class=\"thumb\"><a class=\"mw-file-description\" title=\"Jeune fille sur un lac gel\u00e9\" href=\"https:\/\/en.wikipedia.org\/wiki\/File:Axel_Ender_Young_girl_skating_on_a_frozen_lake,_Norway.jpg\"><img loading=\"lazy\" decoding=\"async\" class=\"mw-file-element\" src=\"https:\/\/upload.wikimedia.org\/wikipedia\/commons\/thumb\/5\/58\/Axel_Ender_Young_girl_skating_on_a_frozen_lake%2C_Norway.jpg\/250px-Axel_Ender_Young_girl_skating_on_a_frozen_lake%2C_Norway.jpg\" srcset=\"\/\/upload.wikimedia.org\/wikipedia\/commons\/thumb\/5\/58\/Axel_Ender_Young_girl_skating_on_a_frozen_lake%2C_Norway.jpg\/330px-Axel_Ender_Young_girl_skating_on_a_frozen_lake%2C_Norway.jpg 1.5x, \/\/upload.wikimedia.org\/wikipedia\/commons\/thumb\/5\/58\/Axel_Ender_Young_girl_skating_on_a_frozen_lake%2C_Norway.jpg\/500px-Axel_Ender_Young_girl_skating_on_a_frozen_lake%2C_Norway.jpg 2x\" alt=\"Jeune fille sur un lac gel\u00e9\" width=\"135\" height=\"180\" data-file-width=\"635\" data-file-height=\"850\" \/><\/a><\/div>\n<div class=\"gallerytext\"><i>Jeune fille sur un lac gel\u00e9<\/i><\/div>\n<\/li>\n<li class=\"gallerybox\">\n<div class=\"thumb\"><a class=\"mw-file-description\" title=\"Jeune femme \u00e0 un belv\u00e9d\u00e8re\" href=\"https:\/\/en.wikipedia.org\/wiki\/File:Axel_Ender_-_Kvinne_ved_utsiktpost.jpg\"><img loading=\"lazy\" decoding=\"async\" class=\"mw-file-element\" src=\"https:\/\/upload.wikimedia.org\/wikipedia\/commons\/thumb\/7\/74\/Axel_Ender_-_Kvinne_ved_utsiktpost.jpg\/250px-Axel_Ender_-_Kvinne_ved_utsiktpost.jpg\" srcset=\"\/\/upload.wikimedia.org\/wikipedia\/commons\/thumb\/7\/74\/Axel_Ender_-_Kvinne_ved_utsiktpost.jpg\/330px-Axel_Ender_-_Kvinne_ved_utsiktpost.jpg 1.5x, \/\/upload.wikimedia.org\/wikipedia\/commons\/thumb\/7\/74\/Axel_Ender_-_Kvinne_ved_utsiktpost.jpg\/500px-Axel_Ender_-_Kvinne_ved_utsiktpost.jpg 2x\" alt=\"Jeune femme \u00e0 un belv\u00e9d\u00e8re\" width=\"125\" height=\"180\" data-file-width=\"2469\" data-file-height=\"3537\" \/><\/a><\/div>\n<div class=\"gallerytext\"><i>Jeune femme \u00e0 un\u00a0<a class=\"mw-redirect\" title=\"N\u00e9gliger\" href=\"https:\/\/en.wikipedia.org\/wiki\/Overlook\">belv\u00e9d\u00e8re<\/a><\/i><\/div>\n<\/li>\n<li class=\"gallerybox\">\n<div class=\"thumb\"><a class=\"mw-file-description\" title=\"Fille dans la cuisine\" href=\"https:\/\/en.wikipedia.org\/wiki\/File:Axel_Ender_-_Pike_p%C3%A5_kj%C3%B8kkenet.jpg\"><img loading=\"lazy\" decoding=\"async\" class=\"mw-file-element\" src=\"https:\/\/upload.wikimedia.org\/wikipedia\/commons\/thumb\/1\/15\/Axel_Ender_-_Pike_p%C3%A5_kj%C3%B8kkenet.jpg\/250px-Axel_Ender_-_Pike_p%C3%A5_kj%C3%B8kkenet.jpg\" srcset=\"\/\/upload.wikimedia.org\/wikipedia\/commons\/thumb\/1\/15\/Axel_Ender_-_Pike_p%C3%A5_kj%C3%B8kkenet.jpg\/330px-Axel_Ender_-_Pike_p%C3%A5_kj%C3%B8kkenet.jpg 1.5x, \/\/upload.wikimedia.org\/wikipedia\/commons\/thumb\/1\/15\/Axel_Ender_-_Pike_p%C3%A5_kj%C3%B8kkenet.jpg\/500px-Axel_Ender_-_Pike_p%C3%A5_kj%C3%B8kkenet.jpg 2x\" alt=\"Fille dans la cuisine\" width=\"132\" height=\"180\" data-file-width=\"749\" data-file-height=\"1019\" \/><\/a><\/div>\n<div class=\"gallerytext\"><i>Fille dans la cuisine<\/i><\/div>\n<\/li>\n<\/ul>\n<div class=\"mw-heading mw-heading2\" style=\"text-align: justify;\">\n<h2 id=\"References\">R\u00e9f\u00e9rences<\/h2>\n<\/div>\n<div class=\"reflist\" style=\"text-align: justify;\">\n<div class=\"mw-references-wrap\">\n<ol class=\"references\">\n<li id=\"cite_note-1\"><span class=\"reference-text\"><cite class=\"citation web cs1\"><a class=\"external text\" href=\"https:\/\/snl.no\/Axel_Ender\" rel=\"nofollow\">\u00ab\u00a0Axel Ender\u00a0\u00bb<\/a>\u00a0. Magasin norske leksikon\u00a0<span class=\"reference-accessdate\">. R\u00e9cup\u00e9r\u00e9\u00a0<span class=\"nowrap\">le 1er octobre<\/span>\u00a02017<\/span>\u00a0.<\/cite><\/span><\/li>\n<li id=\"cite_note-2\"><span class=\"reference-text\"><cite class=\"citation web cs1\"><a class=\"external text\" href=\"https:\/\/nkl.snl.no\/Axel_Ender\" rel=\"nofollow\">\u00ab\u00a0Axel Ender\u00a0\u00bb<\/a><\/cite><\/span><span class=\"reference-text\"><cite class=\"citation web cs1\">\u00a0.\u00a0<\/cite><\/span><span class=\"reference-text\"><cite class=\"citation web cs1\"><i>Norsk Kunstnerleksikon<\/i><\/cite><\/span><span class=\"reference-text\"><cite class=\"citation web cs1\">\u00a0. 20 f\u00e9vrier 2017\u00a0<\/cite><\/span><span class=\"reference-text\"><cite class=\"citation web cs1\"><span class=\"reference-accessdate\">. R\u00e9cup\u00e9r\u00e9\u00a0<\/span><\/cite><\/span><span class=\"reference-text\"><cite class=\"citation web cs1\"><span class=\"reference-accessdate\"><span class=\"nowrap\">le 1er d\u00e9cembre<\/span><\/span><\/cite><\/span><span class=\"reference-text\"><cite class=\"citation web cs1\"><span class=\"reference-accessdate\">\u00a02020<\/span><\/cite><\/span><span class=\"reference-text\"><cite class=\"citation web cs1\">\u00a0.<\/cite><\/span><cite class=\"citation web cs1\"><i><\/i><\/cite><\/li>\n<li id=\"cite_note-N-3\">\u00a0<span class=\"reference-text\"><cite id=\"CITEREFOle_R\u00f8nning_Johannesen2017\" class=\"citation web cs1\">Ole R\u00f8nning Johannesen (20 f\u00e9vrier 2017).<\/cite><\/span><span class=\"reference-text\"><cite id=\"CITEREFOle_R\u00f8nning_Johannesen2017\" class=\"citation web cs1\"><a class=\"external text\" href=\"https:\/\/nkl.snl.no\/Axel_Ender\" rel=\"nofollow\">\u00ab\u00a0Axel Ender, homme et billedhugger\u00a0\u00bb<\/a><\/cite><\/span><span class=\"reference-text\"><cite id=\"CITEREFOle_R\u00f8nning_Johannesen2017\" class=\"citation web cs1\">. Norsk kunstnerleksikon<\/cite><\/span><span class=\"reference-text\"><cite id=\"CITEREFOle_R\u00f8nning_Johannesen2017\" class=\"citation web cs1\"><span class=\"reference-accessdate\">. R\u00e9cup\u00e9r\u00e9<\/span><\/cite><\/span><span class=\"reference-text\"><cite id=\"CITEREFOle_R\u00f8nning_Johannesen2017\" class=\"citation web cs1\"><span class=\"reference-accessdate\"><span class=\"nowrap\">\u00a0le 1er octobre<\/span><\/span><\/cite><\/span><span class=\"reference-text\"><cite id=\"CITEREFOle_R\u00f8nning_Johannesen2017\" class=\"citation web cs1\"><span class=\"reference-accessdate\">\u00a02017<\/span><\/cite><\/span><span class=\"reference-text\"><cite id=\"CITEREFOle_R\u00f8nning_Johannesen2017\" class=\"citation web cs1\">.<\/cite><\/span><cite id=\"CITEREFOle_R\u00f8nning_Johannesen2017\" class=\"citation web cs1\"><\/cite><\/li>\n<li id=\"cite_note-4\"><span class=\"reference-text\"><cite class=\"citation web cs1\"><a class=\"external text\" href=\"http:\/\/www.waymarking.com\/waymarks\/WMG0DH_Peter_Tordenskjold__Oslo_Norway\" rel=\"nofollow\">\u00ab\u00a0Statues de personnages historiques : Peter Tordenskjold &#8211; Oslo, Norv\u00e8ge\u00a0\u00bb<\/a><\/cite><\/span><span class=\"reference-text\"><cite class=\"citation web cs1\">\u00a0. Waymarking.com\u00a0<\/cite><\/span><span class=\"reference-text\"><cite class=\"citation web cs1\"><span class=\"reference-accessdate\">. R\u00e9cup\u00e9r\u00e9\u00a0<\/span><\/cite><\/span><span class=\"reference-text\"><cite class=\"citation web cs1\"><span class=\"reference-accessdate\"><span class=\"nowrap\">le 1er octobre<\/span><\/span><\/cite><\/span><span class=\"reference-text\"><cite class=\"citation web cs1\"><span class=\"reference-accessdate\">\u00a02017<\/span><\/cite><\/span><span class=\"reference-text\"><cite class=\"citation web cs1\">\u00a0.<\/cite><\/span><cite class=\"citation web cs1\"><\/cite><\/li>\n<li id=\"cite_note-5\"><span class=\"reference-text\"><cite class=\"citation web cs1\"><a class=\"external text\" href=\"https:\/\/lokalhistoriewiki.no\/wiki\/Peter_Wessel_Tordenskjold\" rel=\"nofollow\">\u00ab\u00a0Peter Wessel Tordenskjold\u00a0\u00bb<\/a><\/cite><\/span><span class=\"reference-text\"><cite class=\"citation web cs1\">\u00a0.\u00a0<\/cite><\/span><span class=\"reference-text\"><cite class=\"citation web cs1\"><i>wiki d&rsquo;histoire locale\u00a0<\/i><\/cite><\/span><span class=\"reference-text\"><cite class=\"citation web cs1\"><span class=\"reference-accessdate\">. R\u00e9cup\u00e9r\u00e9\u00a0<\/span><\/cite><\/span><span class=\"reference-text\"><cite class=\"citation web cs1\"><span class=\"reference-accessdate\"><span class=\"nowrap\">le 1er d\u00e9cembre<\/span><\/span><\/cite><\/span><span class=\"reference-text\"><cite class=\"citation web cs1\"><span class=\"reference-accessdate\">\u00a02020<\/span><\/cite><\/span><span class=\"reference-text\"><cite class=\"citation web cs1\">\u00a0.<\/cite><\/span><cite class=\"citation web cs1\"><i><\/i><\/cite><\/li>\n<li id=\"cite_note-6\">\u00a0<span class=\"reference-text\"><cite id=\"CITEREFAnnette_Faltin\" class=\"citation web cs1\">Annette Faltin.\u00a0<\/cite><\/span><span class=\"reference-text\"><cite id=\"CITEREFAnnette_Faltin\" class=\"citation web cs1\"><a class=\"external text\" href=\"https:\/\/snl.no\/Oslo_Kunstforening\" rel=\"nofollow\">\u00ab\u00a0Oslo Kunstforening\u00a0\u00bb<\/a><\/cite><\/span><span class=\"reference-text\"><cite id=\"CITEREFAnnette_Faltin\" class=\"citation web cs1\">\u00a0. Magasin norske leksikon\u00a0<\/cite><\/span><span class=\"reference-text\"><cite id=\"CITEREFAnnette_Faltin\" class=\"citation web cs1\"><span class=\"reference-accessdate\">. R\u00e9cup\u00e9r\u00e9\u00a0<\/span><\/cite><\/span><span class=\"reference-text\"><cite id=\"CITEREFAnnette_Faltin\" class=\"citation web cs1\"><span class=\"reference-accessdate\"><span class=\"nowrap\">le 1er octobre<\/span><\/span><\/cite><\/span><span class=\"reference-text\"><cite id=\"CITEREFAnnette_Faltin\" class=\"citation web cs1\"><span class=\"reference-accessdate\">\u00a02017<\/span><\/cite><\/span><span class=\"reference-text\"><cite id=\"CITEREFAnnette_Faltin\" class=\"citation web cs1\">\u00a0.<\/cite><\/span><cite id=\"CITEREFAnnette_Faltin\" class=\"citation web cs1\"><\/cite><\/li>\n<li id=\"cite_note-7\"><span class=\"reference-text\"><cite class=\"citation web cs1\"><a class=\"external text\" href=\"http:\/\/mr.kulturnett.no\/institusjon\/molde-domkyrkje\" rel=\"nofollow\">\u00ab\u00a0Molde domkyrkje\u00a0\u00bb<\/a><\/cite><\/span><span class=\"reference-text\"><cite class=\"citation web cs1\">\u00a0. kulturnett.no\u00a0<\/cite><\/span><span class=\"reference-text\"><cite class=\"citation web cs1\"><span class=\"reference-accessdate\">. R\u00e9cup\u00e9r\u00e9\u00a0<\/span><\/cite><\/span><span class=\"reference-text\"><cite class=\"citation web cs1\"><span class=\"reference-accessdate\"><span class=\"nowrap\">le 1er octobre<\/span><\/span><\/cite><\/span><span class=\"reference-text\"><cite class=\"citation web cs1\"><span class=\"reference-accessdate\">\u00a02017<\/span><\/cite><\/span><span class=\"reference-text\"><cite class=\"citation web cs1\">\u00a0.<\/cite><\/span><cite class=\"citation web cs1\"><\/cite><\/li>\n<\/ol>\n<\/div>\n<\/div>\n<div class=\"side-box side-box-right plainlinks sistersitebox\" style=\"text-align: justify;\">\n<div class=\"side-box-flex\">\n<div class=\"side-box-image\"><span class=\"noviewer\"><a class=\"mw-file-description\" href=\"https:\/\/en.wikipedia.org\/wiki\/File:Commons-logo.svg\"><img loading=\"lazy\" decoding=\"async\" class=\"mw-file-element\" src=\"https:\/\/upload.wikimedia.org\/wikipedia\/en\/thumb\/4\/4a\/Commons-logo.svg\/40px-Commons-logo.svg.png\" srcset=\"\/\/upload.wikimedia.org\/wikipedia\/en\/thumb\/4\/4a\/Commons-logo.svg\/60px-Commons-logo.svg.png 1.5x\" alt=\"\" width=\"30\" height=\"40\" data-file-width=\"1024\" data-file-height=\"1376\" \/><\/a><\/span><\/div>\n<div class=\"side-box-text plainlist\">Wikimedia Commons propose des m\u00e9dias li\u00e9s \u00e0\u00a0<a class=\"extiw\" title=\"Commons\u00a0: Cat\u00e9gorie\u00a0: Axel Ender\" href=\"https:\/\/commons.wikimedia.org\/wiki\/Category:_Axel_Ender\">Axel Ender<\/a>\u00a0.<\/div>\n<\/div>\n<\/div>\n<div class=\"mw-heading mw-heading2\" style=\"text-align: justify;\">\n<h2 id=\"External_links\">Liens externes<\/h2>\n<\/div>\n<ul>\n<li style=\"text-align: justify;\"><a class=\"external text\" href=\"http:\/\/www.artnet.com\/artists\/axel-ender\/past-auction-results\" rel=\"nofollow\">ArtNet\u00a0: galerie Anders Hjalmar Ender<\/a><\/li>\n<\/ul>\n","protected":false},"excerpt":{"rendered":"<p>Image mise en avant : Portrett_av_Bjarne_Lund_-_1878_-_Axel_Ender_-_Oslo_Museum &nbsp; Les oeuvres de Ender &nbsp; &nbsp; Axel Ender Axel Hjalmar Ender\u00a0(14 septembre 1853 \u2013 10 septembre 1920) \u00e9tait un peintre et sculpteur norv\u00e9gien, connu principalement pour ses\u00a0peintures\u00a0de genre .\u00a0[\u00a01\u00a0]\u00a0[\u00a02\u00a0] &nbsp; &nbsp; &nbsp; Biographie Ender est n\u00e9 dans une famille d&rsquo;agriculteurs \u00e0\u00a0Asker\u00a0, pr\u00e8s\u00a0d&rsquo;Akershus\u00a0, en Norv\u00e8ge. Il a commenc\u00e9 ses [&hellip;]<\/p>\n","protected":false},"author":1,"featured_media":17449,"parent":0,"menu_order":0,"comment_status":"closed","ping_status":"closed","template":"","meta":{"footnotes":""},"class_list":["post-17445","page","type-page","status-publish","has-post-thumbnail","hentry"],"_links":{"self":[{"href":"https:\/\/oraziopuglisi.art\/index.php\/wp-json\/wp\/v2\/pages\/17445","targetHints":{"allow":["GET"]}}],"collection":[{"href":"https:\/\/oraziopuglisi.art\/index.php\/wp-json\/wp\/v2\/pages"}],"about":[{"href":"https:\/\/oraziopuglisi.art\/index.php\/wp-json\/wp\/v2\/types\/page"}],"author":[{"embeddable":true,"href":"https:\/\/oraziopuglisi.art\/index.php\/wp-json\/wp\/v2\/users\/1"}],"replies":[{"embeddable":true,"href":"https:\/\/oraziopuglisi.art\/index.php\/wp-json\/wp\/v2\/comments?post=17445"}],"version-history":[{"count":6,"href":"https:\/\/oraziopuglisi.art\/index.php\/wp-json\/wp\/v2\/pages\/17445\/revisions"}],"predecessor-version":[{"id":17453,"href":"https:\/\/oraziopuglisi.art\/index.php\/wp-json\/wp\/v2\/pages\/17445\/revisions\/17453"}],"wp:featuredmedia":[{"embeddable":true,"href":"https:\/\/oraziopuglisi.art\/index.php\/wp-json\/wp\/v2\/media\/17449"}],"wp:attachment":[{"href":"https:\/\/oraziopuglisi.art\/index.php\/wp-json\/wp\/v2\/media?parent=17445"}],"curies":[{"name":"wp","href":"https:\/\/api.w.org\/{rel}","templated":true}]}}