{"id":17295,"date":"2025-07-12T10:07:05","date_gmt":"2025-07-12T08:07:05","guid":{"rendered":"https:\/\/oraziopuglisi.art\/?page_id=17295"},"modified":"2025-07-12T17:31:07","modified_gmt":"2025-07-12T15:31:07","slug":"la-peinture-russe-contemporaine","status":"publish","type":"page","link":"https:\/\/oraziopuglisi.art\/index.php\/la-peinture-russe-contemporaine\/","title":{"rendered":"La peinture russe contemporaine"},"content":{"rendered":"<p><span style=\"font-size: 10px;\"><strong>Image mise en avant :<\/strong> Karl Brioullov <i>Autoportrait<\/i>\u00a0(1848).<\/span><\/p>\n<header class=\"mw-body-header vector-page-titlebar no-font-mode-scale\">\n<h1 id=\"firstHeading\" class=\"firstHeading mw-first-heading\" style=\"text-align: justify;\"><span class=\"mw-page-title-main\" style=\"font-size: 14px;\">Peinture russe contemporaine<\/span><\/h1>\n<\/header>\n<div class=\"vector-page-toolbar vector-feature-custom-font-size-clientpref--excluded\" style=\"text-align: justify;\">\n<div class=\"vector-page-toolbar-container\">\n<div id=\"left-navigation\">\n<nav aria-label=\"Espaces de noms\">\n<div id=\"p-associated-pages\" class=\"vector-menu vector-menu-tabs mw-portlet mw-portlet-associated-pages\">\n<div class=\"vector-menu-content\">\n<p>La <b>peinture russe contemporaine<\/b>\u00a0commence \u00e0 \u00eatre un peu mieux connue en Occident. Depuis la chute du\u00a0<a title=\"Mur de Berlin\" href=\"https:\/\/fr.wikipedia.org\/wiki\/Mur_de_Berlin\">mur de Berlin<\/a>, les choses \u00e9voluent et l&rsquo;on d\u00e9couvre, \u00e0 travers notamment la derni\u00e8re exposition de\u00a0<a title=\"2006\" href=\"https:\/\/fr.wikipedia.org\/wiki\/2006\">2006<\/a>\u00a0au\u00a0<a title=\"Mus\u00e9e d'Orsay\" href=\"https:\/\/fr.wikipedia.org\/wiki\/Mus%C3%A9e_d%27Orsay\">mus\u00e9e d&rsquo;Orsay<\/a>, l&rsquo;existence de paysagistes de tr\u00e8s grand talent de la fin du\u00a0<abbr class=\"abbr\" title=\"Dix-neuvi\u00e8me\">XIX<sup>e<\/sup><\/abbr>\u00a0si\u00e8cle comme\u00a0<a title=\"Ivan Chichkine\" href=\"https:\/\/fr.wikipedia.org\/wiki\/Ivan_Chichkine\">Ivan Chichkine<\/a>, peintre de la for\u00eat,\u00a0<a title=\"Arkhip Kou\u00efndji\" href=\"https:\/\/fr.wikipedia.org\/wiki\/Arkhip_Kou%C3%AFndji\">Arkhip Kou\u00efndji<\/a>\u00a0et ses paysages nocturnes du\u00a0<a title=\"Dniepr\" href=\"https:\/\/fr.wikipedia.org\/wiki\/Dniepr\">Dniepr<\/a>,\u00a0<a title=\"Isaac Levitan\" href=\"https:\/\/fr.wikipedia.org\/wiki\/Isaac_Levitan\">Levitan<\/a>, ou des portraitistes comme\u00a0<a title=\"Ivan Kramsko\u00ef\" href=\"https:\/\/fr.wikipedia.org\/wiki\/Ivan_Kramsko%C3%AF\">Ivan Kramsko\u00ef<\/a>.<\/p>\n<\/div>\n<\/div>\n<\/nav>\n<\/div>\n<\/div>\n<\/div>\n<div id=\"bodyContent\" class=\"vector-body ve-init-mw-desktopArticleTarget-targetContainer\" aria-labelledby=\"firstHeading\" data-mw-ve-target-container=\"\">\n<div id=\"mw-content-text\" class=\"mw-body-content\">\n<div class=\"mw-content-ltr mw-parser-output\" dir=\"ltr\" lang=\"fr\">\n<p style=\"text-align: justify;\">Le\u00a0<a class=\"mw-redirect\" title=\"Mus\u00e9e Russe\" href=\"https:\/\/fr.wikipedia.org\/wiki\/Mus%C3%A9e_Russe\">mus\u00e9e Russe<\/a>\u00a0de\u00a0<a title=\"Saint-P\u00e9tersbourg\" href=\"https:\/\/fr.wikipedia.org\/wiki\/Saint-P%C3%A9tersbourg\">Saint-P\u00e9tersbourg<\/a>, haut-lieu de la peinture russe, a d&rsquo;ailleurs permis l&rsquo;exposition d&rsquo;Orsay en pr\u00eatant ses collections. Ce mus\u00e9e prestigieux r\u00e9v\u00e8le quelques chefs-d&rsquo;\u0153uvre admirables de R\u00e9pine ou d&rsquo;A\u00efvazovsky, peintre arm\u00e9nien de langue russe, ma\u00eetre absolu des marines et tr\u00e8s c\u00e9l\u00e8bre dans tous les pays de l&rsquo;ex-bloc de l&rsquo;Est.<\/p>\n<p style=\"text-align: justify;\">Ce courant paysagiste russe du\u00a0<abbr class=\"abbr\" title=\"Dix-neuvi\u00e8me\">XIX<sup>e<\/sup><\/abbr>\u00a0si\u00e8cle, \u00e0 la fois narratif et tr\u00e8s r\u00e9aliste, voire hyperr\u00e9aliste, se retrouve aujourd&rsquo;hui en France parmi certains peintres figuratifs, comme Michel Trapezaroff ou Gilles Esnault.<\/p>\n<div class=\"mw-heading mw-heading2\" style=\"text-align: justify;\">\n<h2 id=\"Principaux_artistes\">Principaux artistes<\/h2>\n<\/div>\n<ul style=\"text-align: justify;\">\n<li><a title=\"Karl Brioullov\" href=\"https:\/\/fr.wikipedia.org\/wiki\/Karl_Brioullov\">Karl Brioullov<\/a>\u00a0(1799-1852), le premier\u00a0<a title=\"Artiste peintre\" href=\"https:\/\/fr.wikipedia.org\/wiki\/Artiste_peintre\">peintre<\/a>\u00a0<a title=\"Russie\" href=\"https:\/\/fr.wikipedia.org\/wiki\/Russie\">russe<\/a>\u00a0de stature internationale. Il est consid\u00e9r\u00e9 comme une figure cl\u00e9 dans la transition du\u00a0<a class=\"mw-redirect\" title=\"N\u00e9oclassicisme\" href=\"https:\/\/fr.wikipedia.org\/wiki\/N%C3%A9oclassicisme\">n\u00e9oclassicisme<\/a>\u00a0au\u00a0<a title=\"Romantisme\" href=\"https:\/\/fr.wikipedia.org\/wiki\/Romantisme\">romantisme<\/a>\u00a0en Russie.<\/li>\n<li><a title=\"Ivan A\u00efvazovski\" href=\"https:\/\/fr.wikipedia.org\/wiki\/Ivan_A%C3%AFvazovski\">Ivan A\u00efvazovski<\/a>\u00a0(1817-1900), peintre d&rsquo;origine\u00a0<a title=\"Arm\u00e9nie\" href=\"https:\/\/fr.wikipedia.org\/wiki\/Arm%C3%A9nie\">arm\u00e9nienne<\/a>, est un des ma\u00eetres de la peinture de\u00a0<a title=\"Marine (peinture)\" href=\"https:\/\/fr.wikipedia.org\/wiki\/Marine_(peinture)\">marine<\/a>\u00a0qui a marqu\u00e9 l&rsquo;histoire et les p\u00e9riodes\u00a0<a title=\"Romantisme\" href=\"https:\/\/fr.wikipedia.org\/wiki\/Romantisme\">romantiques<\/a>\u00a0et\u00a0<a title=\"R\u00e9alisme (peinture)\" href=\"https:\/\/fr.wikipedia.org\/wiki\/R%C3%A9alisme_(peinture)\">r\u00e9alistes<\/a>\u00a0de l&rsquo;art russe.<\/li>\n<li><a title=\"Ivan Chichkine\" href=\"https:\/\/fr.wikipedia.org\/wiki\/Ivan_Chichkine\">Ivan Chichkine<\/a>, (1832-1898), professeur \u00e0 l&rsquo;Acad\u00e9mie imp\u00e9riale des Arts de\u00a0<a title=\"Saint-P\u00e9tersbourg\" href=\"https:\/\/fr.wikipedia.org\/wiki\/Saint-P%C3%A9tersbourg\">Saint-P\u00e9tersbourg<\/a>\u00a0et \u00e0 l&rsquo;\u00c9cole sup\u00e9rieure des Arts, il s&rsquo;est sp\u00e9cialis\u00e9 dans les paysages, frappants de r\u00e9alisme et d&rsquo;une technique irr\u00e9prochable.<\/li>\n<li><a title=\"Ivan Kramsko\u00ef\" href=\"https:\/\/fr.wikipedia.org\/wiki\/Ivan_Kramsko%C3%AF\">Ivan Kramsko\u00ef<\/a>\u00a0(1837-1887), peintre,\u00a0<a title=\"Critique d'art\" href=\"https:\/\/fr.wikipedia.org\/wiki\/Critique_d%27art\">critique d&rsquo;art<\/a>\u00a0et une tr\u00e8s importante figure intellectuelle des ann\u00e9es 1860-1880, chef de file du mouvement de l&rsquo;art d\u00e9mocratique russe (<i><a class=\"mw-redirect\" title=\"Peredvijniki\" href=\"https:\/\/fr.wikipedia.org\/wiki\/Peredvijniki\">Peredvijniki<\/a><\/i>).<\/li>\n<li><a title=\"Ilia R\u00e9pine\" href=\"https:\/\/fr.wikipedia.org\/wiki\/Ilia_R%C3%A9pine\">Ilia R\u00e9pine<\/a>\u00a0(1844-1930), l&rsquo;un des principaux peintres et\u00a0<a title=\"Sculpture\" href=\"https:\/\/fr.wikipedia.org\/wiki\/Sculpture\">sculpteurs<\/a>\u00a0russes du mouvement artistique\u00a0<a class=\"mw-redirect\" title=\"Peredvijniki\" href=\"https:\/\/fr.wikipedia.org\/wiki\/Peredvijniki\">Ambulants<\/a>. Une part importante de sa cr\u00e9ation est consacr\u00e9e \u00e0 son\u00a0<a title=\"Ukraine\" href=\"https:\/\/fr.wikipedia.org\/wiki\/Ukraine\">Ukraine<\/a>\u00a0natale. Ses \u0153uvres\u00a0<a title=\"R\u00e9alisme (peinture)\" href=\"https:\/\/fr.wikipedia.org\/wiki\/R%C3%A9alisme_(peinture)\">r\u00e9alistes<\/a>\u00a0expriment souvent une critique cinglante de l&rsquo;ordre social. Vers la fin des\u00a0<a title=\"Ann\u00e9es 1920\" href=\"https:\/\/fr.wikipedia.org\/wiki\/Ann%C3%A9es_1920\">ann\u00e9es 1920<\/a>\u00a0furent publi\u00e9s en\u00a0<a class=\"mw-redirect\" title=\"Union sovi\u00e9tique\" href=\"https:\/\/fr.wikipedia.org\/wiki\/Union_sovi%C3%A9tique\">Union sovi\u00e9tique<\/a>\u00a0des travaux d\u00e9taill\u00e9s sur l&rsquo;artiste \u00e0 tel point que se d\u00e9veloppa dans la\u00a0<a title=\"Ann\u00e9es 1930\" href=\"https:\/\/fr.wikipedia.org\/wiki\/Ann%C3%A9es_1930\">d\u00e9cennie suivante<\/a>\u00a0un v\u00e9ritable culte pour lui. De ce fait, R\u00e9pine fut retenu comme r\u00e9f\u00e9rence sur le plan du\u00a0<a title=\"R\u00e9alisme (arts)\" href=\"https:\/\/fr.wikipedia.org\/wiki\/R%C3%A9alisme_(arts)\">r\u00e9alisme<\/a>\u00a0pour les artistes du courant\u00a0<a title=\"R\u00e9alisme socialiste sovi\u00e9tique\" href=\"https:\/\/fr.wikipedia.org\/wiki\/R%C3%A9alisme_socialiste_sovi%C3%A9tique\">r\u00e9aliste socialiste sovi\u00e9tique<\/a>\u00a0en\u00a0<a class=\"mw-redirect\" title=\"Union sovi\u00e9tique\" href=\"https:\/\/fr.wikipedia.org\/wiki\/Union_sovi%C3%A9tique\">URSS<\/a>.<\/li>\n<li><a title=\"Viktor Vasnetsov\" href=\"https:\/\/fr.wikipedia.org\/wiki\/Viktor_Vasnetsov\">Viktor Vasnetsov<\/a>\u00a0(1848-1926), sp\u00e9cialiste des repr\u00e9sentations mythologiques et historiques. Il est consid\u00e9r\u00e9 comme l&rsquo;un des peintres les plus influents de l&rsquo;art russe de la fin du\u00a0<abbr class=\"abbr\" title=\"19\u1d49 si\u00e8cle\"><span class=\"romain\">XIX<\/span><sup>e<\/sup><\/abbr>\u00a0et du d\u00e9but du\u00a0<abbr class=\"abbr\" title=\"20\u1d49 si\u00e8cle\"><span class=\"romain\">XX<\/span><sup>e<\/sup><\/abbr>\u00a0si\u00e8cle.<\/li>\n<li><a title=\"Mikha\u00efl Vroubel\" href=\"https:\/\/fr.wikipedia.org\/wiki\/Mikha%C3%AFl_Vroubel\">Mikha\u00efl Vroubel<\/a>\u00a0(1856-1910), peintre qui s&rsquo;est illustr\u00e9 dans le\u00a0<a title=\"Symbolisme russe\" href=\"https:\/\/fr.wikipedia.org\/wiki\/Symbolisme_russe\">symbolisme<\/a>\u00a0et l&rsquo;<a title=\"Art nouveau\" href=\"https:\/\/fr.wikipedia.org\/wiki\/Art_nouveau\">Art nouveau<\/a>. Il est souvent consid\u00e9r\u00e9 comme le plus grand repr\u00e9sentant de ce dernier mouvement en Russie. En r\u00e9alit\u00e9, artiste solitaire, il se tint \u00e0 distance des principaux courants de son \u00e9poque et il fut assez critiqu\u00e9 par ses contemporains. La gen\u00e8se de son style original est peut-\u00eatre \u00e0 chercher du c\u00f4t\u00e9 des \u00e9coles\u00a0<a title=\"Art byzantin\" href=\"https:\/\/fr.wikipedia.org\/wiki\/Art_byzantin\">byzantines<\/a>\u00a0tardives ou de la premi\u00e8re\u00a0<a class=\"mw-redirect\" title=\"Renaissance (p\u00e9riode historique)\" href=\"https:\/\/fr.wikipedia.org\/wiki\/Renaissance_(p%C3%A9riode_historique)\">Renaissance<\/a>.<\/li>\n<li><a title=\"Isaac Levitan\" href=\"https:\/\/fr.wikipedia.org\/wiki\/Isaac_Levitan\">Isaac Levitan<\/a>\u00a0(1860-1900), peintre paysagiste, il illustre les descriptions de la nature de son ami\u00a0<a title=\"Anton Tchekhov\" href=\"https:\/\/fr.wikipedia.org\/wiki\/Anton_Tchekhov\">Tchekhov<\/a>.<\/li>\n<li><a title=\"Valentin Serov\" href=\"https:\/\/fr.wikipedia.org\/wiki\/Valentin_Serov\">Valentin Serov<\/a>\u00a0(1865-1911), membre de l\u2019<a title=\"Ambulants\" href=\"https:\/\/fr.wikipedia.org\/wiki\/Ambulants\">Association des expositions d\u2019art itin\u00e9rantes<\/a>\u00a0de 1894 \u00e0 1899, puis affili\u00e9 \u00e0 l\u2019association artistique\u00a0<i><a title=\"Mir iskousstva\" href=\"https:\/\/fr.wikipedia.org\/wiki\/Mir_iskousstva\">mir iskousstva<\/a><\/i>\u00a0(le monde de l&rsquo;art). C\u00e9l\u00e8bre pour ses portraits mais aussi pour ses paysages, qu&rsquo;il combine dans certaines de ses premi\u00e8res \u0153uvres, il enseigne \u00e0 l\u2019<a title=\"\u00c9cole de peinture, de sculpture et d'architecture de Moscou\" href=\"https:\/\/fr.wikipedia.org\/wiki\/%C3%89cole_de_peinture,_de_sculpture_et_d%27architecture_de_Moscou\">\u00c9cole de peinture, de sculpture et d&rsquo;architecture de Moscou<\/a>\u00a0puis en devient membre \u00e0 part enti\u00e8re. C&rsquo;est un peintre de commande tr\u00e8s appr\u00e9ci\u00e9 de la bonne soci\u00e9t\u00e9. Nombre des\u00a0<a title=\"Liste des portraits r\u00e9alis\u00e9s par Valentin Serov\" href=\"https:\/\/fr.wikipedia.org\/wiki\/Liste_des_portraits_r%C3%A9alis%C3%A9s_par_Valentin_Serov\">portraits r\u00e9alis\u00e9s par Serov<\/a>\u00a0sont ceux d&rsquo;artistes alors en vogue (<a title=\"Ida Rubinstein\" href=\"https:\/\/fr.wikipedia.org\/wiki\/Ida_Rubinstein\">Ida Rubinstein<\/a>,\u00a0<a title=\"Isaac Levitan\" href=\"https:\/\/fr.wikipedia.org\/wiki\/Isaac_Levitan\">Isaac Levitan<\/a>,\u00a0<a class=\"mw-redirect\" title=\"Diaghilev\" href=\"https:\/\/fr.wikipedia.org\/wiki\/Diaghilev\">Diaghilev<\/a>), de personnalit\u00e9s de la cour imp\u00e9riale, de grands bourgeois, de notables et de leurs \u00e9pouses.<\/li>\n<li><a title=\"Vassily Kandinsky\" href=\"https:\/\/fr.wikipedia.org\/wiki\/Vassily_Kandinsky\">Vassily Kandinsky<\/a>\u00a0(1866-1944), peintre et th\u00e9oricien de l\u2019<a title=\"Art\" href=\"https:\/\/fr.wikipedia.org\/wiki\/Art\">art<\/a>, consid\u00e9r\u00e9 comme l\u2019un des artistes les plus importants du\u00a0<abbr class=\"abbr\" title=\"20\u1d49 si\u00e8cle\"><span class=\"romain\">XX<\/span><sup>e<\/sup><\/abbr>\u00a0si\u00e8cle aux c\u00f4t\u00e9s notamment de\u00a0<a class=\"mw-redirect\" title=\"Picasso\" href=\"https:\/\/fr.wikipedia.org\/wiki\/Picasso\">Picasso<\/a>\u00a0et de\u00a0<a class=\"mw-redirect\" title=\"Matisse\" href=\"https:\/\/fr.wikipedia.org\/wiki\/Matisse\">Matisse<\/a>, il est un des fondateurs de l&rsquo;<a title=\"Art abstrait\" href=\"https:\/\/fr.wikipedia.org\/wiki\/Art_abstrait\">art abstrait<\/a>\u00a0et est g\u00e9n\u00e9ralement consid\u00e9r\u00e9 comme \u00e9tant l\u2019auteur de la premi\u00e8re \u0153uvre non figurative de l\u2019histoire de l\u2019<a title=\"Art moderne\" href=\"https:\/\/fr.wikipedia.org\/wiki\/Art_moderne\">art moderne<\/a>.<\/li>\n<li><a class=\"mw-redirect\" title=\"Nicholas Roerich\" href=\"https:\/\/fr.wikipedia.org\/wiki\/Nicholas_Roerich\">Nicholas Roerich<\/a>\u00a0(1874-1947).<\/li>\n<li><a class=\"mw-redirect\" title=\"Kazimir Malevitch\" href=\"https:\/\/fr.wikipedia.org\/wiki\/Kazimir_Malevitch\">Kazimir Malevitch<\/a>\u00a0(1878-1935), un des premiers artistes abstraits du\u00a0<abbr class=\"abbr\" title=\"20\u1d49 si\u00e8cle\"><span class=\"romain\">XX<\/span><sup>e<\/sup><\/abbr>\u00a0si\u00e8cle. Peintre,\u00a0<a title=\"Dessinateur\" href=\"https:\/\/fr.wikipedia.org\/wiki\/Dessinateur\">dessinateur<\/a>,\u00a0<a title=\"Sculpture\" href=\"https:\/\/fr.wikipedia.org\/wiki\/Sculpture\">sculpteur<\/a>\u00a0et th\u00e9oricien, il fut le cr\u00e9ateur d&rsquo;un courant artistique qu&rsquo;il d\u00e9nomma \u00ab\u00a0<a title=\"Supr\u00e9matisme\" href=\"https:\/\/fr.wikipedia.org\/wiki\/Supr%C3%A9matisme\">supr\u00e9matisme<\/a>\u00a0\u00bb.<\/li>\n<li><a title=\"Marc Chagall\" href=\"https:\/\/fr.wikipedia.org\/wiki\/Marc_Chagall\">Marc Chagall<\/a>\u00a0(1887-1937), l&rsquo;un des plus c\u00e9l\u00e8bres artistes install\u00e9s en France au\u00a0<a title=\"XXe si\u00e8cle\" href=\"https:\/\/fr.wikipedia.org\/wiki\/XXe_si%C3%A8cle\"><abbr class=\"abbr\" title=\"20\u1d49 si\u00e8cle\"><span class=\"romain\">XX<\/span><sup>e<\/sup><\/abbr>\u00a0si\u00e8cle<\/a>\u00a0avec\u00a0<a title=\"Pablo Picasso\" href=\"https:\/\/fr.wikipedia.org\/wiki\/Pablo_Picasso\">Pablo Picasso<\/a>. Son \u0153uvre, sans se rattacher \u00e0 aucune \u00e9cole, pr\u00e9sente des caract\u00e9ristiques du\u00a0<a title=\"Surr\u00e9alisme\" href=\"https:\/\/fr.wikipedia.org\/wiki\/Surr%C3%A9alisme\">surr\u00e9alisme<\/a>\u00a0et du\u00a0<a class=\"mw-redirect\" title=\"N\u00e9o-primitivisme\" href=\"https:\/\/fr.wikipedia.org\/wiki\/N%C3%A9o-primitivisme\">n\u00e9o-primitivisme<\/a>. Inspir\u00e9e par la tradition juive, la vie du\u00a0<a title=\"Shtetl\" href=\"https:\/\/fr.wikipedia.org\/wiki\/Shtetl\">shtetl<\/a>\u00a0(village juif en Europe de l&rsquo;Est) et le folklore russe, elle \u00e9labore sa propre symbolique, autour de la vie intime de l&rsquo;artiste. Chagall s&rsquo;est essay\u00e9, outre la peinture sur toile, \u00e0 la sculpture, \u00e0 la po\u00e9sie, \u00e0 la peinture sur vitrail, sur \u00e9mail,\u00a0<abbr class=\"abbr\" title=\"et cetera\">etc.<\/abbr><\/li>\n<li><a title=\"Lazar Lissitzky\" href=\"https:\/\/fr.wikipedia.org\/wiki\/Lazar_Lissitzky\">Lazar Lissitzky<\/a>\u00a0(1890-1941), un peintre d&rsquo;<a title=\"Avant-garde russe\" href=\"https:\/\/fr.wikipedia.org\/wiki\/Avant-garde_russe\">avant-garde russe<\/a>, \u00e9galement\u00a0<a title=\"Designer\" href=\"https:\/\/fr.wikipedia.org\/wiki\/Designer\">designer<\/a>,\u00a0<a title=\"Photographe\" href=\"https:\/\/fr.wikipedia.org\/wiki\/Photographe\">photographe<\/a>\u00a0(travaillant notamment sur les\u00a0<a title=\"Photogramme\" href=\"https:\/\/fr.wikipedia.org\/wiki\/Photogramme\">photogrammes<\/a>),\u00a0<a title=\"Typographe\" href=\"https:\/\/fr.wikipedia.org\/wiki\/Typographe\">typographe<\/a>, et\u00a0<a title=\"Architecte\" href=\"https:\/\/fr.wikipedia.org\/wiki\/Architecte\">architecte<\/a>.<\/li>\n<li><a class=\"extiw\" title=\"en:Eduard Steinberg\" href=\"https:\/\/en.wikipedia.org\/wiki\/Eduard_Steinberg\">Edik Steinberg<\/a>\u00a0(1937-2012), l&rsquo;un des peintres les plus importants de la g\u00e9n\u00e9ration non conformiste, souvent consid\u00e9r\u00e9 comme celui qui a repris et poursuivi le supr\u00e9matisme de Malevitch.<\/li>\n<\/ul>\n<div class=\"mw-heading mw-heading2\" style=\"text-align: justify;\">\n<h2 id=\"Liens_externes\">Liens externes<\/h2>\n<\/div>\n<ul>\n<li style=\"text-align: justify;\"><abbr class=\"abbr indicateur-langue\" title=\"Langue : fran\u00e7ais\">(fr)<\/abbr>\u00a0<a class=\"external text\" href=\"http:\/\/www.trapezaroff.com\/\" rel=\"nofollow\">Michel Trapezaroff<\/a><small class=\"cachelinks\">\u00a0[<a title=\"archive sur Wikiwix\" href=\"https:\/\/archive.wikiwix.com\/cache\/?url=http%3A%2F%2Fwww.trapezaroff.com%2F\">archive<\/a>]<\/small><\/li>\n<li style=\"text-align: justify;\"><abbr class=\"abbr indicateur-langue\" title=\"Langue : anglais\">(en)<\/abbr>\u00a0<a class=\"external text\" href=\"http:\/\/www.abcgallery.com\/S\/shishkin\/shishkin.html\" rel=\"nofollow\">Yvan Chichkine<\/a><small class=\"cachelinks\">\u00a0[<a title=\"archive sur Wikiwix\" href=\"https:\/\/archive.wikiwix.com\/cache\/?url=http%3A%2F%2Fwww.abcgallery.com%2FS%2Fshishkin%2Fshishkin.html\">archive<\/a>]<\/small>\u00a0(1832-1898)<\/li>\n<li style=\"text-align: justify;\"><abbr class=\"abbr indicateur-langue\" title=\"Langue : anglais\">(en)<\/abbr>\u00a0<a class=\"external text\" href=\"http:\/\/www.abcgallery.com\/R\/repin\/repin.html\" rel=\"nofollow\">Ilia R\u00e9pine<\/a><small class=\"cachelinks\">\u00a0[<a title=\"archive sur Wikiwix\" href=\"https:\/\/archive.wikiwix.com\/cache\/?url=http%3A%2F%2Fwww.abcgallery.com%2FR%2Frepin%2Frepin.html\">archive<\/a>]<\/small>\u00a0(1844-1930)<\/li>\n<li style=\"text-align: justify;\"><abbr class=\"abbr indicateur-langue\" title=\"Langue : anglais\">(en)<\/abbr>\u00a0<a class=\"external text\" href=\"http:\/\/www.abcgallery.com\/K\/kuinji\/kuinji.html\" rel=\"nofollow\">Arkhip Kuinji<\/a><small class=\"cachelinks\">\u00a0[<a title=\"archive sur Wikiwix\" href=\"https:\/\/archive.wikiwix.com\/cache\/?url=http%3A%2F%2Fwww.abcgallery.com%2FK%2Fkuinji%2Fkuinji.html\">archive<\/a>]<\/small>\u00a0(1842-1910)<\/li>\n<li style=\"text-align: justify;\"><abbr class=\"abbr indicateur-langue\" title=\"Langue : anglais\">(en)<\/abbr>\u00a0<a class=\"external text\" href=\"http:\/\/www.abcgallery.com\/A\/aivazovsky\/aivazovsky.html\" rel=\"nofollow\">Ivan A\u00efvazovsky<\/a><small class=\"cachelinks\">\u00a0[<a title=\"archive sur Wikiwix\" href=\"https:\/\/archive.wikiwix.com\/cache\/?url=http%3A%2F%2Fwww.abcgallery.com%2FA%2Faivazovsky%2Faivazovsky.html\">archive<\/a>]<\/small>\u00a0(1817-1900)<\/li>\n<li style=\"text-align: justify;\"><abbr class=\"abbr indicateur-langue\" title=\"Langue : anglais\">(en)<\/abbr>\u00a0<a class=\"external text\" href=\"http:\/\/www.abcgallery.com\/K\/kramskoy\/kramskoy.html\" rel=\"nofollow\">Ivan Kramskoy<\/a><small class=\"cachelinks\">\u00a0[<a title=\"archive sur Wikiwix\" href=\"https:\/\/archive.wikiwix.com\/cache\/?url=http%3A%2F%2Fwww.abcgallery.com%2FK%2Fkramskoy%2Fkramskoy.html\">archive<\/a>]<\/small>\u00a0(1837-1887)<\/li>\n<li style=\"text-align: justify;\"><abbr class=\"abbr indicateur-langue\" title=\"Langue : anglais\">(en)<\/abbr>\u00a0<a class=\"external text\" href=\"http:\/\/hyperrealisme.online.fr\/html\/gribnickis.htm\" rel=\"nofollow\">Gilles Esnault<\/a><small class=\"cachelinks\">\u00a0[<a title=\"archive sur Wikiwix\" href=\"https:\/\/archive.wikiwix.com\/cache\/?url=http%3A%2F%2Fhyperrealisme.online.fr%2Fhtml%2Fgribnickis.htm\">archive<\/a>]<\/small><\/li>\n<li style=\"text-align: justify;\"><a class=\"external text\" href=\"https:\/\/www.youtube.com\/watch?v=k_uryv2VjRc\" rel=\"nofollow\">Edik Steinberg, lettre \u00e0 Malevitch, film<\/a><small class=\"cachelinks\">\u00a0[<a title=\"archive sur Wikiwix\" href=\"https:\/\/archive.wikiwix.com\/cache\/?url=https%3A%2F%2Fwww.youtube.com%2Fwatch%3Fv%3Dk_uryv2VjRc\">archive<\/a>]<\/small><\/li>\n<\/ul>\n<\/div>\n<\/div>\n<\/div>\n","protected":false},"excerpt":{"rendered":"<p>Image mise en avant : Karl Brioullov Autoportrait\u00a0(1848). Peinture russe contemporaine La peinture russe contemporaine\u00a0commence \u00e0 \u00eatre un peu mieux connue en Occident. Depuis la chute du\u00a0mur de Berlin, les choses \u00e9voluent et l&rsquo;on d\u00e9couvre, \u00e0 travers notamment la derni\u00e8re exposition de\u00a02006\u00a0au\u00a0mus\u00e9e d&rsquo;Orsay, l&rsquo;existence de paysagistes de tr\u00e8s grand talent de la fin du\u00a0XIXe\u00a0si\u00e8cle comme\u00a0Ivan [&hellip;]<\/p>\n","protected":false},"author":1,"featured_media":17393,"parent":0,"menu_order":0,"comment_status":"closed","ping_status":"closed","template":"","meta":{"footnotes":""},"class_list":["post-17295","page","type-page","status-publish","has-post-thumbnail","hentry"],"_links":{"self":[{"href":"https:\/\/oraziopuglisi.art\/index.php\/wp-json\/wp\/v2\/pages\/17295","targetHints":{"allow":["GET"]}}],"collection":[{"href":"https:\/\/oraziopuglisi.art\/index.php\/wp-json\/wp\/v2\/pages"}],"about":[{"href":"https:\/\/oraziopuglisi.art\/index.php\/wp-json\/wp\/v2\/types\/page"}],"author":[{"embeddable":true,"href":"https:\/\/oraziopuglisi.art\/index.php\/wp-json\/wp\/v2\/users\/1"}],"replies":[{"embeddable":true,"href":"https:\/\/oraziopuglisi.art\/index.php\/wp-json\/wp\/v2\/comments?post=17295"}],"version-history":[{"count":5,"href":"https:\/\/oraziopuglisi.art\/index.php\/wp-json\/wp\/v2\/pages\/17295\/revisions"}],"predecessor-version":[{"id":17394,"href":"https:\/\/oraziopuglisi.art\/index.php\/wp-json\/wp\/v2\/pages\/17295\/revisions\/17394"}],"wp:featuredmedia":[{"embeddable":true,"href":"https:\/\/oraziopuglisi.art\/index.php\/wp-json\/wp\/v2\/media\/17393"}],"wp:attachment":[{"href":"https:\/\/oraziopuglisi.art\/index.php\/wp-json\/wp\/v2\/media?parent=17295"}],"curies":[{"name":"wp","href":"https:\/\/api.w.org\/{rel}","templated":true}]}}