{"id":16509,"date":"2025-06-09T20:46:13","date_gmt":"2025-06-09T18:46:13","guid":{"rendered":"https:\/\/oraziopuglisi.art\/?page_id=16509"},"modified":"2025-06-12T07:44:54","modified_gmt":"2025-06-12T05:44:54","slug":"le-palais-farnese","status":"publish","type":"page","link":"https:\/\/oraziopuglisi.art\/index.php\/le-palais-farnese\/","title":{"rendered":"Le Palais Farn\u00e8se"},"content":{"rendered":"<p style=\"text-align: center;\"><a href=\"https:\/\/fr.wikipedia.org\/wiki\/Palais_Farn%C3%A8se\">Le Palais Farn\u00e8se<\/a><\/p>\n<p style=\"text-align: justify;\">Depuis 1874, il est le si\u00e8ge de l&rsquo;<a title=\"Ambassade de France en Italie\" href=\"https:\/\/fr.wikipedia.org\/wiki\/Ambassade_de_France_en_Italie\">ambassade de France en Italie<\/a>\u00a0et depuis 1875, \u00e9galement celui de l&rsquo;<a title=\"\u00c9cole fran\u00e7aise de Rome\" href=\"https:\/\/fr.wikipedia.org\/wiki\/%C3%89cole_fran%C3%A7aise_de_Rome\">\u00c9cole fran\u00e7aise de Rome<\/a>.<\/p>\n<p><iframe loading=\"lazy\" title=\"La gloire des Farn\u00e8se en Italie : splendeur et d\u00e9cadence d&#039;une dynastie - Des Racines et des Ailes\" width=\"600\" height=\"338\" src=\"https:\/\/www.youtube.com\/embed\/e_RGwpV9dhI?feature=oembed\" frameborder=\"0\" allow=\"accelerometer; autoplay; clipboard-write; encrypted-media; gyroscope; picture-in-picture; web-share\" referrerpolicy=\"strict-origin-when-cross-origin\" allowfullscreen><\/iframe><\/p>\n<p>&nbsp;<\/p>\n<p style=\"text-align: justify;\">Pour visiter ce chef d&rsquo;oeuvre de la Renaissance Italienne profitez de la journ\u00e9e du patrimoine. Sinon quelques dates \u00e0 noter dans votre agenda !<\/p>\n<p>&nbsp;<\/p>\n<p><iframe loading=\"lazy\" title=\"Sans fronti\u00e8res \u2013 Rome :  Les coulisses du Palais Farn\u00e8se\" width=\"600\" height=\"338\" src=\"https:\/\/www.youtube.com\/embed\/pS4zg1IO_Jw?feature=oembed\" frameborder=\"0\" allow=\"accelerometer; autoplay; clipboard-write; encrypted-media; gyroscope; picture-in-picture; web-share\" referrerpolicy=\"strict-origin-when-cross-origin\" allowfullscreen><\/iframe><\/p>\n<p>&nbsp;<\/p>\n<p><iframe loading=\"lazy\" title=\"Palazzo Farnese\" width=\"600\" height=\"338\" src=\"https:\/\/www.youtube.com\/embed\/tVDp7Poq99Q?feature=oembed\" frameborder=\"0\" allow=\"accelerometer; autoplay; clipboard-write; encrypted-media; gyroscope; picture-in-picture; web-share\" referrerpolicy=\"strict-origin-when-cross-origin\" allowfullscreen><\/iframe><\/p>\n<p>&nbsp;<\/p>\n<p style=\"text-align: center;\"><a href=\"https:\/\/visite-palazzofarnese.it\/?lang=en\">Site du Palais Farn\u00e8se<\/a><\/p>\n<p><img loading=\"lazy\" decoding=\"async\" class=\"alignnone size-full wp-image-16609\" src=\"http:\/\/oraziopuglisi.art\/wp-content\/uploads\/2025\/06\/2farnesf.jpg\" alt=\"\" width=\"1500\" height=\"1148\" srcset=\"https:\/\/oraziopuglisi.art\/wp-content\/uploads\/2025\/06\/2farnesf.jpg 1500w, https:\/\/oraziopuglisi.art\/wp-content\/uploads\/2025\/06\/2farnesf-300x230.jpg 300w, https:\/\/oraziopuglisi.art\/wp-content\/uploads\/2025\/06\/2farnesf-1024x784.jpg 1024w, https:\/\/oraziopuglisi.art\/wp-content\/uploads\/2025\/06\/2farnesf-768x588.jpg 768w, https:\/\/oraziopuglisi.art\/wp-content\/uploads\/2025\/06\/2farnesf-1240x949.jpg 1240w, https:\/\/oraziopuglisi.art\/wp-content\/uploads\/2025\/06\/2farnesf-508x389.jpg 508w\" sizes=\"auto, (max-width: 1500px) 100vw, 1500px\" \/> <img loading=\"lazy\" decoding=\"async\" class=\"alignnone size-full wp-image-16610\" src=\"http:\/\/oraziopuglisi.art\/wp-content\/uploads\/2025\/06\/15e630f27ce2851b-6397d.jpg\" alt=\"\" width=\"945\" height=\"630\" srcset=\"https:\/\/oraziopuglisi.art\/wp-content\/uploads\/2025\/06\/15e630f27ce2851b-6397d.jpg 945w, https:\/\/oraziopuglisi.art\/wp-content\/uploads\/2025\/06\/15e630f27ce2851b-6397d-300x200.jpg 300w, https:\/\/oraziopuglisi.art\/wp-content\/uploads\/2025\/06\/15e630f27ce2851b-6397d-768x512.jpg 768w, https:\/\/oraziopuglisi.art\/wp-content\/uploads\/2025\/06\/15e630f27ce2851b-6397d-508x339.jpg 508w\" sizes=\"auto, (max-width: 945px) 100vw, 945px\" \/> <img loading=\"lazy\" decoding=\"async\" class=\"alignnone size-full wp-image-16611\" src=\"http:\/\/oraziopuglisi.art\/wp-content\/uploads\/2025\/06\/60825959.jpg\" alt=\"\" width=\"499\" height=\"750\" srcset=\"https:\/\/oraziopuglisi.art\/wp-content\/uploads\/2025\/06\/60825959.jpg 499w, https:\/\/oraziopuglisi.art\/wp-content\/uploads\/2025\/06\/60825959-200x300.jpg 200w\" sizes=\"auto, (max-width: 499px) 100vw, 499px\" \/> <img loading=\"lazy\" decoding=\"async\" class=\"alignnone size-full wp-image-16612\" src=\"http:\/\/oraziopuglisi.art\/wp-content\/uploads\/2025\/06\/CHM7800-3.jpg\" alt=\"\" width=\"999\" height=\"666\" srcset=\"https:\/\/oraziopuglisi.art\/wp-content\/uploads\/2025\/06\/CHM7800-3.jpg 999w, https:\/\/oraziopuglisi.art\/wp-content\/uploads\/2025\/06\/CHM7800-3-300x200.jpg 300w, https:\/\/oraziopuglisi.art\/wp-content\/uploads\/2025\/06\/CHM7800-3-768x512.jpg 768w, https:\/\/oraziopuglisi.art\/wp-content\/uploads\/2025\/06\/CHM7800-3-508x339.jpg 508w\" sizes=\"auto, (max-width: 999px) 100vw, 999px\" \/> <img loading=\"lazy\" decoding=\"async\" class=\"alignnone size-full wp-image-16613\" src=\"http:\/\/oraziopuglisi.art\/wp-content\/uploads\/2025\/06\/Galleria.jpg\" alt=\"\" width=\"800\" height=\"1025\" srcset=\"https:\/\/oraziopuglisi.art\/wp-content\/uploads\/2025\/06\/Galleria.jpg 800w, https:\/\/oraziopuglisi.art\/wp-content\/uploads\/2025\/06\/Galleria-234x300.jpg 234w, https:\/\/oraziopuglisi.art\/wp-content\/uploads\/2025\/06\/Galleria-768x984.jpg 768w, https:\/\/oraziopuglisi.art\/wp-content\/uploads\/2025\/06\/Galleria-508x651.jpg 508w\" sizes=\"auto, (max-width: 800px) 100vw, 800px\" \/> <img loading=\"lazy\" decoding=\"async\" class=\"alignnone size-full wp-image-16614\" src=\"http:\/\/oraziopuglisi.art\/wp-content\/uploads\/2025\/06\/IMG-20250607-WA0062-1.jpg\" alt=\"\" width=\"1600\" height=\"1200\" srcset=\"https:\/\/oraziopuglisi.art\/wp-content\/uploads\/2025\/06\/IMG-20250607-WA0062-1.jpg 1600w, https:\/\/oraziopuglisi.art\/wp-content\/uploads\/2025\/06\/IMG-20250607-WA0062-1-300x225.jpg 300w, https:\/\/oraziopuglisi.art\/wp-content\/uploads\/2025\/06\/IMG-20250607-WA0062-1-1024x768.jpg 1024w, https:\/\/oraziopuglisi.art\/wp-content\/uploads\/2025\/06\/IMG-20250607-WA0062-1-768x576.jpg 768w, https:\/\/oraziopuglisi.art\/wp-content\/uploads\/2025\/06\/IMG-20250607-WA0062-1-1536x1152.jpg 1536w, https:\/\/oraziopuglisi.art\/wp-content\/uploads\/2025\/06\/IMG-20250607-WA0062-1-1240x930.jpg 1240w, https:\/\/oraziopuglisi.art\/wp-content\/uploads\/2025\/06\/IMG-20250607-WA0062-1-508x381.jpg 508w\" sizes=\"auto, (max-width: 1600px) 100vw, 1600px\" \/><\/p>\n<div style=\"width: 600px;\" class=\"wp-video\"><video class=\"wp-video-shortcode\" id=\"video-16509-1\" width=\"600\" height=\"1067\" preload=\"metadata\" controls=\"controls\"><source type=\"video\/mp4\" src=\"http:\/\/oraziopuglisi.art\/wp-content\/uploads\/2025\/06\/Le-Palais-Farnese-1.mp4?_=1\" \/><a href=\"http:\/\/oraziopuglisi.art\/wp-content\/uploads\/2025\/06\/Le-Palais-Farnese-1.mp4\">http:\/\/oraziopuglisi.art\/wp-content\/uploads\/2025\/06\/Le-Palais-Farnese-1.mp4<\/a><\/video><\/div>\n<p><img loading=\"lazy\" decoding=\"async\" class=\"alignnone size-full wp-image-16616\" src=\"http:\/\/oraziopuglisi.art\/wp-content\/uploads\/2025\/06\/Palazzo-Farnese-Facciata-2.jpg\" alt=\"\" width=\"999\" height=\"511\" srcset=\"https:\/\/oraziopuglisi.art\/wp-content\/uploads\/2025\/06\/Palazzo-Farnese-Facciata-2.jpg 999w, https:\/\/oraziopuglisi.art\/wp-content\/uploads\/2025\/06\/Palazzo-Farnese-Facciata-2-300x153.jpg 300w, https:\/\/oraziopuglisi.art\/wp-content\/uploads\/2025\/06\/Palazzo-Farnese-Facciata-2-768x393.jpg 768w, https:\/\/oraziopuglisi.art\/wp-content\/uploads\/2025\/06\/Palazzo-Farnese-Facciata-2-508x260.jpg 508w\" sizes=\"auto, (max-width: 999px) 100vw, 999px\" \/> <img loading=\"lazy\" decoding=\"async\" class=\"alignnone size-full wp-image-16617\" src=\"http:\/\/oraziopuglisi.art\/wp-content\/uploads\/2025\/06\/sala1.jpg\" alt=\"\" width=\"1920\" height=\"1080\" srcset=\"https:\/\/oraziopuglisi.art\/wp-content\/uploads\/2025\/06\/sala1.jpg 1920w, https:\/\/oraziopuglisi.art\/wp-content\/uploads\/2025\/06\/sala1-300x169.jpg 300w, https:\/\/oraziopuglisi.art\/wp-content\/uploads\/2025\/06\/sala1-1024x576.jpg 1024w, https:\/\/oraziopuglisi.art\/wp-content\/uploads\/2025\/06\/sala1-768x432.jpg 768w, https:\/\/oraziopuglisi.art\/wp-content\/uploads\/2025\/06\/sala1-1536x864.jpg 1536w, https:\/\/oraziopuglisi.art\/wp-content\/uploads\/2025\/06\/sala1-1240x698.jpg 1240w, https:\/\/oraziopuglisi.art\/wp-content\/uploads\/2025\/06\/sala1-508x286.jpg 508w\" sizes=\"auto, (max-width: 1920px) 100vw, 1920px\" \/> <img loading=\"lazy\" decoding=\"async\" class=\"alignnone size-full wp-image-16618\" src=\"http:\/\/oraziopuglisi.art\/wp-content\/uploads\/2025\/06\/Voute-2.jpeg\" alt=\"\" width=\"968\" height=\"1280\" srcset=\"https:\/\/oraziopuglisi.art\/wp-content\/uploads\/2025\/06\/Voute-2.jpeg 968w, https:\/\/oraziopuglisi.art\/wp-content\/uploads\/2025\/06\/Voute-2-227x300.jpeg 227w, https:\/\/oraziopuglisi.art\/wp-content\/uploads\/2025\/06\/Voute-2-774x1024.jpeg 774w, https:\/\/oraziopuglisi.art\/wp-content\/uploads\/2025\/06\/Voute-2-768x1016.jpeg 768w, https:\/\/oraziopuglisi.art\/wp-content\/uploads\/2025\/06\/Voute-2-508x672.jpeg 508w\" sizes=\"auto, (max-width: 968px) 100vw, 968px\" \/><\/p>\n<p style=\"text-align: center;\"><strong><em>Lieu de travail de notre ami Nicolas Grammatico<\/em><\/strong><\/p>\n<p style=\"text-align: justify;\">Le\u00a0<b>palais Farn\u00e8se<\/b>\u00a0(en\u00a0<a title=\"Italien\" href=\"https:\/\/fr.wikipedia.org\/wiki\/Italien\">italien<\/a>\u00a0:\u00a0<i>Palazzo Farnese<\/i>\u00a0<small>prononc\u00e9\u00a0:\u00a0<\/small><span class=\"API\"><a title=\"Aide:Alphabet phon\u00e9tique italien\" href=\"https:\/\/fr.wikipedia.org\/wiki\/Aide:Alphabet_phon%C3%A9tique_italien\">[pa\u02c8lattso far\u02c8ne\u02d0ze]<\/a><\/span>) est un palais de la\u00a0<a title=\"Haute Renaissance\" href=\"https:\/\/fr.wikipedia.org\/wiki\/Haute_Renaissance\">Haute Renaissance<\/a>\u00a0\u00e0\u00a0<a title=\"Rome\" href=\"https:\/\/fr.wikipedia.org\/wiki\/Rome\">Rome<\/a>, situ\u00e9 \u00e0\u00a0<a title=\"Regola (rione de Rome)\" href=\"https:\/\/fr.wikipedia.org\/wiki\/Regola_(rione_de_Rome)\">Regole<\/a>, sur la\u00a0<a title=\"Place Farn\u00e8se\" href=\"https:\/\/fr.wikipedia.org\/wiki\/Place_Farn%C3%A8se\">place Farn\u00e8se<\/a>. Il est l&rsquo;un des \u00e9difices les plus importants de la\u00a0<a title=\"Renaissance italienne\" href=\"https:\/\/fr.wikipedia.org\/wiki\/Renaissance_italienne\">Renaissance italienne<\/a>. Il porte le nom de la\u00a0<a title=\"Maison Farn\u00e8se\" href=\"https:\/\/fr.wikipedia.org\/wiki\/Maison_Farn%C3%A8se\">maison Farn\u00e8se<\/a>\u00a0: son commanditaire, le cardinal Alexandre Farn\u00e8se, futur pape\u00a0<a title=\"Paul III\" href=\"https:\/\/fr.wikipedia.org\/wiki\/Paul_III\">Paul III<\/a>, manifeste ses pr\u00e9tentions dynastiques de pouvoir \u00e0 travers la construction de l&rsquo;un des plus grands palais de Rome. Les architectes les plus importants de l&rsquo;\u00e9poque participent \u00e0 sa conception et \u00e0 son ex\u00e9cution\u00a0:\u00a0<a title=\"Antonio da Sangallo le Jeune\" href=\"https:\/\/fr.wikipedia.org\/wiki\/Antonio_da_Sangallo_le_Jeune\">Antonio da Sangallo le Jeune<\/a>,\u00a0<a title=\"Michel-Ange\" href=\"https:\/\/fr.wikipedia.org\/wiki\/Michel-Ange\">Michel-Ange<\/a>,\u00a0<a title=\"Jacopo Barozzi da Vignola\" href=\"https:\/\/fr.wikipedia.org\/wiki\/Jacopo_Barozzi_da_Vignola\">Jacopo Barozzi da Vignola<\/a>\u00a0et\u00a0<a title=\"Giacomo della Porta\" href=\"https:\/\/fr.wikipedia.org\/wiki\/Giacomo_della_Porta\">Giacomo della Porta<\/a>. La p\u00e9riode de construction s&rsquo;est \u00e9tendue sur environ 75 ans.<\/p>\n<p style=\"text-align: justify;\">Les artistes\u00a0<a title=\"Daniele da Volterra\" href=\"https:\/\/fr.wikipedia.org\/wiki\/Daniele_da_Volterra\">Daniele da Volterra<\/a>,\u00a0<a title=\"Francesco Salviati\" href=\"https:\/\/fr.wikipedia.org\/wiki\/Francesco_Salviati\">Francesco Salviati<\/a>, les fr\u00e8res\u00a0<a title=\"Taddeo Zuccari\" href=\"https:\/\/fr.wikipedia.org\/wiki\/Taddeo_Zuccari\">Taddeo<\/a>\u00a0et\u00a0<a title=\"Federico Zuccari\" href=\"https:\/\/fr.wikipedia.org\/wiki\/Federico_Zuccari\">Federico Zuccari<\/a>,\u00a0<a title=\"Guglielmo Della Porta\" href=\"https:\/\/fr.wikipedia.org\/wiki\/Guglielmo_Della_Porta\">Guglielmo Della Porta<\/a>, et d&rsquo;autres, ont cr\u00e9\u00e9 la pr\u00e9cieuse d\u00e9coration int\u00e9rieure. Les\u00a0<a title=\"Fresques de la galerie Farn\u00e8se\" href=\"https:\/\/fr.wikipedia.org\/wiki\/Fresques_de_la_galerie_Farn%C3%A8se\">fresques de la galerie Farn\u00e8se<\/a>, cycle de fresques des deux artistes\u00a0<a title=\"Bologne\" href=\"https:\/\/fr.wikipedia.org\/wiki\/Bologne\">bolognais<\/a>\u00a0<a title=\"Agostino Carracci\" href=\"https:\/\/fr.wikipedia.org\/wiki\/Agostino_Carracci\">Agostino<\/a>\u00a0et\u00a0<a title=\"Annibale Carracci\" href=\"https:\/\/fr.wikipedia.org\/wiki\/Annibale_Carracci\">Annibale Carracci<\/a>, marque la fin du\u00a0<abbr class=\"abbr\" title=\"16\u1d49 si\u00e8cle\"><span class=\"romain\">XVI<\/span><sup>e<\/sup><\/abbr>\u00a0si\u00e8cle et la transition vers une nouvelle phase historique de l&rsquo;art, le d\u00e9but du\u00a0<a title=\"Baroque\" href=\"https:\/\/fr.wikipedia.org\/wiki\/Baroque\">baroque<\/a>\u00a0italien. La renomm\u00e9e est venue de la\u00a0<a title=\"Collection Farn\u00e8se\" href=\"https:\/\/fr.wikipedia.org\/wiki\/Collection_Farn%C3%A8se\">Collection Farn\u00e8se<\/a>, riche et fastueuse, que plusieurs g\u00e9n\u00e9rations de la famille ont amass\u00e9es. Des parties de celle-ci sont maintenant dans la collection de sculptures du\u00a0<a title=\"Mus\u00e9e arch\u00e9ologique national de Naples\" href=\"https:\/\/fr.wikipedia.org\/wiki\/Mus%C3%A9e_arch%C3%A9ologique_national_de_Naples\">mus\u00e9e arch\u00e9ologique national de Naples<\/a>\u00a0et de la collection de peintures du\u00a0<a title=\"Mus\u00e9e de Capodimonte\" href=\"https:\/\/fr.wikipedia.org\/wiki\/Mus%C3%A9e_de_Capodimonte\">mus\u00e9e de Capodimonte<\/a>, \u00e9galement \u00e0\u00a0<a title=\"Naples\" href=\"https:\/\/fr.wikipedia.org\/wiki\/Naples\">Naples<\/a>.<\/p>\n<p style=\"text-align: justify;\">Depuis 1874, il est le si\u00e8ge de l&rsquo;<a title=\"Ambassade de France en Italie\" href=\"https:\/\/fr.wikipedia.org\/wiki\/Ambassade_de_France_en_Italie\">ambassade de France en Italie<\/a>\u00a0et depuis 1875, \u00e9galement celui de l&rsquo;<a title=\"\u00c9cole fran\u00e7aise de Rome\" href=\"https:\/\/fr.wikipedia.org\/wiki\/%C3%89cole_fran%C3%A7aise_de_Rome\">\u00c9cole fran\u00e7aise de Rome<\/a>.<\/p>\n<p>&nbsp;<\/p>\n<p style=\"text-align: justify;\"><em>Avant de se rapprocher du Palais Farn\u00e8se juste derri\u00e8re \u00e0 quelques m\u00e8tres ! Un petit verre dans cette oenoteka bien fournie ! J&rsquo;ai refait en vrac la vid\u00e9o ci-dessous car j&rsquo;ai dimanticato d&rsquo;enregistrer la premi\u00e8re bien plus fameuse et spontan\u00e9e que celle-ci !\u00a0\u00a0<\/em><\/p>\n<div style=\"width: 600px;\" class=\"wp-video\"><video class=\"wp-video-shortcode\" id=\"video-16509-2\" width=\"600\" height=\"1067\" preload=\"metadata\" controls=\"controls\"><source type=\"video\/mp4\" src=\"http:\/\/oraziopuglisi.art\/wp-content\/uploads\/2025\/06\/Bar-Oenoteka-en-face-Palais-Farnese.mp4?_=2\" \/><a href=\"http:\/\/oraziopuglisi.art\/wp-content\/uploads\/2025\/06\/Bar-Oenoteka-en-face-Palais-Farnese.mp4\">http:\/\/oraziopuglisi.art\/wp-content\/uploads\/2025\/06\/Bar-Oenoteka-en-face-Palais-Farnese.mp4<\/a><\/video><\/div>\n<p><img loading=\"lazy\" decoding=\"async\" class=\"alignnone size-full wp-image-16601\" src=\"http:\/\/oraziopuglisi.art\/wp-content\/uploads\/2025\/06\/IMG-20250607-WA0060.jpg\" alt=\"\" width=\"1600\" height=\"1200\" srcset=\"https:\/\/oraziopuglisi.art\/wp-content\/uploads\/2025\/06\/IMG-20250607-WA0060.jpg 1600w, https:\/\/oraziopuglisi.art\/wp-content\/uploads\/2025\/06\/IMG-20250607-WA0060-300x225.jpg 300w, https:\/\/oraziopuglisi.art\/wp-content\/uploads\/2025\/06\/IMG-20250607-WA0060-1024x768.jpg 1024w, https:\/\/oraziopuglisi.art\/wp-content\/uploads\/2025\/06\/IMG-20250607-WA0060-768x576.jpg 768w, https:\/\/oraziopuglisi.art\/wp-content\/uploads\/2025\/06\/IMG-20250607-WA0060-1536x1152.jpg 1536w, https:\/\/oraziopuglisi.art\/wp-content\/uploads\/2025\/06\/IMG-20250607-WA0060-1240x930.jpg 1240w, https:\/\/oraziopuglisi.art\/wp-content\/uploads\/2025\/06\/IMG-20250607-WA0060-508x381.jpg 508w\" sizes=\"auto, (max-width: 1600px) 100vw, 1600px\" \/> <img loading=\"lazy\" decoding=\"async\" class=\"alignnone size-full wp-image-16602\" src=\"http:\/\/oraziopuglisi.art\/wp-content\/uploads\/2025\/06\/IMG-20250607-WA0061.jpg\" alt=\"\" width=\"1600\" height=\"1200\" srcset=\"https:\/\/oraziopuglisi.art\/wp-content\/uploads\/2025\/06\/IMG-20250607-WA0061.jpg 1600w, https:\/\/oraziopuglisi.art\/wp-content\/uploads\/2025\/06\/IMG-20250607-WA0061-300x225.jpg 300w, https:\/\/oraziopuglisi.art\/wp-content\/uploads\/2025\/06\/IMG-20250607-WA0061-1024x768.jpg 1024w, https:\/\/oraziopuglisi.art\/wp-content\/uploads\/2025\/06\/IMG-20250607-WA0061-768x576.jpg 768w, https:\/\/oraziopuglisi.art\/wp-content\/uploads\/2025\/06\/IMG-20250607-WA0061-1536x1152.jpg 1536w, https:\/\/oraziopuglisi.art\/wp-content\/uploads\/2025\/06\/IMG-20250607-WA0061-1240x930.jpg 1240w, https:\/\/oraziopuglisi.art\/wp-content\/uploads\/2025\/06\/IMG-20250607-WA0061-508x381.jpg 508w\" sizes=\"auto, (max-width: 1600px) 100vw, 1600px\" \/> <img loading=\"lazy\" decoding=\"async\" class=\"alignnone size-full wp-image-16603\" src=\"http:\/\/oraziopuglisi.art\/wp-content\/uploads\/2025\/06\/IMG-20250607-WA0062.jpg\" alt=\"\" width=\"1600\" height=\"1200\" srcset=\"https:\/\/oraziopuglisi.art\/wp-content\/uploads\/2025\/06\/IMG-20250607-WA0062.jpg 1600w, https:\/\/oraziopuglisi.art\/wp-content\/uploads\/2025\/06\/IMG-20250607-WA0062-300x225.jpg 300w, https:\/\/oraziopuglisi.art\/wp-content\/uploads\/2025\/06\/IMG-20250607-WA0062-1024x768.jpg 1024w, https:\/\/oraziopuglisi.art\/wp-content\/uploads\/2025\/06\/IMG-20250607-WA0062-768x576.jpg 768w, https:\/\/oraziopuglisi.art\/wp-content\/uploads\/2025\/06\/IMG-20250607-WA0062-1536x1152.jpg 1536w, https:\/\/oraziopuglisi.art\/wp-content\/uploads\/2025\/06\/IMG-20250607-WA0062-1240x930.jpg 1240w, https:\/\/oraziopuglisi.art\/wp-content\/uploads\/2025\/06\/IMG-20250607-WA0062-508x381.jpg 508w\" sizes=\"auto, (max-width: 1600px) 100vw, 1600px\" \/> <img loading=\"lazy\" decoding=\"async\" class=\"alignnone size-full wp-image-16604\" src=\"http:\/\/oraziopuglisi.art\/wp-content\/uploads\/2025\/06\/IMG-20250608-WA0070.jpg\" alt=\"\" width=\"1628\" height=\"1755\" srcset=\"https:\/\/oraziopuglisi.art\/wp-content\/uploads\/2025\/06\/IMG-20250608-WA0070.jpg 1628w, https:\/\/oraziopuglisi.art\/wp-content\/uploads\/2025\/06\/IMG-20250608-WA0070-278x300.jpg 278w, https:\/\/oraziopuglisi.art\/wp-content\/uploads\/2025\/06\/IMG-20250608-WA0070-950x1024.jpg 950w, https:\/\/oraziopuglisi.art\/wp-content\/uploads\/2025\/06\/IMG-20250608-WA0070-768x828.jpg 768w, https:\/\/oraziopuglisi.art\/wp-content\/uploads\/2025\/06\/IMG-20250608-WA0070-1425x1536.jpg 1425w, https:\/\/oraziopuglisi.art\/wp-content\/uploads\/2025\/06\/IMG-20250608-WA0070-1240x1337.jpg 1240w, https:\/\/oraziopuglisi.art\/wp-content\/uploads\/2025\/06\/IMG-20250608-WA0070-508x548.jpg 508w\" sizes=\"auto, (max-width: 1628px) 100vw, 1628px\" \/><\/p>\n<div style=\"width: 600px;\" class=\"wp-video\"><video class=\"wp-video-shortcode\" id=\"video-16509-3\" width=\"600\" height=\"1067\" preload=\"metadata\" controls=\"controls\"><source type=\"video\/mp4\" src=\"http:\/\/oraziopuglisi.art\/wp-content\/uploads\/2025\/06\/Le-Palais-Farnese.mp4?_=3\" \/><a href=\"http:\/\/oraziopuglisi.art\/wp-content\/uploads\/2025\/06\/Le-Palais-Farnese.mp4\">http:\/\/oraziopuglisi.art\/wp-content\/uploads\/2025\/06\/Le-Palais-Farnese.mp4<\/a><\/video><\/div>\n","protected":false},"excerpt":{"rendered":"<p>Le Palais Farn\u00e8se Depuis 1874, il est le si\u00e8ge de l&rsquo;ambassade de France en Italie\u00a0et depuis 1875, \u00e9galement celui de l&rsquo;\u00c9cole fran\u00e7aise de Rome. &nbsp; Pour visiter ce chef d&rsquo;oeuvre de la Renaissance Italienne profitez de la journ\u00e9e du patrimoine. Sinon quelques dates \u00e0 noter dans votre agenda ! &nbsp; &nbsp; &nbsp; Site du Palais [&hellip;]<\/p>\n","protected":false},"author":1,"featured_media":16609,"parent":0,"menu_order":0,"comment_status":"closed","ping_status":"closed","template":"","meta":{"footnotes":""},"class_list":["post-16509","page","type-page","status-publish","has-post-thumbnail","hentry"],"_links":{"self":[{"href":"https:\/\/oraziopuglisi.art\/index.php\/wp-json\/wp\/v2\/pages\/16509","targetHints":{"allow":["GET"]}}],"collection":[{"href":"https:\/\/oraziopuglisi.art\/index.php\/wp-json\/wp\/v2\/pages"}],"about":[{"href":"https:\/\/oraziopuglisi.art\/index.php\/wp-json\/wp\/v2\/types\/page"}],"author":[{"embeddable":true,"href":"https:\/\/oraziopuglisi.art\/index.php\/wp-json\/wp\/v2\/users\/1"}],"replies":[{"embeddable":true,"href":"https:\/\/oraziopuglisi.art\/index.php\/wp-json\/wp\/v2\/comments?post=16509"}],"version-history":[{"count":17,"href":"https:\/\/oraziopuglisi.art\/index.php\/wp-json\/wp\/v2\/pages\/16509\/revisions"}],"predecessor-version":[{"id":16964,"href":"https:\/\/oraziopuglisi.art\/index.php\/wp-json\/wp\/v2\/pages\/16509\/revisions\/16964"}],"wp:featuredmedia":[{"embeddable":true,"href":"https:\/\/oraziopuglisi.art\/index.php\/wp-json\/wp\/v2\/media\/16609"}],"wp:attachment":[{"href":"https:\/\/oraziopuglisi.art\/index.php\/wp-json\/wp\/v2\/media?parent=16509"}],"curies":[{"name":"wp","href":"https:\/\/api.w.org\/{rel}","templated":true}]}}