{"id":15662,"date":"2025-02-22T07:42:29","date_gmt":"2025-02-22T06:42:29","guid":{"rendered":"https:\/\/oraziopuglisi.art\/?page_id=15662"},"modified":"2025-02-22T08:02:35","modified_gmt":"2025-02-22T07:02:35","slug":"la-pre-renaissance-italienne","status":"publish","type":"page","link":"https:\/\/oraziopuglisi.art\/index.php\/la-pre-renaissance-italienne\/","title":{"rendered":"La Pr\u00e9 Renaissance Italienne"},"content":{"rendered":"<p style=\"text-align: justify;\"><em><span style=\"font-size: 12px;\">Image mise en avant : Mosa\u00efque du\u00a0<a class=\"mw-redirect\" title=\"Baptist\u00e8re Saint-Jean (Florence)\" href=\"https:\/\/fr.wikipedia.org\/wiki\/Baptist%C3%A8re_Saint-Jean_(Florence)\">Baptist\u00e8re Saint-Jean<\/a>\u00a0de Florence, repr\u00e9sentant le\u00a0Christ du\u00a0<a title=\"Jugement dernier\" href=\"https:\/\/fr.wikipedia.org\/wiki\/Jugement_dernier\">Jugement dernier<\/a>, \u0153uvre d&rsquo;un ma\u00eetre\u00a0<a title=\"Florence\" href=\"https:\/\/fr.wikipedia.org\/wiki\/Florence\">florentin<\/a>, vers 1300.<\/span><\/em><\/p>\n<p>&nbsp;<\/p>\n<p>&nbsp;<\/p>\n<p style=\"text-align: justify;\"><a href=\"https:\/\/fr.wikipedia.org\/wiki\/Pr%C3%A9-Renaissance\">La\u00a0<b>pr\u00e9-Renaissance<\/b>\u00a0italienne<\/a> concerne les p\u00e9riodes historiques du\u00a0<abbr class=\"abbr\" title=\"13\u1d49 si\u00e8cle\"><span class=\"romain\">XIII<\/span><sup>e<\/sup><\/abbr>\u00a0si\u00e8cle, le\u00a0<i><a title=\"Duecento\" href=\"https:\/\/fr.wikipedia.org\/wiki\/Duecento\">Duecento<\/a><\/i>\u00a0et du\u00a0<abbr class=\"abbr\" title=\"14\u1d49 si\u00e8cle\"><span class=\"romain\">XIV<\/span><sup>e<\/sup><\/abbr>\u00a0si\u00e8cle, le\u00a0<i><a title=\"Trecento\" href=\"https:\/\/fr.wikipedia.org\/wiki\/Trecento\">Trecento<\/a><\/i>\u00a0du point de vue de l&rsquo;<a title=\"Histoire de l'art\" href=\"https:\/\/fr.wikipedia.org\/wiki\/Histoire_de_l%27art\">Histoire de l&rsquo;art<\/a>\u00a0; elle succ\u00e8de \u00e0 l&rsquo;<a title=\"Art byzantin\" href=\"https:\/\/fr.wikipedia.org\/wiki\/Art_byzantin\">art byzantin<\/a>\u00a0comme cons\u00e9quence en Italie de l&rsquo;<a title=\"Art byzantin lors de l'interm\u00e8de latin\" href=\"https:\/\/fr.wikipedia.org\/wiki\/Art_byzantin_lors_de_l%27interm%C3%A8de_latin\">art lors de l&rsquo;interm\u00e8de latin de Byzance<\/a>. Les peintres de la pr\u00e9-Renaissance italienne sont traditionnellement nomm\u00e9s\u00a0<a title=\"Primitifs italiens\" href=\"https:\/\/fr.wikipedia.org\/wiki\/Primitifs_italiens\">primitifs italiens<\/a>.<\/p>\n<p style=\"text-align: justify;\">Selon l&rsquo;historien de l&rsquo;art\u00a0<a title=\"Jacob Burckhardt\" href=\"https:\/\/fr.wikipedia.org\/wiki\/Jacob_Burckhardt\">Jacob Burckhardt<\/a>\u00a0(1818-1897)<sup class=\"need_ref_tag\"><a title=\"Aide:Source insuffisante\" href=\"https:\/\/fr.wikipedia.org\/wiki\/Aide:Source_insuffisante\">[source\u00a0insuffisante]<\/a><\/sup>, cette Renaissance avant l&rsquo;heure commence d\u00e8s le\u00a0<abbr class=\"abbr\" title=\"11\u1d49 si\u00e8cle\"><span class=\"romain\">XI<\/span><sup>e<\/sup><\/abbr>\u00a0si\u00e8cle en Toscane et se diffuse le si\u00e8cle suivant jusqu&rsquo;en\u00a0<a title=\"Provence\" href=\"https:\/\/fr.wikipedia.org\/wiki\/Provence\">Provence<\/a>\u00a0et en\u00a0<a title=\"Italie centrale\" href=\"https:\/\/fr.wikipedia.org\/wiki\/Italie_centrale\">Italie centrale<\/a>.<\/p>\n<div class=\"mw-heading mw-heading2\">\n<h2 id=\"Caract\u00e9risation\"><span id=\"Caract.C3.A9risation\"><\/span>Caract\u00e9risation<\/h2>\n<\/div>\n<p style=\"text-align: justify;\">Poursuivant la tradition de la\u00a0<a title=\"Peinture byzantine\" href=\"https:\/\/fr.wikipedia.org\/wiki\/Peinture_byzantine\">peinture byzantine<\/a>, aboutissement de la\u00a0<a title=\"Peinture gothique\" href=\"https:\/\/fr.wikipedia.org\/wiki\/Peinture_gothique\">peinture gothique<\/a>\u00a0en Italie, la p\u00e9riode se traduit par de nombreux\u00a0<a class=\"mw-redirect\" title=\"Triptyque (Beaux-arts)\" href=\"https:\/\/fr.wikipedia.org\/wiki\/Triptyque_(Beaux-arts)\">triptyques<\/a>\u00a0et l&#8217;emploi de feuilles d&rsquo;or cens\u00e9es repr\u00e9senter le Divin. Les figures repr\u00e9sent\u00e9es ne b\u00e9n\u00e9ficient pas encore de la\u00a0<a title=\"Perspective (repr\u00e9sentation)\" href=\"https:\/\/fr.wikipedia.org\/wiki\/Perspective_(repr%C3%A9sentation)\">perspective<\/a>, aussi les peintres \u00e9prouvent des difficult\u00e9s pour donner de la profondeur dans les grandes sc\u00e8nes.<\/p>\n<p style=\"text-align: justify;\">L&rsquo;art s&rsquo;y rapporte encore au Moyen \u00c2ge, ce qui implique que les uniques th\u00e8mes de repr\u00e9sentation sont issus de la\u00a0<a title=\"Peinture chr\u00e9tienne\" href=\"https:\/\/fr.wikipedia.org\/wiki\/Peinture_chr%C3%A9tienne\">mythographie \u00e9vang\u00e9lique<\/a>\u00a0; le\u00a0<a title=\"Quattrocento\" href=\"https:\/\/fr.wikipedia.org\/wiki\/Quattrocento\">si\u00e8cle suivant<\/a>\u00a0a apport\u00e9 une rupture avec le courant artistique de la\u00a0<a title=\"Premi\u00e8re Renaissance\" href=\"https:\/\/fr.wikipedia.org\/wiki\/Premi%C3%A8re_Renaissance\">Premi\u00e8re Renaissance<\/a>.<\/p>\n<p>Les artistes de la ville de\u00a0<a title=\"Pise\" href=\"https:\/\/fr.wikipedia.org\/wiki\/Pise\">Pise<\/a>\u00a0y peignent des triptyques religieux, mais leur \u00e9cole ne se poursuivra pas aux si\u00e8cles suivants, compte tenu de la prise de pouvoir de\u00a0<a title=\"Florence\" href=\"https:\/\/fr.wikipedia.org\/wiki\/Florence\">Florence<\/a>.<\/p>\n<p style=\"text-align: justify;\">Les fresques murales des monast\u00e8res de\u00a0<a title=\"Toscane\" href=\"https:\/\/fr.wikipedia.org\/wiki\/Toscane\">Toscane<\/a>\u00a0sont d\u00e9cor\u00e9es de petits personnages sur fond bleu figurant des\u00a0<a title=\"Ange\" href=\"https:\/\/fr.wikipedia.org\/wiki\/Ange\">anges<\/a>, uniquement repr\u00e9sent\u00e9es par des t\u00eates blondes poupines et des ailes\u00a0: ce sont les\u00a0<a title=\"Ch\u00e9rubin\" href=\"https:\/\/fr.wikipedia.org\/wiki\/Ch%C3%A9rubin\">angelots<\/a>.<\/p>\n<div class=\"mw-heading mw-heading3\">\n<h3 id=\"Les_innovations_qui_se_profilent\">Les innovations qui se profilent<\/h3>\n<\/div>\n<div class=\"bandeau-container bandeau-section metadata bandeau-niveau-information\">\n<div class=\"bandeau-cell bandeau-icone-css loupe\">Article d\u00e9taill\u00e9\u00a0:\u00a0<a title=\"Primitifs italiens\" href=\"https:\/\/fr.wikipedia.org\/wiki\/Primitifs_italiens\">Primitifs italiens<\/a>.<\/div>\n<\/div>\n<p style=\"text-align: justify;\">Malgr\u00e9 tout certains peintres \u00e9bauchent les pr\u00e9mices de la pleine Renaissance en introduisant plusieurs principes innovants dus aux intentions des ordres religieux\u00a0<a class=\"mw-redirect\" title=\"Ordre des fr\u00e8res mineurs\" href=\"https:\/\/fr.wikipedia.org\/wiki\/Ordre_des_fr%C3%A8res_mineurs\">franciscains<\/a>\u00a0et\u00a0<a title=\"Ordre des Pr\u00eacheurs\" href=\"https:\/\/fr.wikipedia.org\/wiki\/Ordre_des_Pr%C3%AAcheurs\">dominicains<\/a>\u00a0de se m\u00ealer \u00e0 la population et d&rsquo;user de la peinture pour lui parler et transmettre le message \u00e9vang\u00e9lique\u00a0:<\/p>\n<ul>\n<li style=\"text-align: justify;\">l&rsquo;humanisation des personnages sacr\u00e9s\u00a0: J\u00e9sus et ses bourreaux occupent la m\u00eame taille dans le tableau, les personnages saints ont les pieds qui reposent sur le sol\u2026<\/li>\n<li style=\"text-align: justify;\">l&rsquo;apparition des\u00a0<a title=\"Paysage\" href=\"https:\/\/fr.wikipedia.org\/wiki\/Paysage\">paysages<\/a>\u00a0terrestres comme cadre du d\u00e9roulement de leurs actions, et des paysages familiers, des activit\u00e9s humaines\u00a0:\u00a0<a title=\"Sienne\" href=\"https:\/\/fr.wikipedia.org\/wiki\/Sienne\">Sienne<\/a>\u00a0en d\u00e9cor de\u00a0<a title=\"J\u00e9rusalem\" href=\"https:\/\/fr.wikipedia.org\/wiki\/J%C3%A9rusalem\">J\u00e9rusalem<\/a>, les collines, les rivi\u00e8res, les travaux quotidiens, des champs, des\u00a0<a class=\"mw-redirect\" title=\"Artisan\" href=\"https:\/\/fr.wikipedia.org\/wiki\/Artisan\">artisans<\/a>, les sujets profanes se montrent, etc.<\/li>\n<li>le d\u00e9veloppement d&rsquo;une repr\u00e9sentation picturale de la complexit\u00e9 architecturale (m\u00eame accompagn\u00e9e d&rsquo;une perspective empirique)\u00a0: Les int\u00e9rieurs autant que les ext\u00e9rieurs sont r\u00e9alistes et coh\u00e9rents, etc.<\/li>\n<\/ul>\n<p style=\"text-align: justify;\">Ces peintres sont appel\u00e9s aujourd&rsquo;hui\u00a0<a title=\"Primitifs italiens\" href=\"https:\/\/fr.wikipedia.org\/wiki\/Primitifs_italiens\">Primitifs italiens<\/a>\u00a0et on compte parmi eux\u00a0<a title=\"Cimabue\" href=\"https:\/\/fr.wikipedia.org\/wiki\/Cimabue\">Cimabue<\/a>,\u00a0<a class=\"mw-redirect\" title=\"Giotto\" href=\"https:\/\/fr.wikipedia.org\/wiki\/Giotto\">Giotto<\/a>,\u00a0<a class=\"mw-redirect\" title=\"Duccio\" href=\"https:\/\/fr.wikipedia.org\/wiki\/Duccio\">Duccio<\/a>, les fr\u00e8res\u00a0<span class=\"page_h\"><a class=\"mw-disambig\" title=\"Lorenzetti (famille)\" href=\"https:\/\/fr.wikipedia.org\/wiki\/Lorenzetti_(famille)\">Lorenzetti<\/a><\/span>\u00a0et\u00a0<a title=\"Simone Martini\" href=\"https:\/\/fr.wikipedia.org\/wiki\/Simone_Martini\">Simone Martini<\/a>.<\/p>\n<div class=\"mw-heading mw-heading2\">\n<h2 id=\"Voir_aussi\">Voir aussi<\/h2>\n<\/div>\n<div class=\"mw-heading mw-heading3\">\n<h3 id=\"Articles_connexes\">Articles connexes<\/h3>\n<\/div>\n<ul>\n<li style=\"text-align: justify;\"><a class=\"mw-redirect\" title=\"Vasari\" href=\"https:\/\/fr.wikipedia.org\/wiki\/Vasari\">Giorgio Vasari<\/a>, historien de l&rsquo;art et artiste peintre du\u00a0<a title=\"XVIe si\u00e8cle\" href=\"https:\/\/fr.wikipedia.org\/wiki\/XVIe_si%C3%A8cle\"><abbr class=\"abbr\" title=\"16\u1d49 si\u00e8cle\"><span class=\"romain\">XVI<\/span><sup>e<\/sup><\/abbr>\u00a0si\u00e8cle<\/a>\u00a0qui d\u00e9crit la vie des artistes de son temps dans\u00a0<i><a class=\"mw-redirect\" title=\"Le Vite\" href=\"https:\/\/fr.wikipedia.org\/wiki\/Le_Vite\">Le Vite<\/a><\/i><\/li>\n<li>En musique, les origines du\u00a0<i><a title=\"Madrigal\" href=\"https:\/\/fr.wikipedia.org\/wiki\/Madrigal\">madrigal<\/a><\/i>\u00a0:\u00a0<a title=\"Madrigal du Trecento\" href=\"https:\/\/fr.wikipedia.org\/wiki\/Madrigal_du_Trecento\">Madrigal du Trecento<\/a>\u00a0(<a class=\"extiw\" title=\"de:Trecento-Madrigal\" href=\"https:\/\/de.wikipedia.org\/wiki\/Trecento-Madrigal\">article DE<\/a>)<\/li>\n<li>La\u00a0<a title=\"Peinture gothique\" href=\"https:\/\/fr.wikipedia.org\/wiki\/Peinture_gothique\">peinture gothique<\/a>\u00a0italienne et la\u00a0<a title=\"Peinture byzantine\" href=\"https:\/\/fr.wikipedia.org\/wiki\/Peinture_byzantine\">peinture byzantine<\/a><\/li>\n<li>Les\u00a0<a title=\"Primitifs italiens\" href=\"https:\/\/fr.wikipedia.org\/wiki\/Primitifs_italiens\">primitifs italiens<\/a><\/li>\n<li>La cat\u00e9gorie des\u00a0<a title=\"Cat\u00e9gorie:Peintre italien de la pr\u00e9-Renaissance\" href=\"https:\/\/fr.wikipedia.org\/wiki\/Cat%C3%A9gorie:Peintre_italien_de_la_pr%C3%A9-Renaissance\">peintres italiens de la pr\u00e9-Renaissance<\/a><\/li>\n<\/ul>\n<p style=\"text-align: center;\"><a href=\"https:\/\/fr.wikipedia.org\/wiki\/Cat%C3%A9gorie:Peintre_italien_de_la_pr%C3%A9-Renaissance\">Liste des peintres de la Pr\u00e9 Renaissance<\/a><\/p>\n<div class=\"mw-category-group\">\n<ul>\n<li><a title=\"Primitifs italiens\" href=\"https:\/\/fr.wikipedia.org\/wiki\/Primitifs_italiens\">Primitifs italiens<\/a><\/li>\n<\/ul>\n<\/div>\n<div class=\"mw-category-group\">\n<h3>A<\/h3>\n<ul>\n<li><a title=\"Anovelo da Imbonate\" href=\"https:\/\/fr.wikipedia.org\/wiki\/Anovelo_da_Imbonate\">Anovelo da Imbonate<\/a><\/li>\n<li><a title=\"Jacopo Avanzi\" href=\"https:\/\/fr.wikipedia.org\/wiki\/Jacopo_Avanzi\">Jacopo Avanzi<\/a><\/li>\n<\/ul>\n<\/div>\n<div class=\"mw-category-group\">\n<h3>B<\/h3>\n<ul>\n<li><a title=\"Giovanni Baleison\" href=\"https:\/\/fr.wikipedia.org\/wiki\/Giovanni_Baleison\">Giovanni Baleison<\/a><\/li>\n<li><a title=\"Pace di Bartolo\" href=\"https:\/\/fr.wikipedia.org\/wiki\/Pace_di_Bartolo\">Pace di Bartolo<\/a><\/li>\n<li><a title=\"Bartolomeo di Fruosino\" href=\"https:\/\/fr.wikipedia.org\/wiki\/Bartolomeo_di_Fruosino\">Bartolomeo di Fruosino<\/a><\/li>\n<li><a title=\"Bartolomeo di Tommaso da Foligno\" href=\"https:\/\/fr.wikipedia.org\/wiki\/Bartolomeo_di_Tommaso_da_Foligno\">Bartolomeo di Tommaso da Foligno<\/a><\/li>\n<li><a title=\"Perinetto da Benevento\" href=\"https:\/\/fr.wikipedia.org\/wiki\/Perinetto_da_Benevento\">Perinetto da Benevento<\/a><\/li>\n<li><a title=\"Leonardo da Besozzo\" href=\"https:\/\/fr.wikipedia.org\/wiki\/Leonardo_da_Besozzo\">Leonardo da Besozzo<\/a><\/li>\n<li><a title=\"Biagio di Goro Ghezzi\" href=\"https:\/\/fr.wikipedia.org\/wiki\/Biagio_di_Goro_Ghezzi\">Biagio di Goro Ghezzi<\/a><\/li>\n<li><a title=\"Andrea di Bonaiuto\" href=\"https:\/\/fr.wikipedia.org\/wiki\/Andrea_di_Bonaiuto\">Andrea di Bonaiuto<\/a><\/li>\n<li><a title=\"Alberto Bonsignori\" href=\"https:\/\/fr.wikipedia.org\/wiki\/Alberto_Bonsignori\">Alberto Bonsignori<\/a><\/li>\n<li><a title=\"Cherubino Bonsignori\" href=\"https:\/\/fr.wikipedia.org\/wiki\/Cherubino_Bonsignori\">Cherubino Bonsignori<\/a><\/li>\n<li><a title=\"Girolamo Bonsignori\" href=\"https:\/\/fr.wikipedia.org\/wiki\/Girolamo_Bonsignori\">Girolamo Bonsignori<\/a><\/li>\n<li><a title=\"Borghese di Piero Borghese\" href=\"https:\/\/fr.wikipedia.org\/wiki\/Borghese_di_Piero_Borghese\">Borghese di Piero Borghese<\/a><\/li>\n<li><a title=\"Ambrogio Borgognone\" href=\"https:\/\/fr.wikipedia.org\/wiki\/Ambrogio_Borgognone\">Ambrogio Borgognone<\/a><\/li>\n<li><a title=\"Duccio di Buoninsegna\" href=\"https:\/\/fr.wikipedia.org\/wiki\/Duccio_di_Buoninsegna\">Duccio di Buoninsegna<\/a><\/li>\n<\/ul>\n<\/div>\n<div class=\"mw-category-group\">\n<h3>C<\/h3>\n<ul>\n<li><a title=\"Carlo da Camerino\" href=\"https:\/\/fr.wikipedia.org\/wiki\/Carlo_da_Camerino\">Carlo da Camerino<\/a><\/li>\n<li><a title=\"Giovanni Canavesio\" href=\"https:\/\/fr.wikipedia.org\/wiki\/Giovanni_Canavesio\">Giovanni Canavesio<\/a><\/li>\n<li><a title=\"Baldassarre Carrari l'Ancien\" href=\"https:\/\/fr.wikipedia.org\/wiki\/Baldassarre_Carrari_l%27Ancien\">Baldassarre Carrari l&rsquo;Ancien<\/a><\/li>\n<li><a title=\"Jacopo di Casentino\" href=\"https:\/\/fr.wikipedia.org\/wiki\/Jacopo_di_Casentino\">Jacopo di Casentino<\/a><\/li>\n<li><a title=\"Olivuccio di Ciccarello\" href=\"https:\/\/fr.wikipedia.org\/wiki\/Olivuccio_di_Ciccarello\">Olivuccio di Ciccarello<\/a><\/li>\n<li><a title=\"Cimabue\" href=\"https:\/\/fr.wikipedia.org\/wiki\/Cimabue\">Cimabue<\/a><\/li>\n<li><a title=\"Leone Cobelli\" href=\"https:\/\/fr.wikipedia.org\/wiki\/Leone_Cobelli\">Leone Cobelli<\/a><\/li>\n<\/ul>\n<\/div>\n<div class=\"mw-category-group\">\n<h3>D<\/h3>\n<ul>\n<li><a title=\"Giovannino de' Grassi\" href=\"https:\/\/fr.wikipedia.org\/wiki\/Giovannino_de%27_Grassi\">Giovannino de&rsquo; Grassi<\/a><\/li>\n<\/ul>\n<\/div>\n<div class=\"mw-category-group\">\n<h3>E<\/h3>\n<ul>\n<li><a title=\"\u00c9cole de Rimini\" href=\"https:\/\/fr.wikipedia.org\/wiki\/%C3%89cole_de_Rimini\">\u00c9cole de Rimini<\/a><\/li>\n<\/ul>\n<\/div>\n<div class=\"mw-category-group\">\n<h3>F<\/h3>\n<ul>\n<li><a title=\"Francesco da Rimini\" href=\"https:\/\/fr.wikipedia.org\/wiki\/Francesco_da_Rimini\">Francesco da Rimini<\/a><\/li>\n<li><a title=\"Stefano Fiorentino\" href=\"https:\/\/fr.wikipedia.org\/wiki\/Stefano_Fiorentino\">Stefano Fiorentino<\/a><\/li>\n<li><a title=\"Fra Carnevale\" href=\"https:\/\/fr.wikipedia.org\/wiki\/Fra_Carnevale\">Fra Carnevale<\/a><\/li>\n<li><a title=\"Francesco di Oberto\" href=\"https:\/\/fr.wikipedia.org\/wiki\/Francesco_di_Oberto\">Francesco di Oberto<\/a><\/li>\n<li><a title=\"Francesco di Valdambrino\" href=\"https:\/\/fr.wikipedia.org\/wiki\/Francesco_di_Valdambrino\">Francesco di Valdambrino<\/a><\/li>\n<\/ul>\n<\/div>\n<div class=\"mw-category-group\">\n<h3>G<\/h3>\n<ul>\n<li><a title=\"Agnolo Gaddi\" href=\"https:\/\/fr.wikipedia.org\/wiki\/Agnolo_Gaddi\">Agnolo Gaddi<\/a><\/li>\n<li><a title=\"Giotto di Bondone\" href=\"https:\/\/fr.wikipedia.org\/wiki\/Giotto_di_Bondone\">Giotto di Bondone<\/a><\/li>\n<li><a title=\"Parente di Giotto\" href=\"https:\/\/fr.wikipedia.org\/wiki\/Parente_di_Giotto\">Parente di Giotto<\/a><\/li>\n<li><a title=\"Matteo Giovannetti\" href=\"https:\/\/fr.wikipedia.org\/wiki\/Matteo_Giovannetti\">Matteo Giovannetti<\/a><\/li>\n<li><a title=\"Giovanni del Biondo\" href=\"https:\/\/fr.wikipedia.org\/wiki\/Giovanni_del_Biondo\">Giovanni del Biondo<\/a><\/li>\n<li><a title=\"Giovanni di Benedetto da Como\" href=\"https:\/\/fr.wikipedia.org\/wiki\/Giovanni_di_Benedetto_da_Como\">Giovanni di Benedetto da Como<\/a><\/li>\n<li><a title=\"Scolaio di Giovanni\" href=\"https:\/\/fr.wikipedia.org\/wiki\/Scolaio_di_Giovanni\">Scolaio di Giovanni<\/a><\/li>\n<li><a title=\"Girolamo di Giovanni\" href=\"https:\/\/fr.wikipedia.org\/wiki\/Girolamo_di_Giovanni\">Girolamo di Giovanni<\/a><\/li>\n<li><a title=\"Giuliano da Rimini\" href=\"https:\/\/fr.wikipedia.org\/wiki\/Giuliano_da_Rimini\">Giuliano da Rimini<\/a><\/li>\n<li><a title=\"Giusto de Menabuoi\" href=\"https:\/\/fr.wikipedia.org\/wiki\/Giusto_de_Menabuoi\">Giusto de Menabuoi<\/a><\/li>\n<li><a title=\"Guccio del Sero\" href=\"https:\/\/fr.wikipedia.org\/wiki\/Guccio_del_Sero\">Guccio del Sero<\/a><\/li>\n<li><a title=\"Guglielmo da Forl\u00ec\" href=\"https:\/\/fr.wikipedia.org\/wiki\/Guglielmo_da_Forl%C3%AC\">Guglielmo da Forl\u00ec<\/a><\/li>\n<\/ul>\n<\/div>\n<div class=\"mw-category-group\">\n<h3>J<\/h3>\n<ul>\n<li><a title=\"Jacobello di Bonomo\" href=\"https:\/\/fr.wikipedia.org\/wiki\/Jacobello_di_Bonomo\">Jacobello di Bonomo<\/a><\/li>\n<li><a title=\"Giacomo Jaquerio\" href=\"https:\/\/fr.wikipedia.org\/wiki\/Giacomo_Jaquerio\">Giacomo Jaquerio<\/a><\/li>\n<\/ul>\n<\/div>\n<div class=\"mw-category-group\">\n<h3>L<\/h3>\n<ul>\n<li><a title=\"Lorenzetti (famille)\" href=\"https:\/\/fr.wikipedia.org\/wiki\/Lorenzetti_(famille)\">Lorenzetti (famille)<\/a><\/li>\n<li><a title=\"Ambrogio Lorenzetti\" href=\"https:\/\/fr.wikipedia.org\/wiki\/Ambrogio_Lorenzetti\">Ambrogio Lorenzetti<\/a><\/li>\n<li><a title=\"Jacopo Loschi\" href=\"https:\/\/fr.wikipedia.org\/wiki\/Jacopo_Loschi\">Jacopo Loschi<\/a><\/li>\n<li><a title=\"Luca di Tomm\u00e8\" href=\"https:\/\/fr.wikipedia.org\/wiki\/Luca_di_Tomm%C3%A8\">Luca di Tomm\u00e8<\/a><\/li>\n<\/ul>\n<\/div>\n<div class=\"mw-category-group\">\n<h3>M<\/h3>\n<ul>\n<li><a title=\"Maestro del San Francesco Bardi\" href=\"https:\/\/fr.wikipedia.org\/wiki\/Maestro_del_San_Francesco_Bardi\">Maestro del San Francesco Bardi<\/a><\/li>\n<li><a title=\"Maestro Guccio\" href=\"https:\/\/fr.wikipedia.org\/wiki\/Maestro_Guccio\">Maestro Guccio<\/a><\/li>\n<li><a title=\"Ma\u00eetre de la Madone Goodhart\" href=\"https:\/\/fr.wikipedia.org\/wiki\/Ma%C3%AEtre_de_la_Madone_Goodhart\">Ma\u00eetre de la Madone Goodhart<\/a><\/li>\n<li><a title=\"Ma\u00eetre de Tolentino\" href=\"https:\/\/fr.wikipedia.org\/wiki\/Ma%C3%AEtre_de_Tolentino\">Ma\u00eetre de Tolentino<\/a><\/li>\n<li><a title=\"Pietro di Giovanni Mazzaforte\" href=\"https:\/\/fr.wikipedia.org\/wiki\/Pietro_di_Giovanni_Mazzaforte\">Pietro di Giovanni Mazzaforte<\/a><\/li>\n<li><a title=\"Meliore di Jacopo\" href=\"https:\/\/fr.wikipedia.org\/wiki\/Meliore_di_Jacopo\">Meliore di Jacopo<\/a><\/li>\n<li><a title=\"Mello da Gubbio\" href=\"https:\/\/fr.wikipedia.org\/wiki\/Mello_da_Gubbio\">Mello da Gubbio<\/a><\/li>\n<li><a title=\"Lippo Memmi\" href=\"https:\/\/fr.wikipedia.org\/wiki\/Lippo_Memmi\">Lippo Memmi<\/a><\/li>\n<li><a title=\"Memmo di Filippuccio\" href=\"https:\/\/fr.wikipedia.org\/wiki\/Memmo_di_Filippuccio\">Memmo di Filippuccio<\/a><\/li>\n<li><a title=\"Michelino da Besozzo\" href=\"https:\/\/fr.wikipedia.org\/wiki\/Michelino_da_Besozzo\">Michelino da Besozzo<\/a><\/li>\n<li><a title=\"Domenico di Michelino\" href=\"https:\/\/fr.wikipedia.org\/wiki\/Domenico_di_Michelino\">Domenico di Michelino<\/a><\/li>\n<li><a title=\"Lorenzo Monaco\" href=\"https:\/\/fr.wikipedia.org\/wiki\/Lorenzo_Monaco\">Lorenzo Monaco<\/a><\/li>\n<li><a title=\"Cristoforo Moretti\" href=\"https:\/\/fr.wikipedia.org\/wiki\/Cristoforo_Moretti\">Cristoforo Moretti<\/a><\/li>\n<\/ul>\n<\/div>\n<div class=\"mw-category-group\">\n<h3>N<\/h3>\n<ul>\n<li><a title=\"Nicola di Maestro Antonio d'Ancona\" href=\"https:\/\/fr.wikipedia.org\/wiki\/Nicola_di_Maestro_Antonio_d%27Ancona\">Nicola di Maestro Antonio d&rsquo;Ancona<\/a><\/li>\n<li><a title=\"Nicol\u00f2 da Voltri\" href=\"https:\/\/fr.wikipedia.org\/wiki\/Nicol%C3%B2_da_Voltri\">Nicol\u00f2 da Voltri<\/a><\/li>\n<\/ul>\n<\/div>\n<div class=\"mw-category-group\">\n<h3>O<\/h3>\n<ul>\n<li><a title=\"Giovanni da Oriolo\" href=\"https:\/\/fr.wikipedia.org\/wiki\/Giovanni_da_Oriolo\">Giovanni da Oriolo<\/a><\/li>\n<\/ul>\n<\/div>\n<div class=\"mw-category-group\">\n<h3>P<\/h3>\n<ul>\n<li><a title=\"Masolino da Panicale\" href=\"https:\/\/fr.wikipedia.org\/wiki\/Masolino_da_Panicale\">Masolino da Panicale<\/a><\/li>\n<li><a title=\"Paolo di Giovanni Fei\" href=\"https:\/\/fr.wikipedia.org\/wiki\/Paolo_di_Giovanni_Fei\">Paolo di Giovanni Fei<\/a><\/li>\n<\/ul>\n<\/div>\n<div class=\"mw-category-group\">\n<h3>S<\/h3>\n<ul>\n<li><a title=\"Dalmasio Scannabecchi\" href=\"https:\/\/fr.wikipedia.org\/wiki\/Dalmasio_Scannabecchi\">Dalmasio Scannabecchi<\/a><\/li>\n<li><a title=\"Paolo Schiavo\" href=\"https:\/\/fr.wikipedia.org\/wiki\/Paolo_Schiavo\">Paolo Schiavo<\/a><\/li>\n<li><a title=\"Niccol\u00f2 Semitecolo\" href=\"https:\/\/fr.wikipedia.org\/wiki\/Niccol%C3%B2_Semitecolo\">Niccol\u00f2 Semitecolo<\/a><\/li>\n<li><a title=\"Barna da Siena\" href=\"https:\/\/fr.wikipedia.org\/wiki\/Barna_da_Siena\">Barna da Siena<\/a><\/li>\n<li><a title=\"Gherardo Starnina\" href=\"https:\/\/fr.wikipedia.org\/wiki\/Gherardo_Starnina\">Gherardo Starnina<\/a><\/li>\n<\/ul>\n<\/div>\n<div class=\"mw-category-group\">\n<h3>T<\/h3>\n<ul>\n<li><a title=\"Andrea Tafi (artiste)\" href=\"https:\/\/fr.wikipedia.org\/wiki\/Andrea_Tafi_(artiste)\">Andrea Tafi (artiste)<\/a><\/li>\n<li><a title=\"Filippo Tesauro\" href=\"https:\/\/fr.wikipedia.org\/wiki\/Filippo_Tesauro\">Filippo Tesauro<\/a><\/li>\n<li><a title=\"Jacopo Torriti\" href=\"https:\/\/fr.wikipedia.org\/wiki\/Jacopo_Torriti\">Jacopo Torriti<\/a><\/li>\n<li><a title=\"Turone di Maxio da Camenago\" href=\"https:\/\/fr.wikipedia.org\/wiki\/Turone_di_Maxio_da_Camenago\">Turone di Maxio da Camenago<\/a><\/li>\n<\/ul>\n<\/div>\n<div class=\"mw-category-group\">\n<h3>V<\/h3>\n<ul>\n<li><a title=\"Andrea Vanni\" href=\"https:\/\/fr.wikipedia.org\/wiki\/Andrea_Vanni\">Andrea Vanni<\/a><\/li>\n<li><a title=\"Lippo Vanni\" href=\"https:\/\/fr.wikipedia.org\/wiki\/Lippo_Vanni\">Lippo Vanni<\/a><\/li>\n<li><a title=\"Maestro delle Vele\" href=\"https:\/\/fr.wikipedia.org\/wiki\/Maestro_delle_Vele\">Maestro delle Vele<\/a><\/li>\n<li><a title=\"Lorenzo Veneziano\" href=\"https:\/\/fr.wikipedia.org\/wiki\/Lorenzo_Veneziano\">Lorenzo Veneziano<\/a><\/li>\n<li><a title=\"Franco e Filippolo de Veris\" href=\"https:\/\/fr.wikipedia.org\/wiki\/Franco_e_Filippolo_de_Veris\">Franco e Filippolo de Veris<\/a><\/li>\n<li><a title=\"Alvise Vivarini\" href=\"https:\/\/fr.wikipedia.org\/wiki\/Alvise_Vivarini\">Alvise Vivarini<\/a><\/li>\n<\/ul>\n<\/div>\n<div class=\"mw-category-group\">\n<h3>Z<\/h3>\n<ul>\n<li><a title=\"Cristoforo Zavattari\" href=\"https:\/\/fr.wikipedia.org\/wiki\/Cristoforo_Zavattari\">Cristoforo Zavattari<\/a><\/li>\n<li><a title=\"Franceschino Zavattari\" href=\"https:\/\/fr.wikipedia.org\/wiki\/Franceschino_Zavattari\">Franceschino Zavattari<\/a><\/li>\n<\/ul>\n<\/div>\n<blockquote class=\"wp-embedded-content\" data-secret=\"x9UpDwxhrk\"><p><a href=\"https:\/\/oraziopuglisi.art\/index.php\/cimabue\/\">Cimabue<\/a><\/p><\/blockquote>\n<p><iframe loading=\"lazy\" class=\"wp-embedded-content\" sandbox=\"allow-scripts\" security=\"restricted\" style=\"position: absolute; visibility: hidden;\" title=\"\u00ab\u00a0Cimabue\u00a0\u00bb &#8212; Orazio Puglisi\" src=\"https:\/\/oraziopuglisi.art\/index.php\/cimabue\/embed\/#?secret=JWLIVYtky9#?secret=x9UpDwxhrk\" data-secret=\"x9UpDwxhrk\" width=\"600\" height=\"338\" frameborder=\"0\" marginwidth=\"0\" marginheight=\"0\" scrolling=\"no\"><\/iframe><\/p>\n","protected":false},"excerpt":{"rendered":"<p>Image mise en avant : Mosa\u00efque du\u00a0Baptist\u00e8re Saint-Jean\u00a0de Florence, repr\u00e9sentant le\u00a0Christ du\u00a0Jugement dernier, \u0153uvre d&rsquo;un ma\u00eetre\u00a0florentin, vers 1300. &nbsp; &nbsp; La\u00a0pr\u00e9-Renaissance\u00a0italienne concerne les p\u00e9riodes historiques du\u00a0XIIIe\u00a0si\u00e8cle, le\u00a0Duecento\u00a0et du\u00a0XIVe\u00a0si\u00e8cle, le\u00a0Trecento\u00a0du point de vue de l&rsquo;Histoire de l&rsquo;art\u00a0; elle succ\u00e8de \u00e0 l&rsquo;art byzantin\u00a0comme cons\u00e9quence en Italie de l&rsquo;art lors de l&rsquo;interm\u00e8de latin de Byzance. Les peintres de [&hellip;]<\/p>\n","protected":false},"author":1,"featured_media":15673,"parent":0,"menu_order":0,"comment_status":"closed","ping_status":"closed","template":"","meta":{"footnotes":""},"class_list":["post-15662","page","type-page","status-publish","has-post-thumbnail","hentry"],"_links":{"self":[{"href":"https:\/\/oraziopuglisi.art\/index.php\/wp-json\/wp\/v2\/pages\/15662","targetHints":{"allow":["GET"]}}],"collection":[{"href":"https:\/\/oraziopuglisi.art\/index.php\/wp-json\/wp\/v2\/pages"}],"about":[{"href":"https:\/\/oraziopuglisi.art\/index.php\/wp-json\/wp\/v2\/types\/page"}],"author":[{"embeddable":true,"href":"https:\/\/oraziopuglisi.art\/index.php\/wp-json\/wp\/v2\/users\/1"}],"replies":[{"embeddable":true,"href":"https:\/\/oraziopuglisi.art\/index.php\/wp-json\/wp\/v2\/comments?post=15662"}],"version-history":[{"count":7,"href":"https:\/\/oraziopuglisi.art\/index.php\/wp-json\/wp\/v2\/pages\/15662\/revisions"}],"predecessor-version":[{"id":15675,"href":"https:\/\/oraziopuglisi.art\/index.php\/wp-json\/wp\/v2\/pages\/15662\/revisions\/15675"}],"wp:featuredmedia":[{"embeddable":true,"href":"https:\/\/oraziopuglisi.art\/index.php\/wp-json\/wp\/v2\/media\/15673"}],"wp:attachment":[{"href":"https:\/\/oraziopuglisi.art\/index.php\/wp-json\/wp\/v2\/media?parent=15662"}],"curies":[{"name":"wp","href":"https:\/\/api.w.org\/{rel}","templated":true}]}}