{"id":14857,"date":"2024-10-07T19:07:49","date_gmt":"2024-10-07T17:07:49","guid":{"rendered":"https:\/\/oraziopuglisi.art\/?page_id=14857"},"modified":"2024-10-07T19:40:41","modified_gmt":"2024-10-07T17:40:41","slug":"histoire-du-dessin-cycle-de-videos","status":"publish","type":"page","link":"https:\/\/oraziopuglisi.art\/index.php\/histoire-du-dessin-cycle-de-videos\/","title":{"rendered":"Histoire du Dessin Cycle de vid\u00e9os"},"content":{"rendered":"<p style=\"text-align: justify;\"><a href=\"https:\/\/fr.wikipedia.org\/wiki\/Jacqueline_Lichtenstein\"><b>Jacqueline Lichtenstein<\/b><\/a>\u00a0(n\u00e9e le\u00a0<time class=\"nowrap bday\" datetime=\"1947-03-18\" data-sort-value=\"1947-03-18\">18 mars 1947<\/time>\u00a0et morte le\u00a0<time class=\"nowrap dday\" datetime=\"2019-04-02\" data-sort-value=\"2019-04-02\">2 avril 2019<\/time>\u00a0\u00e0\u00a0<a title=\"Paris\" href=\"https:\/\/fr.wikipedia.org\/wiki\/Paris\">Paris<\/a>) est une\u00a0<a title=\"Philosophie\" href=\"https:\/\/fr.wikipedia.org\/wiki\/Philosophie\">philosophe<\/a>\u00a0et\u00a0<a title=\"Histoire de l'art\" href=\"https:\/\/fr.wikipedia.org\/wiki\/Histoire_de_l%27art\">historienne de l&rsquo;art<\/a>\u00a0<a title=\"France\" href=\"https:\/\/fr.wikipedia.org\/wiki\/France\">fran\u00e7aise<\/a>, professeure d\u2019<a title=\"Esth\u00e9tique\" href=\"https:\/\/fr.wikipedia.org\/wiki\/Esth%C3%A9tique\">esth\u00e9tique<\/a>\u00a0et de philosophie de l\u2019art.<\/p>\n<p><img loading=\"lazy\" decoding=\"async\" class=\"size-full wp-image-12055 alignright\" src=\"http:\/\/cultureetvoyages.fun\/wp-content\/uploads\/2023\/08\/Capture-decran-2023-08-21-184716.jpg\" alt=\"\" width=\"409\" height=\"421\" \/><\/p>\n<p style=\"text-align: justify;\">Le travail de Jacqueline Lichtenstein s&rsquo;est d\u00e9velopp\u00e9 comme une r\u00e9flexion sur l&rsquo;art des XVII<a title=\"XVIIe si\u00e8cle\" href=\"https:\/\/fr.wikipedia.org\/wiki\/XVIIe_si%C3%A8cle\"><abbr class=\"abbr\" title=\"17\u1d49 si\u00e8cle\"><sup>e<\/sup><\/abbr><\/a> et XVIII<a title=\"XVIIIe si\u00e8cle\" href=\"https:\/\/fr.wikipedia.org\/wiki\/XVIIIe_si%C3%A8cle\"><abbr class=\"abbr\" title=\"18\u1d49 si\u00e8cle\"><sup>e<\/sup><\/abbr>\u00a0si\u00e8cles<\/a>, les sp\u00e9cificit\u00e9s de la pens\u00e9e artistique et le fonctionnement des discours sur l\u2019art, la\u00a0<a title=\"Th\u00e9orie de l'art\" href=\"https:\/\/fr.wikipedia.org\/wiki\/Th%C3%A9orie_de_l%27art\">th\u00e9orie de l&rsquo;art<\/a>, ainsi que sur l&rsquo;\u00e9volution des figures de l&rsquo;amateur entre le XVII<a title=\"XVIIe si\u00e8cle\" href=\"https:\/\/fr.wikipedia.org\/wiki\/XVIIe_si%C3%A8cle\"><abbr class=\"abbr\" title=\"17\u1d49 si\u00e8cle\"><sup>e<\/sup><\/abbr>\u00a0si\u00e8cle<\/a>\u00a0et<\/p>\n<p style=\"text-align: justify;\">l&rsquo;\u00e9poque contemporaine.<\/p>\n<p><a href=\"https:\/\/fr.wikipedia.org\/wiki\/Jacqueline_Lichtenstein\"><em>Lien Wikip\u00e9dia<\/em><\/a><\/p>\n<p>&nbsp;<\/p>\n<p><iframe loading=\"lazy\" title=\"Initiation \u00e0 l&#039;histoire des arts 2013 - Le primat du dessin \u00e0 la Renaissance (1\/5)\" width=\"600\" height=\"338\" src=\"https:\/\/www.youtube.com\/embed\/0v--ejW6KTY?feature=oembed\" frameborder=\"0\" allow=\"accelerometer; autoplay; clipboard-write; encrypted-media; gyroscope; picture-in-picture; web-share\" referrerpolicy=\"strict-origin-when-cross-origin\" allowfullscreen><\/iframe><\/p>\n<p><iframe loading=\"lazy\" title=\"Initiation \u00e0 l&#039;histoire des arts 2013 - L\u2019importance du dessin dans la formation acad\u00e9mique (2\/5)\" width=\"600\" height=\"338\" src=\"https:\/\/www.youtube.com\/embed\/H1ZFFE1Xi2U?feature=oembed\" frameborder=\"0\" allow=\"accelerometer; autoplay; clipboard-write; encrypted-media; gyroscope; picture-in-picture; web-share\" referrerpolicy=\"strict-origin-when-cross-origin\" allowfullscreen><\/iframe><\/p>\n<p><iframe loading=\"lazy\" title=\"Initiation \u00e0 l&#039;histoire des arts 2013 - Dessin \/ couleur (3\/5)\" width=\"600\" height=\"338\" src=\"https:\/\/www.youtube.com\/embed\/VCMoko591h4?feature=oembed\" frameborder=\"0\" allow=\"accelerometer; autoplay; clipboard-write; encrypted-media; gyroscope; picture-in-picture; web-share\" referrerpolicy=\"strict-origin-when-cross-origin\" allowfullscreen><\/iframe><\/p>\n<p><iframe loading=\"lazy\" title=\"Initiation \u00e0 l&#039;histoire des arts 2013 - L\u2019art du dessin au 18e si\u00e8cle (4\/5)\" width=\"600\" height=\"338\" src=\"https:\/\/www.youtube.com\/embed\/am8Tl-c0at8?feature=oembed\" frameborder=\"0\" allow=\"accelerometer; autoplay; clipboard-write; encrypted-media; gyroscope; picture-in-picture; web-share\" referrerpolicy=\"strict-origin-when-cross-origin\" allowfullscreen><\/iframe><\/p>\n<p><iframe loading=\"lazy\" title=\"Initiation \u00e0 l&#039;histoire des arts 2013 - Dessiner le nu (5\/5)\" width=\"600\" height=\"338\" src=\"https:\/\/www.youtube.com\/embed\/qjpIGgdd-5I?feature=oembed\" frameborder=\"0\" allow=\"accelerometer; autoplay; clipboard-write; encrypted-media; gyroscope; picture-in-picture; web-share\" referrerpolicy=\"strict-origin-when-cross-origin\" allowfullscreen><\/iframe><\/p>\n","protected":false},"excerpt":{"rendered":"<p>Jacqueline Lichtenstein\u00a0(n\u00e9e le\u00a018 mars 1947\u00a0et morte le\u00a02 avril 2019\u00a0\u00e0\u00a0Paris) est une\u00a0philosophe\u00a0et\u00a0historienne de l&rsquo;art\u00a0fran\u00e7aise, professeure d\u2019esth\u00e9tique\u00a0et de philosophie de l\u2019art. Le travail de Jacqueline Lichtenstein s&rsquo;est d\u00e9velopp\u00e9 comme une r\u00e9flexion sur l&rsquo;art des XVIIe et XVIIIe\u00a0si\u00e8cles, les sp\u00e9cificit\u00e9s de la pens\u00e9e artistique et le fonctionnement des discours sur l\u2019art, la\u00a0th\u00e9orie de l&rsquo;art, ainsi que sur l&rsquo;\u00e9volution [&hellip;]<\/p>\n","protected":false},"author":1,"featured_media":14878,"parent":0,"menu_order":0,"comment_status":"closed","ping_status":"closed","template":"","meta":{"footnotes":""},"class_list":["post-14857","page","type-page","status-publish","has-post-thumbnail","hentry"],"_links":{"self":[{"href":"https:\/\/oraziopuglisi.art\/index.php\/wp-json\/wp\/v2\/pages\/14857","targetHints":{"allow":["GET"]}}],"collection":[{"href":"https:\/\/oraziopuglisi.art\/index.php\/wp-json\/wp\/v2\/pages"}],"about":[{"href":"https:\/\/oraziopuglisi.art\/index.php\/wp-json\/wp\/v2\/types\/page"}],"author":[{"embeddable":true,"href":"https:\/\/oraziopuglisi.art\/index.php\/wp-json\/wp\/v2\/users\/1"}],"replies":[{"embeddable":true,"href":"https:\/\/oraziopuglisi.art\/index.php\/wp-json\/wp\/v2\/comments?post=14857"}],"version-history":[{"count":3,"href":"https:\/\/oraziopuglisi.art\/index.php\/wp-json\/wp\/v2\/pages\/14857\/revisions"}],"predecessor-version":[{"id":14877,"href":"https:\/\/oraziopuglisi.art\/index.php\/wp-json\/wp\/v2\/pages\/14857\/revisions\/14877"}],"wp:featuredmedia":[{"embeddable":true,"href":"https:\/\/oraziopuglisi.art\/index.php\/wp-json\/wp\/v2\/media\/14878"}],"wp:attachment":[{"href":"https:\/\/oraziopuglisi.art\/index.php\/wp-json\/wp\/v2\/media?parent=14857"}],"curies":[{"name":"wp","href":"https:\/\/api.w.org\/{rel}","templated":true}]}}