{"id":14458,"date":"2024-09-30T21:24:00","date_gmt":"2024-09-30T19:24:00","guid":{"rendered":"https:\/\/oraziopuglisi.art\/?page_id=14458"},"modified":"2026-04-19T02:07:50","modified_gmt":"2026-04-19T00:07:50","slug":"antiquite-et-moyen-age","status":"publish","type":"page","link":"https:\/\/oraziopuglisi.art\/index.php\/antiquite-et-moyen-age\/","title":{"rendered":"Antiquit\u00e9 et Moyen Age"},"content":{"rendered":"<blockquote class=\"wp-embedded-content\" data-secret=\"hW7bFEfYY5\"><p><a href=\"https:\/\/oraziopuglisi.art\/index.php\/periode-hellenique\/\">P\u00e9riode Hell\u00e9nique<\/a><\/p><\/blockquote>\n<p><iframe loading=\"lazy\" class=\"wp-embedded-content\" sandbox=\"allow-scripts\" security=\"restricted\" style=\"position: absolute; visibility: hidden;\" title=\"\u00ab\u00a0P\u00e9riode Hell\u00e9nique\u00a0\u00bb &#8212; Orazio Puglisi\" src=\"https:\/\/oraziopuglisi.art\/index.php\/periode-hellenique\/embed\/#?secret=BFeaKHuINy#?secret=hW7bFEfYY5\" data-secret=\"hW7bFEfYY5\" width=\"600\" height=\"338\" frameborder=\"0\" marginwidth=\"0\" marginheight=\"0\" scrolling=\"no\"><\/iframe><\/p>\n<p>&nbsp;<\/p>\n<blockquote class=\"wp-embedded-content\" data-secret=\"X1igdVZVzY\"><p><a href=\"https:\/\/oraziopuglisi.art\/index.php\/plotin\/\">Plotin<\/a><\/p><\/blockquote>\n<p><iframe loading=\"lazy\" class=\"wp-embedded-content\" sandbox=\"allow-scripts\" security=\"restricted\" style=\"position: absolute; visibility: hidden;\" title=\"\u00ab\u00a0Plotin\u00a0\u00bb &#8212; Orazio Puglisi\" src=\"https:\/\/oraziopuglisi.art\/index.php\/plotin\/embed\/#?secret=zM9xieJpPe#?secret=X1igdVZVzY\" data-secret=\"X1igdVZVzY\" width=\"600\" height=\"338\" frameborder=\"0\" marginwidth=\"0\" marginheight=\"0\" scrolling=\"no\"><\/iframe><\/p>\n<p>&nbsp;<\/p>\n<blockquote class=\"wp-embedded-content\" data-secret=\"FZK0uZQJmT\"><p><a href=\"https:\/\/oraziopuglisi.art\/index.php\/periode-hellenistique-et-romaine\/\">P\u00e9riode Hell\u00e9nistique et Romaine<\/a><\/p><\/blockquote>\n<p><iframe loading=\"lazy\" class=\"wp-embedded-content\" sandbox=\"allow-scripts\" security=\"restricted\" style=\"position: absolute; visibility: hidden;\" title=\"\u00ab\u00a0P\u00e9riode Hell\u00e9nistique et Romaine\u00a0\u00bb &#8212; Orazio Puglisi\" src=\"https:\/\/oraziopuglisi.art\/index.php\/periode-hellenistique-et-romaine\/embed\/#?secret=Q4rDloEiL2#?secret=FZK0uZQJmT\" data-secret=\"FZK0uZQJmT\" width=\"600\" height=\"338\" frameborder=\"0\" marginwidth=\"0\" marginheight=\"0\" scrolling=\"no\"><\/iframe><\/p>\n<p>&nbsp;<\/p>\n<p>&nbsp;<\/p>\n<blockquote class=\"wp-embedded-content\" data-secret=\"XCMFWFFWUs\"><p><a href=\"https:\/\/oraziopuglisi.art\/index.php\/moyen-age-et-renaissance\/\">Moyen Age et Renaissance<\/a><\/p><\/blockquote>\n<p><iframe loading=\"lazy\" class=\"wp-embedded-content\" sandbox=\"allow-scripts\" security=\"restricted\" style=\"position: absolute; visibility: hidden;\" title=\"\u00ab\u00a0Moyen Age et Renaissance\u00a0\u00bb &#8212; Orazio Puglisi\" src=\"https:\/\/oraziopuglisi.art\/index.php\/moyen-age-et-renaissance\/embed\/#?secret=NymImEKUNc#?secret=XCMFWFFWUs\" data-secret=\"XCMFWFFWUs\" width=\"600\" height=\"338\" frameborder=\"0\" marginwidth=\"0\" marginheight=\"0\" scrolling=\"no\"><\/iframe><\/p>\n<p>&nbsp;<\/p>\n<p>&nbsp;<\/p>\n","protected":false},"excerpt":{"rendered":"<p>P\u00e9riode Hell\u00e9nique &nbsp; Plotin &nbsp; P\u00e9riode Hell\u00e9nistique et Romaine &nbsp; &nbsp; Moyen Age et Renaissance &nbsp; &nbsp;<\/p>\n","protected":false},"author":1,"featured_media":0,"parent":0,"menu_order":0,"comment_status":"closed","ping_status":"closed","template":"","meta":{"footnotes":""},"class_list":["post-14458","page","type-page","status-publish","hentry"],"_links":{"self":[{"href":"https:\/\/oraziopuglisi.art\/index.php\/wp-json\/wp\/v2\/pages\/14458","targetHints":{"allow":["GET"]}}],"collection":[{"href":"https:\/\/oraziopuglisi.art\/index.php\/wp-json\/wp\/v2\/pages"}],"about":[{"href":"https:\/\/oraziopuglisi.art\/index.php\/wp-json\/wp\/v2\/types\/page"}],"author":[{"embeddable":true,"href":"https:\/\/oraziopuglisi.art\/index.php\/wp-json\/wp\/v2\/users\/1"}],"replies":[{"embeddable":true,"href":"https:\/\/oraziopuglisi.art\/index.php\/wp-json\/wp\/v2\/comments?post=14458"}],"version-history":[{"count":3,"href":"https:\/\/oraziopuglisi.art\/index.php\/wp-json\/wp\/v2\/pages\/14458\/revisions"}],"predecessor-version":[{"id":23059,"href":"https:\/\/oraziopuglisi.art\/index.php\/wp-json\/wp\/v2\/pages\/14458\/revisions\/23059"}],"wp:attachment":[{"href":"https:\/\/oraziopuglisi.art\/index.php\/wp-json\/wp\/v2\/media?parent=14458"}],"curies":[{"name":"wp","href":"https:\/\/api.w.org\/{rel}","templated":true}]}}