{"id":14042,"date":"2024-09-24T20:10:13","date_gmt":"2024-09-24T18:10:13","guid":{"rendered":"https:\/\/oraziopuglisi.art\/?page_id=14042"},"modified":"2024-09-24T20:51:33","modified_gmt":"2024-09-24T18:51:33","slug":"ecole-de-parme","status":"publish","type":"page","link":"https:\/\/oraziopuglisi.art\/index.php\/ecole-de-parme\/","title":{"rendered":"Ecole de Parme"},"content":{"rendered":"<p><span style=\"font-size: 10px;\"><em><strong>Image mise en avant :<\/strong> Vierge \u00e0 l&rsquo;Enfant avec saint Fran\u00e7ois, 1514. Le Corr\u00e8ge<\/em><\/span><\/p>\n<p style=\"text-align: justify;\">L&rsquo;<b>\u00e9cole de Parme<\/b>\u00a0est une des\u00a0<a title=\"\u00c9coles italiennes de peinture\" href=\"https:\/\/fr.wikipedia.org\/wiki\/%C3%89coles_italiennes_de_peinture\">\u00e9coles italiennes de peinture<\/a>\u00a0de la\u00a0<a class=\"mw-redirect\" title=\"Renaissance artistique\" href=\"https:\/\/fr.wikipedia.org\/wiki\/Renaissance_artistique\">Renaissance artistique<\/a>\u00a0qui a fleuri \u00e0\u00a0<a title=\"Parme\" href=\"https:\/\/fr.wikipedia.org\/wiki\/Parme\">Parme<\/a>\u00a0dont la c\u00e9l\u00e9brit\u00e9 est centr\u00e9e principalement au\u00a0<a title=\"XVIe si\u00e8cle\" href=\"https:\/\/fr.wikipedia.org\/wiki\/XVIe_si%C3%A8cle\"><abbr class=\"abbr\" title=\"16\u1d49 si\u00e8cle\"><span class=\"romain\">XVI<\/span><sup>e<\/sup><\/abbr>\u00a0si\u00e8cle<\/a>\u00a0sur le Corr\u00e8ge et le Parmesan.<\/p>\n<blockquote class=\"wp-embedded-content\" data-secret=\"ZFaFGxScuI\"><p><a href=\"https:\/\/oraziopuglisi.art\/index.php\/le-correge\/\">Le Corr\u00e8ge<\/a><\/p><\/blockquote>\n<p><iframe loading=\"lazy\" class=\"wp-embedded-content\" sandbox=\"allow-scripts\" security=\"restricted\" style=\"position: absolute; visibility: hidden;\" title=\"\u00ab\u00a0Le Corr\u00e8ge\u00a0\u00bb &#8212; Orazio Puglisi\" src=\"https:\/\/oraziopuglisi.art\/index.php\/le-correge\/embed\/#?secret=x1E5mKeUdh#?secret=ZFaFGxScuI\" data-secret=\"ZFaFGxScuI\" width=\"600\" height=\"338\" frameborder=\"0\" marginwidth=\"0\" marginheight=\"0\" scrolling=\"no\"><\/iframe><\/p>\n<div class=\"mw-heading mw-heading2\" style=\"text-align: justify;\">\n<h2 id=\"Protagonistes\">Protagonistes<\/h2>\n<\/div>\n<ul style=\"text-align: justify;\">\n<li>D\u00e9but en\u00a0<a title=\"1462\" href=\"https:\/\/fr.wikipedia.org\/wiki\/1462\">1462<\/a>\u00a0avec\u00a0<a class=\"new\" title=\"Bartolomeo Loschi (page inexistante)\" href=\"https:\/\/fr.wikipedia.org\/w\/index.php?title=Bartolomeo_Loschi&amp;action=edit&amp;redlink=1\">Bartolomeo Loschi<\/a>\u00a0et\u00a0<a title=\"Jacopo Loschi\" href=\"https:\/\/fr.wikipedia.org\/wiki\/Jacopo_Loschi\">Jacopo Loschi<\/a>\u00a0(<i>Jacques Loschi<\/i>) (<a title=\"1459\" href=\"https:\/\/fr.wikipedia.org\/wiki\/1459\">1459<\/a>&#8211;<a title=\"1504\" href=\"https:\/\/fr.wikipedia.org\/wiki\/1504\">1504<\/a><sup id=\"cite_ref-1\" class=\"reference\"><a href=\"https:\/\/fr.wikipedia.org\/wiki\/%C3%89cole_de_Parme#cite_note-1\">1<\/a><\/sup>)<\/li>\n<li>Av\u00e8nement avec\u00a0<a title=\"Le Corr\u00e8ge\" href=\"https:\/\/fr.wikipedia.org\/wiki\/Le_Corr%C3%A8ge\">le Corr\u00e8ge<\/a>\u00a0qui forme\u00a0:\n<ul>\n<li>son fils\u00a0<a title=\"Pomponio Allegri\" href=\"https:\/\/fr.wikipedia.org\/wiki\/Pomponio_Allegri\">Pomponio Allegri<\/a>\u00a0(1521 &#8211; 1593),<\/li>\n<li><a class=\"new\" title=\"P. Capelli (page inexistante)\" href=\"https:\/\/fr.wikipedia.org\/w\/index.php?title=P._Capelli&amp;action=edit&amp;redlink=1\">P. Capelli<\/a>,<\/li>\n<li><a title=\"Alessandro Araldi\" href=\"https:\/\/fr.wikipedia.org\/wiki\/Alessandro_Araldi\">Alessandro Araldi<\/a>\u00a0(1460 \u2013 1529)<\/li>\n<li><a title=\"Antonio Bernieri\" href=\"https:\/\/fr.wikipedia.org\/wiki\/Antonio_Bernieri\">Antonio Bernieri<\/a>\u00a0(1516-1565),<\/li>\n<li><a title=\"Francesco Maria Rondani\" href=\"https:\/\/fr.wikipedia.org\/wiki\/Francesco_Maria_Rondani\">Francesco Maria Rondani<\/a>\u00a0(1490 &#8211; 1550),<\/li>\n<li><a title=\"Michelangelo Anselmi\" href=\"https:\/\/fr.wikipedia.org\/wiki\/Michelangelo_Anselmi\">Michelangelo Anselmi<\/a>\u00a0(1492 &#8211; 1556),<\/li>\n<li><a title=\"Bernardino Gatti\" href=\"https:\/\/fr.wikipedia.org\/wiki\/Bernardino_Gatti\">Bernardino Gatti<\/a>\u00a0(1496 &#8211; 1576),<\/li>\n<li><a title=\"Giorgio Gandini del Grano\" href=\"https:\/\/fr.wikipedia.org\/wiki\/Giorgio_Gandini_del_Grano\">Giorgio Gandini del Grano<\/a>,<\/li>\n<li><a class=\"mw-redirect\" title=\"Jacopo Bertoja\" href=\"https:\/\/fr.wikipedia.org\/wiki\/Jacopo_Bertoja\">Jacopo Bertoja<\/a><\/li>\n<li><a title=\"Girolamo Mazzola Bedoli\" href=\"https:\/\/fr.wikipedia.org\/wiki\/Girolamo_Mazzola_Bedoli\">Girolamo Mazzola Bedoli<\/a>\u00a0(vers 1500 &#8211; 1569)<\/li>\n<li><a class=\"mw-redirect\" title=\"Le Parmesan\" href=\"https:\/\/fr.wikipedia.org\/wiki\/Le_Parmesan\">le Parmesan<\/a>\u00a0(1503 &#8211; 1540) n\u00e9 Girolamo Francesco Maria Mazzola, fils de\u00a0<a title=\"Filippo Mazzola\" href=\"https:\/\/fr.wikipedia.org\/wiki\/Filippo_Mazzola\">Filippo Mazzola<\/a>, peintre parmesan \u00e9galement.<\/li>\n<\/ul>\n<\/li>\n<li>Fin de sa renomm\u00e9e au si\u00e8cle suivant, avec \u00a0:\n<ul>\n<li><a title=\"Giovanni Lanfranco\" href=\"https:\/\/fr.wikipedia.org\/wiki\/Giovanni_Lanfranco\">Giovanni Lanfranco<\/a>\u00a0(1582-1647)<\/li>\n<\/ul>\n<\/li>\n<\/ul>\n<div class=\"mw-heading mw-heading2\" style=\"text-align: justify;\">\n<h2 id=\"Notes_et_r\u00e9f\u00e9rences\"><span id=\"Notes_et_r.C3.A9f.C3.A9rences\"><\/span>Notes et r\u00e9f\u00e9rences<\/h2>\n<\/div>\n<div class=\"mw-references-wrap\" style=\"text-align: justify;\">\n<ol class=\"references\">\n<li id=\"cite_note-1\"><span class=\"mw-cite-backlink noprint\"><a title=\"Revenir plus haut\" href=\"https:\/\/fr.wikipedia.org\/wiki\/%C3%89cole_de_Parme#cite_ref-1\" aria-label=\"Revenir plus haut\">\u2191<\/a>\u00a0<\/span><span class=\"reference-text\"><a class=\"external text\" href=\"https:\/\/books.google.com\/books?id=GAoFAAAAYAAJ&amp;pg=PA293&amp;lpg=PA293&amp;dq=jacopo++loschi&amp;source=web&amp;ots=PX3owHVZzt&amp;sig=UWfjGBG3em0WSe9gek4DByqcy40G.\" rel=\"nofollow\">Campori, G. (1855).\u00a0<i>Gli artisti italiani e stranieri negli stati estensi; Catalogo storico<\/i>. Modena, R.D. Camera.<\/a><small class=\"cachelinks\">\u00a0[<a title=\"archive sur Wikiwix\" href=\"https:\/\/archive.wikiwix.com\/cache\/?url=https%3A%2F%2Fbooks.google.com%2Fbooks%3Fid%3DGAoFAAAAYAAJ%26pg%3DPA293%26lpg%3DPA293%26dq%3Djacopo%2B%2Bloschi%26source%3Dweb%26ots%3DPX3owHVZzt%26sig%3DUWfjGBG3em0WSe9gek4DByqcy40G.\">archive<\/a>]<\/small><\/span><\/li>\n<\/ol>\n<\/div>\n<div class=\"mw-heading mw-heading2\" style=\"text-align: justify;\">\n<h2 id=\"Voir_aussi\">Voir aussi<\/h2>\n<\/div>\n<div class=\"mw-heading mw-heading3\" style=\"text-align: justify;\">\n<h3 id=\"Bibliographie\">Bibliographie<\/h3>\n<\/div>\n<ul>\n<li style=\"text-align: justify;\"><a class=\"mw-redirect\" title=\"Stendhal (Henri Beyle)\" href=\"https:\/\/fr.wikipedia.org\/wiki\/Stendhal_(Henri_Beyle)\">Stendhal (Henri Beyle)<\/a>\u00a0:\u00a0<i>\u00c9coles italiennes de Peinture. I. \u00c9cole de Florence &#8211; \u00c9cole Romaine &#8211; \u00c9cole de Mantoue &#8211; \u00c9cole de Cr\u00e9mone. II.\u00a0<b>\u00c9cole de Parme<\/b>\u00a0&#8211; \u00c9cole de Venise &#8211; \u00c9cole de Bologne. III. \u00c9cole de Bologne.<\/i>\u00a0\u00c9tablissement du texte et pr\u00e9face par Henri Martineau, Paris\u00a0: Le Divan. 1932.<\/li>\n<\/ul>\n","protected":false},"excerpt":{"rendered":"<p>Image mise en avant : Vierge \u00e0 l&rsquo;Enfant avec saint Fran\u00e7ois, 1514. Le Corr\u00e8ge L&rsquo;\u00e9cole de Parme\u00a0est une des\u00a0\u00e9coles italiennes de peinture\u00a0de la\u00a0Renaissance artistique\u00a0qui a fleuri \u00e0\u00a0Parme\u00a0dont la c\u00e9l\u00e9brit\u00e9 est centr\u00e9e principalement au\u00a0XVIe\u00a0si\u00e8cle\u00a0sur le Corr\u00e8ge et le Parmesan. Le Corr\u00e8ge Protagonistes D\u00e9but en\u00a01462\u00a0avec\u00a0Bartolomeo Loschi\u00a0et\u00a0Jacopo Loschi\u00a0(Jacques Loschi) (1459&#8211;15041) Av\u00e8nement avec\u00a0le Corr\u00e8ge\u00a0qui forme\u00a0: son fils\u00a0Pomponio Allegri\u00a0(1521 &#8211; [&hellip;]<\/p>\n","protected":false},"author":1,"featured_media":14054,"parent":0,"menu_order":0,"comment_status":"closed","ping_status":"closed","template":"","meta":{"footnotes":""},"class_list":["post-14042","page","type-page","status-publish","has-post-thumbnail","hentry"],"_links":{"self":[{"href":"https:\/\/oraziopuglisi.art\/index.php\/wp-json\/wp\/v2\/pages\/14042","targetHints":{"allow":["GET"]}}],"collection":[{"href":"https:\/\/oraziopuglisi.art\/index.php\/wp-json\/wp\/v2\/pages"}],"about":[{"href":"https:\/\/oraziopuglisi.art\/index.php\/wp-json\/wp\/v2\/types\/page"}],"author":[{"embeddable":true,"href":"https:\/\/oraziopuglisi.art\/index.php\/wp-json\/wp\/v2\/users\/1"}],"replies":[{"embeddable":true,"href":"https:\/\/oraziopuglisi.art\/index.php\/wp-json\/wp\/v2\/comments?post=14042"}],"version-history":[{"count":3,"href":"https:\/\/oraziopuglisi.art\/index.php\/wp-json\/wp\/v2\/pages\/14042\/revisions"}],"predecessor-version":[{"id":14055,"href":"https:\/\/oraziopuglisi.art\/index.php\/wp-json\/wp\/v2\/pages\/14042\/revisions\/14055"}],"wp:featuredmedia":[{"embeddable":true,"href":"https:\/\/oraziopuglisi.art\/index.php\/wp-json\/wp\/v2\/media\/14054"}],"wp:attachment":[{"href":"https:\/\/oraziopuglisi.art\/index.php\/wp-json\/wp\/v2\/media?parent=14042"}],"curies":[{"name":"wp","href":"https:\/\/api.w.org\/{rel}","templated":true}]}}