{"id":14034,"date":"2024-09-24T13:38:21","date_gmt":"2024-09-24T11:38:21","guid":{"rendered":"https:\/\/oraziopuglisi.art\/?page_id=14034"},"modified":"2024-09-24T22:26:10","modified_gmt":"2024-09-24T20:26:10","slug":"ecole-genoise","status":"publish","type":"page","link":"https:\/\/oraziopuglisi.art\/index.php\/ecole-genoise\/","title":{"rendered":"Ecole G\u00e9noise"},"content":{"rendered":"<p><span style=\"font-size: 10px;\"><em><strong>Image mise en avant :<\/strong> Sainte Famille avec un ange \u00a0<\/em><\/span><a style=\"font-size: 10px;\" title=\"Valerio Castello\" href=\"https:\/\/fr.wikipedia.org\/wiki\/Valerio_Castello\">Valerio Castello<\/a><span style=\"font-size: 10px;\">\u00a0(1624 &#8211; 1659)<\/span><\/p>\n<p style=\"text-align: center;\"><a target=\"_top\" rel=\"noopener\"><input name=\"hosted_button_id\" type=\"hidden\" value=\"QSSRVLDUKP2MG\" \/> <input title=\"PayPal - The safer, easier way to pay online!\" alt=\"Bouton Faites un don avec PayPal\" name=\"submit\" src=\"https:\/\/www.paypalobjects.com\/fr_FR\/FR\/i\/btn\/btn_donateCC_LG.gif\" type=\"image\" \/><img loading=\"lazy\" decoding=\"async\" src=\"https:\/\/www.paypal.com\/fr_FR\/i\/scr\/pixel.gif\" alt=\"\" width=\"1\" height=\"1\" border=\"0\" \/><img loading=\"lazy\" decoding=\"async\" src=\"https:\/\/www.paypal.com\/fr_FR\/i\/scr\/pixel.gif\" alt=\"\" width=\"1\" height=\"1\" border=\"0\" \/><\/a><\/p>\n<form action=\"https:\/\/www.paypal.com\/donate\" method=\"post\" target=\"_top\"><input name=\"hosted_button_id\" type=\"hidden\" value=\"KUYGR8EGYTG64\" \/><\/p>\n<p style=\"text-align: center;\"><span style=\"color: #ff0000;\">Faire un don par Qr Code<\/span><\/p>\n<p style=\"text-align: center;\"><a href=\"http:\/\/xn--vidosechecsenligne-dwb.com\/wp-content\/uploads\/2022\/05\/QR-code.png\"><img loading=\"lazy\" decoding=\"async\" class=\"alignnone size-full wp-image-36569\" src=\"http:\/\/xn--vidosechecsenligne-dwb.com\/wp-content\/uploads\/2022\/05\/QR-code.png\" alt=\"\" width=\"192\" height=\"192\" \/><\/a><\/p>\n<p style=\"text-align: center;\"><a href=\"https:\/\/www.amazon.fr\/Livres-Orazio-Puglisi\/s?rh=n%3A301061%2Cp_27%3AOrazio+Puglisi\">Achetez mes livres <\/a><\/p>\n<p>&nbsp;<\/p>\n<p>&nbsp;<\/p>\n<p style=\"text-align: center;\">Virement bancaire<\/p>\n<\/form>\n<form action=\"https:\/\/www.paypal.com\/cgi-bin\/webscr\" method=\"post\" target=\"_top\">\n<p style=\"text-align: center;\"><span style=\"font-family: 'book antiqua', palatino, serif;\">IBAN FR81 2004 1010 0820 6402 0P02 955<\/span><\/p>\n<p style=\"text-align: center;\"><span style=\"font-family: 'book antiqua', palatino, serif;\">BIC PSSTFRPPMAR<\/span><\/p>\n<p style=\"text-align: center;\"><span style=\"font-family: 'book antiqua', palatino, serif;\">Orazio Puglisi<\/span><\/p>\n<p style=\"text-align: center;\"><span style=\"font-family: 'book antiqua', palatino, serif;\">06 14 35 15 52<\/span><\/p>\n<p style=\"text-align: center;\"><span style=\"font-family: 'book antiqua', palatino, serif;\"><a href=\"mailto:oraziopuglisi@gmail.com\">oraziopuglisi@gmail.com<\/a><\/span><\/p>\n<p style=\"text-align: center;\"><span style=\"font-family: 'book antiqua', palatino, serif;\"><a href=\"mailto:puglisiorazio@wanadoo.fr\">puglisiorazio@wanadoo.fr<\/a><\/span><\/p>\n<\/form>\n<form action=\"https:\/\/www.paypal.com\/cgi-bin\/webscr\" method=\"post\" target=\"_top\">\n<p style=\"text-align: center;\"><span style=\"font-family: 'book antiqua', palatino, serif;\"><input name=\"cmd\" type=\"hidden\" value=\"_s-xclick\" \/><\/span><\/p>\n<p style=\"text-align: center;\"><span style=\"font-family: 'book antiqua', palatino, serif;\"><input name=\"hosted_button_id\" type=\"hidden\" value=\"B9KUAAXX2KE3G\" \/><\/span><\/p>\n<p><span style=\"font-family: 'book antiqua', palatino, serif;\"><img loading=\"lazy\" decoding=\"async\" class=\"aligncenter\" src=\"https:\/\/www.paypalobjects.com\/fr_FR\/i\/scr\/pixel.gif\" alt=\"\" width=\"1\" height=\"1\" border=\"0\" \/><\/span><\/p>\n<p>href=\u00a0\u00bbhttps:\/\/fr.wikipedia.org\/wiki\/%C3%89cole_g%C3%A9noise_de_peinture\u00a0\u00bb&gt;Ecole G\u00e9noise<\/p><\/form>\n<p style=\"text-align: justify;\">L&rsquo;<b>\u00e9cole g\u00e9noise<\/b>\u00a0est l&rsquo;une des\u00a0<a title=\"\u00c9coles italiennes de peinture\" href=\"https:\/\/fr.wikipedia.org\/wiki\/%C3%89coles_italiennes_de_peinture\">\u00e9coles italiennes de peinture<\/a>\u00a0qui se d\u00e9veloppe \u00e0\u00a0<a title=\"G\u00eanes\" href=\"https:\/\/fr.wikipedia.org\/wiki\/G%C3%AAnes\">G\u00eanes<\/a>, n\u00e9e au\u00a0<a title=\"XVIIe si\u00e8cle\" href=\"https:\/\/fr.wikipedia.org\/wiki\/XVIIe_si%C3%A8cle\"><abbr class=\"abbr\" title=\"17\u1d49 si\u00e8cle\"><span class=\"romain\">XVII<\/span><sup>e<\/sup><\/abbr>\u00a0si\u00e8cle<\/a>, en pleine\u00a0<a title=\"Peinture baroque\" href=\"https:\/\/fr.wikipedia.org\/wiki\/Peinture_baroque\">p\u00e9riode baroque<\/a>.<\/p>\n<p style=\"text-align: justify;\">Les peintres de l&rsquo;\u00e9cole g\u00e9noise ont \u00e9t\u00e9 fortement influenc\u00e9s par la pr\u00e9sence de peintres\u00a0<a title=\"Flamands\" href=\"https:\/\/fr.wikipedia.org\/wiki\/Flamands\">flamands<\/a>\u00a0comme ceux qui s\u00e9journ\u00e8rent \u00e0\u00a0<a title=\"G\u00eanes\" href=\"https:\/\/fr.wikipedia.org\/wiki\/G%C3%AAnes\">G\u00eanes<\/a>, ainsi\u00a0<a class=\"mw-redirect\" title=\"Rubens\" href=\"https:\/\/fr.wikipedia.org\/wiki\/Rubens\">Rubens<\/a>\u00a0(1621-1622 et 1626-1627) et\u00a0<a title=\"Antoine van Dyck\" href=\"https:\/\/fr.wikipedia.org\/wiki\/Antoine_van_Dyck\">Van Dyck<\/a>\u00a0(1621-1627)\u00a0; elle-m\u00eame a \u00e9t\u00e9 influente dans la r\u00e9gion\u00a0<a title=\"Nice\" href=\"https:\/\/fr.wikipedia.org\/wiki\/Nice\">ni\u00e7oise<\/a>\u00a0(<a title=\"Monaco\" href=\"https:\/\/fr.wikipedia.org\/wiki\/Monaco\">Monaco<\/a>&#8230;).<\/p>\n<p style=\"text-align: justify;\">Le baroque g\u00e9nois se d\u00e9marque du baroque romain et pr\u00e9figure l&rsquo;art fran\u00e7ais du\u00a0<a title=\"XVIIIe si\u00e8cle\" href=\"https:\/\/fr.wikipedia.org\/wiki\/XVIIIe_si%C3%A8cle\"><abbr class=\"abbr\" title=\"18\u1d49 si\u00e8cle\"><span class=\"romain\">XVIII<\/span><sup>e<\/sup><\/abbr>\u00a0si\u00e8cle<\/a>. Il s&rsquo;\u00e9puise au\u00a0<a title=\"XIXe si\u00e8cle\" href=\"https:\/\/fr.wikipedia.org\/wiki\/XIXe_si%C3%A8cle\"><abbr class=\"abbr\" title=\"19\u1d49 si\u00e8cle\"><span class=\"romain\">XIX<\/span><sup>e<\/sup><\/abbr>\u00a0si\u00e8cle<\/a>\u00a0sous l&rsquo;influence acad\u00e9mique.<\/p>\n<p><img loading=\"lazy\" decoding=\"async\" class=\"alignnone size-full wp-image-14037\" src=\"http:\/\/oraziopuglisi.art\/wp-content\/uploads\/2024\/09\/Valerio_Castello_-_Holy_Family_with_an_Angel_-_WGA4537.jpg\" alt=\"\" width=\"330\" height=\"435\" srcset=\"https:\/\/oraziopuglisi.art\/wp-content\/uploads\/2024\/09\/Valerio_Castello_-_Holy_Family_with_an_Angel_-_WGA4537.jpg 330w, https:\/\/oraziopuglisi.art\/wp-content\/uploads\/2024\/09\/Valerio_Castello_-_Holy_Family_with_an_Angel_-_WGA4537-228x300.jpg 228w\" sizes=\"auto, (max-width: 330px) 100vw, 330px\" \/><\/p>\n<p><span style=\"font-size: 10px;\"><em>Sainte Famille avec un ange \u00a0<\/em><\/span><a style=\"font-size: 10px;\" title=\"Valerio Castello\" href=\"https:\/\/fr.wikipedia.org\/wiki\/Valerio_Castello\">Valerio Castello<\/a><span style=\"font-size: 10px;\">\u00a0(1624 &#8211; 1659)<\/span><\/p>\n<div class=\"mw-heading mw-heading2\" style=\"text-align: justify;\">\n<h2 id=\"Protagonistes\">Protagonistes<\/h2>\n<\/div>\n<div class=\"mw-heading mw-heading3\" style=\"text-align: justify;\">\n<h3 id=\"Les_peintres\">Les peintres<\/h3>\n<\/div>\n<p style=\"text-align: justify;\">Les plus repr\u00e9sentatifs\u00a0:<\/p>\n<ul style=\"text-align: justify;\">\n<li><a title=\"Luca Cambiaso\" href=\"https:\/\/fr.wikipedia.org\/wiki\/Luca_Cambiaso\">Luca Cambiaso<\/a>\u00a0(1527 &#8211; 1585), son \u00e9l\u00e8ve\u00a0<a title=\"Lazzaro Tavarone\" href=\"https:\/\/fr.wikipedia.org\/wiki\/Lazzaro_Tavarone\">Lazzaro Tavarone<\/a>\u00a0(1556 &#8211; 1641)<\/li>\n<li><a class=\"mw-redirect\" title=\"Giovanni Battista Castello (peintre baroque)\" href=\"https:\/\/fr.wikipedia.org\/wiki\/Giovanni_Battista_Castello_(peintre_baroque)\">Giovanni Battista Castello<\/a>\u00a0dit\u00a0<i>le Bergamasque<\/i>\u00a0(<a title=\"1509\" href=\"https:\/\/fr.wikipedia.org\/wiki\/1509\">1509<\/a>\u00a0&#8211;\u00a0<a title=\"1569\" href=\"https:\/\/fr.wikipedia.org\/wiki\/1569\">1569<\/a>\u00a0ou\u00a0<a title=\"1579\" href=\"https:\/\/fr.wikipedia.org\/wiki\/1579\">1579<\/a>)<\/li>\n<li><a title=\"Taddeo Carlone\" href=\"https:\/\/fr.wikipedia.org\/wiki\/Taddeo_Carlone\">Taddeo Carlone<\/a>\u00a0(1543 &#8211; 1613)<\/li>\n<li><a title=\"Giovanni Bernardo Carlone\" href=\"https:\/\/fr.wikipedia.org\/wiki\/Giovanni_Bernardo_Carlone\">Giovanni Bernardo Carlone<\/a>\u00a0(1584 &#8211; 1631)<\/li>\n<li><a title=\"Giovanni Battista Carlone\" href=\"https:\/\/fr.wikipedia.org\/wiki\/Giovanni_Battista_Carlone\">Giovanni Battista Carlone<\/a>\u00a0(1603 &#8211; 1684)<\/li>\n<li><a title=\"Giovanni Benedetto Castiglione\" href=\"https:\/\/fr.wikipedia.org\/wiki\/Giovanni_Benedetto_Castiglione\">Giovanni Benedetto Castiglione<\/a>\u00a0(1609 &#8211; 1664)<\/li>\n<li><a title=\"Giovanni Andrea de Ferrari\" href=\"https:\/\/fr.wikipedia.org\/wiki\/Giovanni_Andrea_de_Ferrari\">Giovanni Andrea de Ferrari<\/a>\u00a0(1598 &#8211; 1669)<\/li>\n<li><a title=\"Orazio de Ferrari\" href=\"https:\/\/fr.wikipedia.org\/wiki\/Orazio_de_Ferrari\">Orazio de Ferrari<\/a>\u00a0(1606 &#8211; 1657)<\/li>\n<li><a title=\"Gregorio de Ferrari\" href=\"https:\/\/fr.wikipedia.org\/wiki\/Gregorio_de_Ferrari\">Gregorio de Ferrari<\/a>\u00a0(~1647 &#8211; 1726)<\/li>\n<li><a title=\"Baciccio\" href=\"https:\/\/fr.wikipedia.org\/wiki\/Baciccio\">Baciccio<\/a>\u00a0(1639 &#8211; 1709)<\/li>\n<li><a title=\"Giovanni Bernardo Carbone\" href=\"https:\/\/fr.wikipedia.org\/wiki\/Giovanni_Bernardo_Carbone\">Giovanni Bernardo Carbone<\/a>\u00a0(1616 \u2013 1683)<\/li>\n<li><a title=\"Valerio Castello\" href=\"https:\/\/fr.wikipedia.org\/wiki\/Valerio_Castello\">Valerio Castello<\/a>\u00a0(1624 &#8211; 1659)<\/li>\n<li><a title=\"Domenico Fiasella\" href=\"https:\/\/fr.wikipedia.org\/wiki\/Domenico_Fiasella\">Domenico Fiasella<\/a>\u00a0(1589 &#8211; 1669)<\/li>\n<\/ul>\n<ul style=\"text-align: justify;\">\n<li><a title=\"Domenico Piola\" href=\"https:\/\/fr.wikipedia.org\/wiki\/Domenico_Piola\">Domenico Piola<\/a>\u00a0(1624 &#8211; 1703)<\/li>\n<li><a title=\"Giovanni Andrea Ansaldo\" href=\"https:\/\/fr.wikipedia.org\/wiki\/Giovanni_Andrea_Ansaldo\">Giovanni Andrea Ansaldo<\/a>\u00a0(1584 &#8211; 1638)<\/li>\n<li><a title=\"Giulio Benso\" href=\"https:\/\/fr.wikipedia.org\/wiki\/Giulio_Benso\">Giulio Benso<\/a>\u00a0(1592 \u2013 1668)<\/li>\n<li><a title=\"Bernardo Strozzi\" href=\"https:\/\/fr.wikipedia.org\/wiki\/Bernardo_Strozzi\">Bernardo Strozzi<\/a>\u00a0(1581 &#8211; 1644)<\/li>\n<li><a title=\"Alessandro Magnasco\" href=\"https:\/\/fr.wikipedia.org\/wiki\/Alessandro_Magnasco\">Alessandro Magnasco<\/a>\u00a0(1667 &#8211; 1749) (dont les sujets se d\u00e9tachent de ceux de ses condisciples)<\/li>\n<\/ul>\n<p style=\"text-align: justify;\">Et aussi\u00a0:<\/p>\n<ul style=\"text-align: justify;\">\n<li><a title=\"Luca Saltarello\" href=\"https:\/\/fr.wikipedia.org\/wiki\/Luca_Saltarello\">Luca Saltarello<\/a>\u00a0(1608\/1609 &#8211; ~1640)<\/li>\n<li><a title=\"Carlo Antonio Tavella\" href=\"https:\/\/fr.wikipedia.org\/wiki\/Carlo_Antonio_Tavella\">Carlo Antonio Tavella<\/a>\u00a0(1668 &#8211; 1738)<\/li>\n<li><a title=\"Gioacchino Assereto\" href=\"https:\/\/fr.wikipedia.org\/wiki\/Gioacchino_Assereto\">Gioacchino Assereto<\/a>\u00a0(1600 &#8211; 1649)<\/li>\n<li><a title=\"Giuseppe Badaracco\" href=\"https:\/\/fr.wikipedia.org\/wiki\/Giuseppe_Badaracco\">Giuseppe Badaracco<\/a>\u00a0(1588 &#8211; 1657)<\/li>\n<li><a title=\"Luciano Borzone\" href=\"https:\/\/fr.wikipedia.org\/wiki\/Luciano_Borzone\">Luciano Borzone<\/a>\u00a0(1590 &#8211; 1645)<\/li>\n<li><a title=\"Bartolomeo Bassi\" href=\"https:\/\/fr.wikipedia.org\/wiki\/Bartolomeo_Bassi\">Bartolomeo Bassi<\/a>\u00a0(~1600 &#8211; 1640)<\/li>\n<li><a title=\"Sinibaldo Scorza\" href=\"https:\/\/fr.wikipedia.org\/wiki\/Sinibaldo_Scorza\">Sinibaldo Scorza<\/a>\u00a0(1589 &#8211; 1640)<\/li>\n<li><a title=\"Antonio Travi\" href=\"https:\/\/fr.wikipedia.org\/wiki\/Antonio_Travi\">Antonio Travi<\/a>\u00a0(1613 &#8211; 1668)<\/li>\n<li><a title=\"Antonio Maria Vassallo\" href=\"https:\/\/fr.wikipedia.org\/wiki\/Antonio_Maria_Vassallo\">Antonio Maria Vassallo<\/a><\/li>\n<li><a title=\"Ottavio Semini\" href=\"https:\/\/fr.wikipedia.org\/wiki\/Ottavio_Semini\">Ottavio Semini<\/a>\u00a0(1530 &#8211; 1604)<\/li>\n<\/ul>\n<div class=\"mw-heading mw-heading2\" style=\"text-align: justify;\">\n<h2 id=\"Influence\">Influence<\/h2>\n<\/div>\n<p style=\"text-align: justify;\">Son influence a port\u00e9 \u00e9galement sur les sculpteurs et architectes de la cit\u00e9 \u00e0 la m\u00eame \u00e9poque\u00a0:<\/p>\n<div class=\"mw-heading mw-heading3\" style=\"text-align: justify;\">\n<h3 id=\"Les_sculpteurs_et_les_architectes\">Les sculpteurs et les architectes<\/h3>\n<\/div>\n<ul style=\"text-align: justify;\">\n<li>Les sculpteurs sur bois pour le mobilier, group\u00e9s au sein de leurs corporations, les\u00a0<i>casacce<\/i>\u00a0:\n<ul>\n<li><a class=\"mw-redirect\" title=\"Giacomo Filippo Parodi\" href=\"https:\/\/fr.wikipedia.org\/wiki\/Giacomo_Filippo_Parodi\">Giacomo Filippo Parodi<\/a>\u00a0(G\u00eanes, 1630-1702)<\/li>\n<li><a class=\"new\" title=\"Anton Maria Maragliano (page inexistante)\" href=\"https:\/\/fr.wikipedia.org\/w\/index.php?title=Anton_Maria_Maragliano&amp;action=edit&amp;redlink=1\">Anton Maria Maragliano<\/a>,<\/li>\n<li>les fr\u00e8res\u00a0<a title=\"Francesco Maria Schiaffino\" href=\"https:\/\/fr.wikipedia.org\/wiki\/Francesco_Maria_Schiaffino\">Francesco<\/a>\u00a0et\u00a0<a class=\"new\" title=\"Bernardo Schiaffino (page inexistante)\" href=\"https:\/\/fr.wikipedia.org\/w\/index.php?title=Bernardo_Schiaffino&amp;action=edit&amp;redlink=1\">Bernardo Schiaffino<\/a>,<\/li>\n<\/ul>\n<\/li>\n<li>Les architectes\u00a0:\n<ul>\n<li>les fr\u00e8res\u00a0<a class=\"new\" title=\"Anton Maria Ricca (page inexistante)\" href=\"https:\/\/fr.wikipedia.org\/w\/index.php?title=Anton_Maria_Ricca&amp;action=edit&amp;redlink=1\">Anton Maria<\/a>\u00a0et\u00a0<a class=\"new\" title=\"Giovanni Antonio Ricca (page inexistante)\" href=\"https:\/\/fr.wikipedia.org\/w\/index.php?title=Giovanni_Antonio_Ricca&amp;action=edit&amp;redlink=1\">Giovanni Antonio Ricca<\/a><\/li>\n<\/ul>\n<\/li>\n<\/ul>\n<div class=\"mw-heading mw-heading2\" style=\"text-align: justify;\">\n<h2 id=\"Lieux_d'exposition_des_\u0153uvres_de_ces_artistes\"><span id=\"Lieux_d.27exposition_des_.C5.93uvres_de_ces_artistes\"><\/span>Lieux d&rsquo;exposition des \u0153uvres de ces artistes<\/h2>\n<\/div>\n<ul style=\"text-align: justify;\">\n<li><b>Mus\u00e9es \u00e0 G\u00eanes<\/b>\n<ul>\n<li>Museo dell&rsquo;Accademia Ligustica di Belle Arti<\/li>\n<li>Mus\u00e9es de la via Garibaldi\u00a0: Palazzo Bianco, Palazzo Rosso et Palazzo Tursi<\/li>\n<\/ul>\n<\/li>\n<li><b>\u00c9difices religieux de G\u00eanes\u00a0:<\/b>\n<ul>\n<li>\u00c9glise San Stefano<\/li>\n<li><a class=\"mw-redirect\" title=\"Basilica della Santissima Annunziata del Vastato\" href=\"https:\/\/fr.wikipedia.org\/wiki\/Basilica_della_Santissima_Annunziata_del_Vastato\">Basilica della Santissima Annunziata del Vastato<\/a><\/li>\n<li><a class=\"mw-redirect\" title=\"\u00c9glise du Ges\u00f9 de G\u00eanes\" href=\"https:\/\/fr.wikipedia.org\/wiki\/%C3%89glise_du_Ges%C3%B9_de_G%C3%AAnes\">\u00c9glise du Ges\u00f9<\/a>\u00a0(ou des\u00a0<i>saints-Ambroise-et-Andr\u00e9<\/i>)<\/li>\n<li>Le\u00a0<a class=\"mw-redirect\" title=\"Duomo di San Lorenzo (G\u00eanes)\" href=\"https:\/\/fr.wikipedia.org\/wiki\/Duomo_di_San_Lorenzo_(G%C3%AAnes)\">Duomo di San Lorenzo<\/a>\u00a0(Cath\u00e9drale St-Laurent)<\/li>\n<li>Le\u00a0<i>Cimetero monumentale di Staglieno<\/i><\/li>\n<\/ul>\n<\/li>\n<\/ul>\n<div class=\"mw-heading mw-heading2\" style=\"text-align: justify;\">\n<h2 id=\"Notes_et_r\u00e9f\u00e9rences\"><span id=\"Notes_et_r.C3.A9f.C3.A9rences\"><\/span>Notes et r\u00e9f\u00e9rences<\/h2>\n<\/div>\n<div class=\"mw-heading mw-heading2\" style=\"text-align: justify;\">\n<h2 id=\"Sources_et_bibliographie\">Sources et bibliographie<\/h2>\n<\/div>\n<ul style=\"text-align: justify;\">\n<li><a title=\"Carlo Giuseppe Ratti\" href=\"https:\/\/fr.wikipedia.org\/wiki\/Carlo_Giuseppe_Ratti\">Carlo Giuseppe Ratti<\/a>,\u00a0<i>Delle Vite di pittori, scultori ed architetti genovesi<\/i>, G\u00eanes, 1769<\/li>\n<li><a class=\"external text\" href=\"http:\/\/www.latribunedelart.com\/Expositions%20-%20Anvers%20et%20Genes.htm\" rel=\"nofollow\">Anvers et G\u00eanes. Un sommet dans la peinture baroque<\/a><small class=\"cachelinks\">\u00a0[<a title=\"archive sur Wikiwix\" href=\"https:\/\/archive.wikiwix.com\/cache\/?url=http%3A%2F%2Fwww.latribunedelart.com%2FExpositions%2520-%2520Anvers%2520et%2520Genes.htm\">archive<\/a>]<\/small><\/li>\n<li>P. Pagano, M. C. Galassi (sous la direction de)\u00a0:\u00a0<i>La pittura del &lsquo;600 a Genova<\/i>.<\/li>\n<\/ul>\n<p style=\"text-align: justify;\">\u00a0<\/p>\n","protected":false},"excerpt":{"rendered":"<p>Image mise en avant : Sainte Famille avec un ange \u00a0Valerio Castello\u00a0(1624 &#8211; 1659) Faire un don par Qr Code Achetez mes livres &nbsp; &nbsp; Virement bancaire IBAN FR81 2004 1010 0820 6402 0P02 955 BIC PSSTFRPPMAR Orazio Puglisi 06 14 35 15 52 oraziopuglisi@gmail.com puglisiorazio@wanadoo.fr href=\u00a0\u00bbhttps:\/\/fr.wikipedia.org\/wiki\/%C3%89cole_g%C3%A9noise_de_peinture\u00a0\u00bb&gt;Ecole G\u00e9noise L&rsquo;\u00e9cole g\u00e9noise\u00a0est l&rsquo;une des\u00a0\u00e9coles italiennes de peinture\u00a0qui [&hellip;]<\/p>\n","protected":false},"author":1,"featured_media":14037,"parent":0,"menu_order":0,"comment_status":"closed","ping_status":"closed","template":"","meta":{"footnotes":""},"class_list":["post-14034","page","type-page","status-publish","has-post-thumbnail","hentry"],"_links":{"self":[{"href":"https:\/\/oraziopuglisi.art\/index.php\/wp-json\/wp\/v2\/pages\/14034","targetHints":{"allow":["GET"]}}],"collection":[{"href":"https:\/\/oraziopuglisi.art\/index.php\/wp-json\/wp\/v2\/pages"}],"about":[{"href":"https:\/\/oraziopuglisi.art\/index.php\/wp-json\/wp\/v2\/types\/page"}],"author":[{"embeddable":true,"href":"https:\/\/oraziopuglisi.art\/index.php\/wp-json\/wp\/v2\/users\/1"}],"replies":[{"embeddable":true,"href":"https:\/\/oraziopuglisi.art\/index.php\/wp-json\/wp\/v2\/comments?post=14034"}],"version-history":[{"count":7,"href":"https:\/\/oraziopuglisi.art\/index.php\/wp-json\/wp\/v2\/pages\/14034\/revisions"}],"predecessor-version":[{"id":14127,"href":"https:\/\/oraziopuglisi.art\/index.php\/wp-json\/wp\/v2\/pages\/14034\/revisions\/14127"}],"wp:featuredmedia":[{"embeddable":true,"href":"https:\/\/oraziopuglisi.art\/index.php\/wp-json\/wp\/v2\/media\/14037"}],"wp:attachment":[{"href":"https:\/\/oraziopuglisi.art\/index.php\/wp-json\/wp\/v2\/media?parent=14034"}],"curies":[{"name":"wp","href":"https:\/\/api.w.org\/{rel}","templated":true}]}}