{"id":13875,"date":"2024-09-23T16:44:48","date_gmt":"2024-09-23T14:44:48","guid":{"rendered":"https:\/\/oraziopuglisi.art\/?page_id=13875"},"modified":"2024-09-23T22:54:04","modified_gmt":"2024-09-23T20:54:04","slug":"bal-du-moulin-de-la-galette","status":"publish","type":"page","link":"https:\/\/oraziopuglisi.art\/index.php\/bal-du-moulin-de-la-galette\/","title":{"rendered":"Bal du Moulin de la Galette"},"content":{"rendered":"<p style=\"text-align: center;\"><a href=\"https:\/\/fr.wikipedia.org\/wiki\/Bal_du_moulin_de_la_Galette_(Renoir)\">Bal du Moulin de la Galette<\/a><\/p>\n<p><img loading=\"lazy\" decoding=\"async\" class=\"alignnone size-full wp-image-13953\" src=\"http:\/\/oraziopuglisi.art\/wp-content\/uploads\/2024\/09\/Pierre-Auguste_Renoir_Le_Moulin_de_la_Galette.jpg\" alt=\"\" width=\"1024\" height=\"763\" srcset=\"https:\/\/oraziopuglisi.art\/wp-content\/uploads\/2024\/09\/Pierre-Auguste_Renoir_Le_Moulin_de_la_Galette.jpg 1024w, https:\/\/oraziopuglisi.art\/wp-content\/uploads\/2024\/09\/Pierre-Auguste_Renoir_Le_Moulin_de_la_Galette-300x224.jpg 300w, https:\/\/oraziopuglisi.art\/wp-content\/uploads\/2024\/09\/Pierre-Auguste_Renoir_Le_Moulin_de_la_Galette-768x572.jpg 768w, https:\/\/oraziopuglisi.art\/wp-content\/uploads\/2024\/09\/Pierre-Auguste_Renoir_Le_Moulin_de_la_Galette-508x379.jpg 508w\" sizes=\"auto, (max-width: 1024px) 100vw, 1024px\" \/><\/p>\n<p style=\"text-align: justify;\">Le\u00a0<i><b>Bal du moulin de la Galette<\/b><\/i>\u00a0est une\u00a0<a title=\"Peinture \u00e0 l'huile\" href=\"https:\/\/fr.wikipedia.org\/wiki\/Peinture_%C3%A0_l%27huile\">huile sur toile<\/a>\u00a0du\u00a0<a title=\"Artiste peintre\" href=\"https:\/\/fr.wikipedia.org\/wiki\/Artiste_peintre\">peintre<\/a>\u00a0<a title=\"Impressionnisme\" href=\"https:\/\/fr.wikipedia.org\/wiki\/Impressionnisme\">impressionniste<\/a>\u00a0<a title=\"France\" href=\"https:\/\/fr.wikipedia.org\/wiki\/France\">fran\u00e7ais<\/a>\u00a0<a title=\"Auguste Renoir\" href=\"https:\/\/fr.wikipedia.org\/wiki\/Auguste_Renoir\">Auguste Renoir<\/a>, r\u00e9alis\u00e9e en\u00a0<a title=\"1876\" href=\"https:\/\/fr.wikipedia.org\/wiki\/1876\">1876<\/a>. Le tableau actuellement conserv\u00e9 au\u00a0<a title=\"Mus\u00e9e d'Orsay\" href=\"https:\/\/fr.wikipedia.org\/wiki\/Mus%C3%A9e_d%27Orsay\">mus\u00e9e d&rsquo;Orsay<\/a>, \u00e0\u00a0<a title=\"Paris\" href=\"https:\/\/fr.wikipedia.org\/wiki\/Paris\">Paris<\/a>\u00a0a \u00e9t\u00e9 acquis en\u00a0<a title=\"1894\" href=\"https:\/\/fr.wikipedia.org\/wiki\/1894\">1894<\/a>\u00a0par legs du peintre et collectionneur\u00a0<a title=\"Gustave Caillebotte\" href=\"https:\/\/fr.wikipedia.org\/wiki\/Gustave_Caillebotte\">Gustave Caillebotte<\/a>. Il mesure 131 \u00d7 175\u00a0<abbr class=\"abbr\" title=\"centim\u00e8tre\">cm<\/abbr>. La sc\u00e8ne, \u00e9clair\u00e9e par une lumi\u00e8re qui passe \u00e0 travers les feuilles, se d\u00e9roule au\u00a0<a title=\"Moulin de la Galette\" href=\"https:\/\/fr.wikipedia.org\/wiki\/Moulin_de_la_Galette\">moulin de la Galette<\/a>, sur la\u00a0<a title=\"Montmartre\" href=\"https:\/\/fr.wikipedia.org\/wiki\/Montmartre\">butte Montmartre<\/a>, \u00e0 Paris.<\/p>\n<p>&nbsp;<\/p>\n<p><iframe loading=\"lazy\" title=\"Renoir, Bal du moulin de la Galette\" width=\"600\" height=\"338\" src=\"https:\/\/www.youtube.com\/embed\/o6amlRsb1n4?feature=oembed\" frameborder=\"0\" allow=\"accelerometer; autoplay; clipboard-write; encrypted-media; gyroscope; picture-in-picture; web-share\" referrerpolicy=\"strict-origin-when-cross-origin\" allowfullscreen><\/iframe><\/p>\n<div class=\"mw-heading mw-heading2\" style=\"text-align: justify;\">\n<h2 id=\"Description\">Description<\/h2>\n<\/div>\n<p style=\"text-align: justify;\">La sc\u00e8ne se d\u00e9roule en plein air, contrainte que s&rsquo;imposaient les impressionnistes, un dimanche apr\u00e8s-midi, un jour de beau temps au moulin de la Galette \u00e0 Montmartre. Les personnes pr\u00e9sentes dans la sc\u00e8ne sont des amis du peintre\u00a0: mod\u00e8les, peintres, habitu\u00e9s du lieu, parmi lesquels on reconna\u00eet l\u2019\u00e9crivain\u00a0<a title=\"Georges Rivi\u00e8re (critique d'art)\" href=\"https:\/\/fr.wikipedia.org\/wiki\/Georges_Rivi%C3%A8re_(critique_d%27art)\">Georges Rivi\u00e8re<\/a>, les peintres\u00a0<a title=\"Norbert G\u0153neutte\" href=\"https:\/\/fr.wikipedia.org\/wiki\/Norbert_G%C5%93neutte\">Norbert G\u0153neutte<\/a>\u00a0et\u00a0<a title=\"Franc-Lamy\" href=\"https:\/\/fr.wikipedia.org\/wiki\/Franc-Lamy\">Franc-Lamy<\/a>\u00a0qui sont install\u00e9s \u00e0 la table du premier plan et une d\u00e9nomm\u00e9e Estelle qui est assise sur le banc ainsi que\u00a0<a title=\"Fr\u00e9d\u00e9ric Samuel Cordey\" href=\"https:\/\/fr.wikipedia.org\/wiki\/Fr%C3%A9d%C3%A9ric_Samuel_Cordey\">Fr\u00e9d\u00e9ric Samuel Cordey<\/a><sup id=\"cite_ref-1\" class=\"reference\"><a href=\"https:\/\/fr.wikipedia.org\/wiki\/Bal_du_moulin_de_la_Galette_(Renoir)#cite_note-1\">1<\/a><\/sup>. Renoir repr\u00e9sente ainsi sur sa toile une foule joyeuse de personnes de tous les milieux sociaux, qui partagent du bon temps, dansent \u00e0 gauche, bavardent \u00e0 droite, fument et boivent.<\/p>\n<p style=\"text-align: justify;\">On peut d\u00e9finir trois plans\u00a0: au premier plan, on a la discussion des personnes assises, au deuxi\u00e8me plan les danseurs et au troisi\u00e8me plan des b\u00e2timents o\u00f9 l\u2019on aper\u00e7oit l\u2019orchestre.<\/p>\n<p style=\"text-align: justify;\">Au lieu d\u2019utiliser, comme le font la plupart des peintres, la nettet\u00e9 au premier plan puis progressivement un flou, le flou est pr\u00e9sent partout et la seule distinction de profondeur se fait par la taille des personnes repr\u00e9sent\u00e9es. Renoir d\u00e9cide de repr\u00e9senter cette sc\u00e8ne dans une ambiance bleut\u00e9e parsem\u00e9e de taches de lumi\u00e8re r\u00e9parties in\u00e9galement comme si elles traversaient le feuillage des arbres pour parvenir \u00e0 la foule. C\u2019est gr\u00e2ce \u00e0 la lumi\u00e8re que Renoir fait ressortir ses personnages, par exemple le couple \u00e0 gauche de la sc\u00e8ne semble \u00eatre entour\u00e9 de lumi\u00e8re au sol et la robe rose clair de la femme renforce cet effet et les met en avant. Renoir utilise des couleurs pastel plus ou moins vives \u00e0 certains endroits.<\/p>\n<div class=\"mw-heading mw-heading2\" style=\"text-align: justify;\">\n<h2 id=\"Histoire\">Histoire<\/h2>\n<\/div>\n<p style=\"text-align: justify;\"><span class=\"citation\">\u00ab\u00a0Pendant toute la dur\u00e9e de l&rsquo;ex\u00e9cution du\u00a0<i>Moulin de la Galette<\/i>, Renoir s&rsquo;installa dans une vieille bicoque de la\u00a0<a title=\"Rue Cortot\" href=\"https:\/\/fr.wikipedia.org\/wiki\/Rue_Cortot\">rue Cortot<\/a><sup id=\"cite_ref-2\" class=\"reference\"><a href=\"https:\/\/fr.wikipedia.org\/wiki\/Bal_du_moulin_de_la_Galette_(Renoir)#cite_note-2\">2<\/a><\/sup>.\u00a0\u00bb<\/span><\/p>\n<p style=\"text-align: justify;\">Elle a \u00e9t\u00e9 pr\u00e9sent\u00e9e \u00e0 la\u00a0<a title=\"Troisi\u00e8me exposition impressionniste\" href=\"https:\/\/fr.wikipedia.org\/wiki\/Troisi%C3%A8me_exposition_impressionniste\">troisi\u00e8me exposition impressionniste<\/a>\u00a0en avril\u00a0<a title=\"1877\" href=\"https:\/\/fr.wikipedia.org\/wiki\/1877\">1877<\/a>. \u00c0 cette occasion, le critique d&rsquo;art\u00a0<a title=\"Georges Rivi\u00e8re (critique d'art)\" href=\"https:\/\/fr.wikipedia.org\/wiki\/Georges_Rivi%C3%A8re_(critique_d%27art)\">Georges Rivi\u00e8re<\/a>\u00a0\u00e9crivit au sujet de cette toile\u00a0:\u00a0<span class=\"citation\">\u00ab\u00a0C&rsquo;est une page d&rsquo;histoire, un monument pr\u00e9cieux de la vie parisienne, d&rsquo;une exactitude rigoureuse<sup id=\"cite_ref-3\" class=\"reference\"><a href=\"https:\/\/fr.wikipedia.org\/wiki\/Bal_du_moulin_de_la_Galette_(Renoir)#cite_note-3\">3<\/a><\/sup><sup class=\"reference cite_virgule\">,<\/sup><sup id=\"cite_ref-4\" class=\"reference\"><a href=\"https:\/\/fr.wikipedia.org\/wiki\/Bal_du_moulin_de_la_Galette_(Renoir)#cite_note-4\">4<\/a><\/sup>.\u00a0\u00bb<\/span><\/p>\n<p style=\"text-align: justify;\">La peinture est achet\u00e9e en\u00a0<a title=\"1879\" href=\"https:\/\/fr.wikipedia.org\/wiki\/1879\">1879<\/a>\u00a0par\u00a0<a title=\"Gustave Caillebotte\" href=\"https:\/\/fr.wikipedia.org\/wiki\/Gustave_Caillebotte\">Gustave Caillebotte<\/a>, lui-m\u00eame peintre et ami de Renoir, qui la l\u00e8gue en\u00a0<a title=\"1894\" href=\"https:\/\/fr.wikipedia.org\/wiki\/1894\">1894<\/a>\u00a0\u00e0 l&rsquo;\u00c9tat fran\u00e7ais. Le tableau est maintenant conserv\u00e9 au\u00a0<a class=\"mw-redirect\" title=\"Mus\u00e9e d\u2019Orsay\" href=\"https:\/\/fr.wikipedia.org\/wiki\/Mus%C3%A9e_d%E2%80%99Orsay\">mus\u00e9e d\u2019Orsay<\/a>, au niveau sup\u00e9rieur, salle 30.<\/p>\n<p style=\"text-align: justify;\">Le tableau fait partie des \u00ab\u00a0105 \u0153uvres d\u00e9cisives de la\u00a0<a title=\"Peinture (art)\" href=\"https:\/\/fr.wikipedia.org\/wiki\/Peinture_(art)\">peinture<\/a>\u00a0<a title=\"Occident\" href=\"https:\/\/fr.wikipedia.org\/wiki\/Occident\">occidentale<\/a>\u00a0\u00bb constituant le\u00a0<a title=\"Mus\u00e9e imaginaire\" href=\"https:\/\/fr.wikipedia.org\/wiki\/Mus%C3%A9e_imaginaire\">mus\u00e9e imaginaire<\/a>\u00a0de\u00a0<a title=\"Michel Butor\" href=\"https:\/\/fr.wikipedia.org\/wiki\/Michel_Butor\">Michel Butor<\/a><sup id=\"cite_ref-5\" class=\"reference\"><a href=\"https:\/\/fr.wikipedia.org\/wiki\/Bal_du_moulin_de_la_Galette_(Renoir)#cite_note-5\">5<\/a><\/sup>.<\/p>\n<div class=\"mw-heading mw-heading2\" style=\"text-align: justify;\">\n<h2 id=\"Autres_versions\">Autres versions<\/h2>\n<\/div>\n<p style=\"text-align: justify;\">Renoir a peint une autre version du tableau, plus petite (78\u00a0\u00d7\u00a0114\u00a0<abbr class=\"abbr\" title=\"centim\u00e8tre\">cm<\/abbr>), propri\u00e9t\u00e9 de la collection priv\u00e9e Whitney et vendu en 1990 \u00e0 un riche industriel japonais pour 78 millions de dollars, \u00e9galement possesseur du tableau de\u00a0<a title=\"Vincent van Gogh\" href=\"https:\/\/fr.wikipedia.org\/wiki\/Vincent_van_Gogh\">Vincent van Gogh<\/a>,\u00a0<i><a title=\"Portrait du docteur Gachet avec branche de digitale\" href=\"https:\/\/fr.wikipedia.org\/wiki\/Portrait_du_docteur_Gachet_avec_branche_de_digitale\">Portrait du docteur Gachet avec branche de digitale<\/a><\/i>.<\/p>\n<div class=\"mw-heading mw-heading2\" style=\"text-align: justify;\">\n<h2 id=\"Notes_et_r\u00e9f\u00e9rences\"><span id=\"Notes_et_r.C3.A9f.C3.A9rences\"><\/span>Notes et r\u00e9f\u00e9rences<\/h2>\n<\/div>\n<div class=\"references-small decimal\" style=\"text-align: justify;\">\n<div class=\"mw-references-wrap\">\n<ol class=\"references\">\n<li id=\"cite_note-1\"><span class=\"mw-cite-backlink noprint\"><a title=\"Revenir plus haut\" href=\"https:\/\/fr.wikipedia.org\/wiki\/Bal_du_moulin_de_la_Galette_(Renoir)#cite_ref-1\" aria-label=\"Revenir plus haut\">\u2191<\/a>\u00a0<\/span><span class=\"reference-text\"><abbr class=\"abbr indicateur-langue\" title=\"Langue : anglais\">(en)<\/abbr>\u00a0<a class=\"external text\" href=\"https:\/\/books.google.fr\/books?id=lDr7Tbk__1kC&amp;pg=PA11\" rel=\"nofollow\">Terry W. Strieter,\u00a0<i>Nineteenth-century European Art: A Topical Dictionary<\/i><\/a><small class=\"cachelinks\">\u00a0[<a title=\"archive sur Wikiwix\" href=\"https:\/\/archive.wikiwix.com\/cache\/?url=https%3A%2F%2Fbooks.google.fr%2Fbooks%3Fid%3DlDr7Tbk__1kC%26pg%3DPA11\">archive<\/a>]<\/small>,\u00a0<abbr class=\"abbr\" title=\"page\">p.<\/abbr>\u00a011.<\/span><\/li>\n<li id=\"cite_note-2\"><span class=\"mw-cite-backlink noprint\"><a title=\"Revenir plus haut\" href=\"https:\/\/fr.wikipedia.org\/wiki\/Bal_du_moulin_de_la_Galette_(Renoir)#cite_ref-2\" aria-label=\"Revenir plus haut\">\u2191<\/a>\u00a0<\/span><span class=\"reference-text\"><a title=\"Jean Renoir\" href=\"https:\/\/fr.wikipedia.org\/wiki\/Jean_Renoir\">Jean Renoir<\/a>,\u00a0<i>Renoir<\/i>, Librairie Hachette, 1962,\u00a0<abbr class=\"abbr\" title=\"page\">p.<\/abbr>\u00a0191.<\/span><\/li>\n<li id=\"cite_note-3\"><span class=\"mw-cite-backlink noprint\"><a title=\"Revenir plus haut\" href=\"https:\/\/fr.wikipedia.org\/wiki\/Bal_du_moulin_de_la_Galette_(Renoir)#cite_ref-3\" aria-label=\"Revenir plus haut\">\u2191<\/a>\u00a0<\/span><span class=\"reference-text\"><a class=\"external text\" href=\"http:\/\/www.universalis.fr\/encyclopedie\/auguste-renoir\/2-le-temps-de-l-impressionnisme\/\" rel=\"nofollow\">\u00ab\u00a0Le temps de l&rsquo;impressionnisme\u00a0\u00bb<\/a><small class=\"cachelinks\">\u00a0[<a title=\"archive sur Wikiwix\" href=\"https:\/\/archive.wikiwix.com\/cache\/?url=http%3A%2F%2Fwww.universalis.fr%2Fencyclopedie%2Fauguste-renoir%2F2-le-temps-de-l-impressionnisme%2F\">archive<\/a>]<\/small>,\u00a0<i>www.universalis.fr<\/i>.<\/span><\/li>\n<li id=\"cite_note-4\"><span class=\"mw-cite-backlink noprint\"><a title=\"Revenir plus haut\" href=\"https:\/\/fr.wikipedia.org\/wiki\/Bal_du_moulin_de_la_Galette_(Renoir)#cite_ref-4\" aria-label=\"Revenir plus haut\">\u2191<\/a>\u00a0<\/span><span class=\"reference-text\"><a class=\"external text\" href=\"http:\/\/archive.wikiwix.com\/cache\/?url=http%3A%2F%2Fwww2b.ac-lille.fr%2Fweblettres%2Fproductions%2Fimpres%2Fimpressionniste.htm\" rel=\"nofollow\">Georges Rivi\u00e8re, \u00ab\u00a0L&rsquo;exposition des impressionnistes\u00a0\u00bb<\/a>,\u00a0<i>L&rsquo;Impressionniste. Journal d&rsquo;art<\/i>, 6 avril 1877.<\/span><\/li>\n<li id=\"cite_note-5\"><span class=\"mw-cite-backlink noprint\"><a title=\"Revenir plus haut\" href=\"https:\/\/fr.wikipedia.org\/wiki\/Bal_du_moulin_de_la_Galette_(Renoir)#cite_ref-5\" aria-label=\"Revenir plus haut\">\u2191<\/a>\u00a0<\/span><span class=\"reference-text\"><span id=\"Butor2019\" class=\"ouvrage\"><span id=\"Michel_Butor2019\" class=\"ouvrage\"><a title=\"Michel Butor\" href=\"https:\/\/fr.wikipedia.org\/wiki\/Michel_Butor\">Michel Butor<\/a>,\u00a0<cite class=\"italique\"><a title=\"Le Mus\u00e9e imaginaire de Michel Butor\" href=\"https:\/\/fr.wikipedia.org\/wiki\/Le_Mus%C3%A9e_imaginaire_de_Michel_Butor\">Le Mus\u00e9e imaginaire de Michel Butor<\/a>\u00a0: 105 \u0153uvres d\u00e9cisives de la peinture occidentale<\/cite>, Paris,\u00a0<a title=\"Groupe Flammarion\" href=\"https:\/\/fr.wikipedia.org\/wiki\/Groupe_Flammarion\">Flammarion<\/a>,\u00a0<time>2019<\/time>, 368\u00a0<abbr class=\"abbr\" title=\"pages\">p.<\/abbr>\u00a0<small>(<a title=\"International Standard Book Number\" href=\"https:\/\/fr.wikipedia.org\/wiki\/International_Standard_Book_Number\">ISBN<\/a>\u00a0<a title=\"Sp\u00e9cial:Ouvrages de r\u00e9f\u00e9rence\/978-2-08-145075-2\" href=\"https:\/\/fr.wikipedia.org\/wiki\/Sp%C3%A9cial:Ouvrages_de_r%C3%A9f%C3%A9rence\/978-2-08-145075-2\"><span class=\"nowrap\">978-2-08-145075-2<\/span><\/a>)<\/small>,\u00a0<abbr class=\"abbr\" title=\"pages\">p.<\/abbr>\u00a0256-259<\/span><\/span>.<\/span><\/li>\n<\/ol>\n<\/div>\n<\/div>\n<ul>\n<li style=\"text-align: justify;\">Cet article est partiellement ou en totalit\u00e9 issu de l&rsquo;article intitul\u00e9 \u00ab\u00a0<span class=\"plainlinks\"><a class=\"external text\" href=\"https:\/\/fr.wikipedia.org\/w\/index.php?title=Auguste_Renoir&amp;oldid=oldid\">Auguste Renoir<\/a>\u00a0\u00bb\u00a0<small>(voir\u00a0<a class=\"external text\" href=\"https:\/\/fr.wikipedia.org\/w\/index.php?title=Auguste_Renoir&amp;oldid=oldid&amp;action=history\">la liste des auteurs<\/a>)<\/small><\/span>.<\/li>\n<\/ul>\n","protected":false},"excerpt":{"rendered":"<p>Bal du Moulin de la Galette Le\u00a0Bal du moulin de la Galette\u00a0est une\u00a0huile sur toile\u00a0du\u00a0peintre\u00a0impressionniste\u00a0fran\u00e7ais\u00a0Auguste Renoir, r\u00e9alis\u00e9e en\u00a01876. Le tableau actuellement conserv\u00e9 au\u00a0mus\u00e9e d&rsquo;Orsay, \u00e0\u00a0Paris\u00a0a \u00e9t\u00e9 acquis en\u00a01894\u00a0par legs du peintre et collectionneur\u00a0Gustave Caillebotte. Il mesure 131 \u00d7 175\u00a0cm. La sc\u00e8ne, \u00e9clair\u00e9e par une lumi\u00e8re qui passe \u00e0 travers les feuilles, se d\u00e9roule au\u00a0moulin de [&hellip;]<\/p>\n","protected":false},"author":1,"featured_media":13953,"parent":0,"menu_order":0,"comment_status":"closed","ping_status":"closed","template":"","meta":{"footnotes":""},"class_list":["post-13875","page","type-page","status-publish","has-post-thumbnail","hentry"],"_links":{"self":[{"href":"https:\/\/oraziopuglisi.art\/index.php\/wp-json\/wp\/v2\/pages\/13875","targetHints":{"allow":["GET"]}}],"collection":[{"href":"https:\/\/oraziopuglisi.art\/index.php\/wp-json\/wp\/v2\/pages"}],"about":[{"href":"https:\/\/oraziopuglisi.art\/index.php\/wp-json\/wp\/v2\/types\/page"}],"author":[{"embeddable":true,"href":"https:\/\/oraziopuglisi.art\/index.php\/wp-json\/wp\/v2\/users\/1"}],"replies":[{"embeddable":true,"href":"https:\/\/oraziopuglisi.art\/index.php\/wp-json\/wp\/v2\/comments?post=13875"}],"version-history":[{"count":5,"href":"https:\/\/oraziopuglisi.art\/index.php\/wp-json\/wp\/v2\/pages\/13875\/revisions"}],"predecessor-version":[{"id":13955,"href":"https:\/\/oraziopuglisi.art\/index.php\/wp-json\/wp\/v2\/pages\/13875\/revisions\/13955"}],"wp:featuredmedia":[{"embeddable":true,"href":"https:\/\/oraziopuglisi.art\/index.php\/wp-json\/wp\/v2\/media\/13953"}],"wp:attachment":[{"href":"https:\/\/oraziopuglisi.art\/index.php\/wp-json\/wp\/v2\/media?parent=13875"}],"curies":[{"name":"wp","href":"https:\/\/api.w.org\/{rel}","templated":true}]}}