{"id":13863,"date":"2024-09-23T16:37:59","date_gmt":"2024-09-23T14:37:59","guid":{"rendered":"https:\/\/oraziopuglisi.art\/?page_id=13863"},"modified":"2024-09-23T22:10:40","modified_gmt":"2024-09-23T20:10:40","slug":"le-baiser","status":"publish","type":"page","link":"https:\/\/oraziopuglisi.art\/index.php\/le-baiser\/","title":{"rendered":"Le Baiser"},"content":{"rendered":"<p style=\"text-align: center;\"><a href=\"https:\/\/fr.wikipedia.org\/wiki\/Le_Baiser_(Klimt)\">Le Baiser\u00a0<\/a><\/p>\n<p style=\"text-align: justify;\"><i><b>Le Baiser<\/b><\/i>\u00a0est un\u00a0<a title=\"Tableau (beaux-arts)\" href=\"https:\/\/fr.wikipedia.org\/wiki\/Tableau_(beaux-arts)\">tableau<\/a>\u00a0du\u00a0<a title=\"Artiste peintre\" href=\"https:\/\/fr.wikipedia.org\/wiki\/Artiste_peintre\">peintre<\/a>\u00a0<a title=\"Autriche\" href=\"https:\/\/fr.wikipedia.org\/wiki\/Autriche\">autrichien<\/a>\u00a0<a title=\"Gustav Klimt\" href=\"https:\/\/fr.wikipedia.org\/wiki\/Gustav_Klimt\">Gustav Klimt<\/a>, r\u00e9alis\u00e9 de\u00a0<a title=\"1908\" href=\"https:\/\/fr.wikipedia.org\/wiki\/1908\">1908<\/a>\u00a0\u00e0\u00a0<a title=\"1909\" href=\"https:\/\/fr.wikipedia.org\/wiki\/1909\">1909<\/a>. Cette\u00a0<a title=\"Peinture \u00e0 l'huile\" href=\"https:\/\/fr.wikipedia.org\/wiki\/Peinture_%C3%A0_l%27huile\">peinture \u00e0 l&rsquo;huile<\/a>\u00a0sur\u00a0<a title=\"Toile (peinture)\" href=\"https:\/\/fr.wikipedia.org\/wiki\/Toile_(peinture)\">toile<\/a>\u00a0recouverte de\u00a0<a title=\"Feuille d'or\" href=\"https:\/\/fr.wikipedia.org\/wiki\/Feuille_d%27or\">feuilles d&rsquo;or<\/a>\u00a0est conserv\u00e9e au\u00a0<a title=\"Palais du Belv\u00e9d\u00e8re (Vienne)\" href=\"https:\/\/fr.wikipedia.org\/wiki\/Palais_du_Belv%C3%A9d%C3%A8re_(Vienne)\">palais du Belv\u00e9d\u00e8re<\/a>\u00a0\u00e0\u00a0<a title=\"Vienne (Autriche)\" href=\"https:\/\/fr.wikipedia.org\/wiki\/Vienne_(Autriche)\">Vienne<\/a>. L&rsquo;\u0153uvre fait partie du\u00a0<i>Cycle d&rsquo;or<\/i>\u00a0de Klimt et elle est s\u00fbrement la plus c\u00e9l\u00e8bre du peintre autrichien.<\/p>\n<p style=\"text-align: justify;\">L&rsquo;auteur lui-m\u00eame et sa compagne,\u00a0<a title=\"Emilie Louise Fl\u00f6ge\" href=\"https:\/\/fr.wikipedia.org\/wiki\/Emilie_Louise_Fl%C3%B6ge\">Emilie Fl\u00f6ge<\/a>, en sont probablement les mod\u00e8les<sup id=\"cite_ref-N\u00e9ret_1-0\" class=\"reference\"><a href=\"https:\/\/fr.wikipedia.org\/wiki\/Le_Baiser_(Klimt)#cite_note-N%C3%A9ret-1\">1<\/a><\/sup>.<\/p>\n<p><iframe loading=\"lazy\" title=\"LE BAISER de GUSTAVE KLIMT\" width=\"600\" height=\"338\" src=\"https:\/\/www.youtube.com\/embed\/LMxrAY7uif0?feature=oembed\" frameborder=\"0\" allow=\"accelerometer; autoplay; clipboard-write; encrypted-media; gyroscope; picture-in-picture; web-share\" referrerpolicy=\"strict-origin-when-cross-origin\" allowfullscreen><\/iframe><\/p>\n<div class=\"mw-heading mw-heading2\" style=\"text-align: justify;\">\n<h2 id=\"Description\">Description<\/h2>\n<\/div>\n<p style=\"text-align: justify;\">Le tableau est au format carr\u00e9 dont les deux personnages occupent le centre-haut. Elle repr\u00e9sente un homme qui embrasse une femme sur la joue. Le couple est enlac\u00e9, la femme est \u00e0 genou. Alors que les motifs du v\u00eatement masculin sont des quadrilat\u00e8res noirs et en or, les motifs du v\u00eatement f\u00e9minin sont ronds, color\u00e9s et font penser \u00e0 des fleurs.<\/p>\n<p style=\"text-align: justify;\">Se tenant debout, et pench\u00e9 sur sa compagne, l&rsquo;homme est v\u00eatu d&rsquo;une robe jaune avec des formes g\u00e9om\u00e9triques dont des rectangles gris, noir, blanc. Il porte sur la t\u00eate une couronne de feuilles de lierre et son visage tourn\u00e9 vers celui de sa compagne est invisible. Comme dans toutes les repr\u00e9sentations d&rsquo;\u00e9treintes de Klimt, on ne voit pas le visage de l&rsquo;homme<sup id=\"cite_ref-:0_2-0\" class=\"reference\"><a href=\"https:\/\/fr.wikipedia.org\/wiki\/Le_Baiser_(Klimt)#cite_note-:0-2\">2<\/a><\/sup>. Il semble dominer la femme<sup id=\"cite_ref-:0_2-1\" class=\"reference\"><a href=\"https:\/\/fr.wikipedia.org\/wiki\/Le_Baiser_(Klimt)#cite_note-:0-2\">2<\/a><\/sup>.<\/p>\n<p style=\"text-align: justify;\">Agenouill\u00e9e, la femme porte elle aussi une robe jaune mais diff\u00e9rente de celle de l&rsquo;homme, avec des cercles multicolores. Sa chevelure est fleurie et sa peau est p\u00e2le comme celle d&rsquo;une d\u00e9funte<sup id=\"cite_ref-:0_2-2\" class=\"reference\"><a href=\"https:\/\/fr.wikipedia.org\/wiki\/Le_Baiser_(Klimt)#cite_note-:0-2\">2<\/a><\/sup>. Sa t\u00eate pench\u00e9e fait penser \u00e0 la d\u00e9capitation, un th\u00e8me cher aux peintres symbolistes<sup id=\"cite_ref-:0_2-3\" class=\"reference\"><a href=\"https:\/\/fr.wikipedia.org\/wiki\/Le_Baiser_(Klimt)#cite_note-:0-2\">2<\/a><\/sup>. Le visage de la femme, aux yeux clos, est enti\u00e8rement visible. Son regard exprime l&rsquo;extase<sup id=\"cite_ref-:0_2-4\" class=\"reference\"><a href=\"https:\/\/fr.wikipedia.org\/wiki\/Le_Baiser_(Klimt)#cite_note-:0-2\">2<\/a><\/sup>. Son v\u00eatement cache enti\u00e8rement l&rsquo;homme mais celui de la femme la r\u00e9v\u00e8le en partie\u00a0: bras gauche, mollets et pieds, courbes du corps.<\/p>\n<p><iframe loading=\"lazy\" title=\"L&#039;art \u00e0 l&#039;\u00e9coute : Gustav Klimt (1862 - 1918)\" width=\"600\" height=\"338\" src=\"https:\/\/www.youtube.com\/embed\/JMpBytMLaCQ?feature=oembed\" frameborder=\"0\" allow=\"accelerometer; autoplay; clipboard-write; encrypted-media; gyroscope; picture-in-picture; web-share\" referrerpolicy=\"strict-origin-when-cross-origin\" allowfullscreen><\/iframe><\/p>\n<p style=\"text-align: justify;\">Les mains sont visibles\u00a0: l&rsquo;homme enserre la t\u00eate de sa compagne, dont le visage est tourn\u00e9 vers le spectateur, sa main droite la tenant par le menton et la joue gauche, et sa main gauche soutenant par la nuque la t\u00eate fortement rejet\u00e9e en arri\u00e8re. La femme quant \u00e0 elle pose sa main droite sur la nuque de son compagnon et tient de sa main gauche la main droite de l&rsquo;homme.<\/p>\n<p style=\"text-align: justify;\">Le sol \u00e0 leurs pieds est dens\u00e9ment couvert de fleurs et de motifs v\u00e9g\u00e9taux, qui tranchent avec un arri\u00e8re-plan abstrait, plus uniforme, aux tonalit\u00e9s dor\u00e9es. Cet arri\u00e8re-plan a \u00e9t\u00e9 obtenu gr\u00e2ce \u00e0 de l&#8217;emploi de poudre dor\u00e9e<sup id=\"cite_ref-:0_2-5\" class=\"reference\"><a href=\"https:\/\/fr.wikipedia.org\/wiki\/Le_Baiser_(Klimt)#cite_note-:0-2\">2<\/a><\/sup>. Gustave Klimt aimait les fleurs qui poussaient abondamment dans son jardin<sup id=\"cite_ref-:0_2-6\" class=\"reference\"><a href=\"https:\/\/fr.wikipedia.org\/wiki\/Le_Baiser_(Klimt)#cite_note-:0-2\">2<\/a><\/sup>. Les serpentins dor\u00e9s sous les pieds de la femme font penser \u00e0 des cheveux stylis\u00e9s<sup id=\"cite_ref-:0_2-7\" class=\"reference\"><a href=\"https:\/\/fr.wikipedia.org\/wiki\/Le_Baiser_(Klimt)#cite_note-:0-2\">2<\/a><\/sup>.<\/p>\n<div class=\"mw-heading mw-heading2\" style=\"text-align: justify;\">\n<h2 id=\"Interpr\u00e9tation\"><span id=\"Interpr.C3.A9tation\"><\/span>Interpr\u00e9tation<\/h2>\n<\/div>\n<figure class=\"mw-default-size\" style=\"text-align: justify;\"><a class=\"mw-file-description\" href=\"https:\/\/commons.wikimedia.org\/wiki\/File:Le_mus%C3%A9e_byzantin_et_chr%C3%A9tien_(Ath%C3%A8nes)_(30086267113).jpg?uselang=fr\"><img loading=\"lazy\" decoding=\"async\" class=\"mw-file-element\" src=\"https:\/\/upload.wikimedia.org\/wikipedia\/commons\/thumb\/a\/a9\/Le_mus%C3%A9e_byzantin_et_chr%C3%A9tien_%28Ath%C3%A8nes%29_%2830086267113%29.jpg\/220px-Le_mus%C3%A9e_byzantin_et_chr%C3%A9tien_%28Ath%C3%A8nes%29_%2830086267113%29.jpg\" srcset=\"\/\/upload.wikimedia.org\/wikipedia\/commons\/thumb\/a\/a9\/Le_mus%C3%A9e_byzantin_et_chr%C3%A9tien_%28Ath%C3%A8nes%29_%2830086267113%29.jpg\/330px-Le_mus%C3%A9e_byzantin_et_chr%C3%A9tien_%28Ath%C3%A8nes%29_%2830086267113%29.jpg 1.5x, \/\/upload.wikimedia.org\/wikipedia\/commons\/thumb\/a\/a9\/Le_mus%C3%A9e_byzantin_et_chr%C3%A9tien_%28Ath%C3%A8nes%29_%2830086267113%29.jpg\/440px-Le_mus%C3%A9e_byzantin_et_chr%C3%A9tien_%28Ath%C3%A8nes%29_%2830086267113%29.jpg 2x\" width=\"220\" height=\"261\" data-file-width=\"1004\" data-file-height=\"1192\" \/><\/a><figcaption>D\u00e9tail des mosa\u00efques byzantines de Ravenne en Italie. VI\u00e8 si\u00e8cle.<\/figcaption><\/figure>\n<p style=\"text-align: justify;\">Dans la litt\u00e9rature la plus r\u00e9cente (Julio Vives Chillida, 2008), l\u2019\u0153uvre a \u00e9t\u00e9 interpr\u00e9t\u00e9e comme une repr\u00e9sentation symbolique du moment o\u00f9\u00a0<a title=\"Apollon\" href=\"https:\/\/fr.wikipedia.org\/wiki\/Apollon\">Apollon<\/a>\u00a0embrasse la nymphe\u00a0<a title=\"Daphn\u00e9 (nymphe)\" href=\"https:\/\/fr.wikipedia.org\/wiki\/Daphn%C3%A9_(nymphe)\">Daphn\u00e9<\/a>, qui se m\u00e9tamorphose en un laurier pour \u00e9chapper au dieu, selon\u00a0<a title=\"Ovide\" href=\"https:\/\/fr.wikipedia.org\/wiki\/Ovide\">Ovide<\/a>\u00a0(Livre I des\u00a0<i><a title=\"M\u00e9tamorphoses (Ovide)\" href=\"https:\/\/fr.wikipedia.org\/wiki\/M%C3%A9tamorphoses_(Ovide)\">M\u00e9tamorphoses<\/a><\/i>). Cette approche doit \u00eatre compl\u00e9t\u00e9e par celle de la frise de Klimt dans la salle \u00e0 manger du\u00a0<a title=\"Palais Stoclet\" href=\"https:\/\/fr.wikipedia.org\/wiki\/Palais_Stoclet\">Palais Stoclet<\/a>\u00a0\u00e0\u00a0<a title=\"Bruxelles\" href=\"https:\/\/fr.wikipedia.org\/wiki\/Bruxelles\">Bruxelles<\/a>, dans laquelle la m\u00e9tamorphose est consomm\u00e9e et donne naissance \u00e0 un nouveau laurier. C\u2019est une perspective, soutenue par la litt\u00e9rature, qui donne sens \u00e0 cette \u0153uvre de Klimt dans un contexte iconographique, et pas seulement m\u00e9taphorique, de l\u2019histoire de l\u2019art<sup id=\"cite_ref-3\" class=\"reference\"><a href=\"https:\/\/fr.wikipedia.org\/wiki\/Le_Baiser_(Klimt)#cite_note-3\">3<\/a><\/sup>.<\/p>\n<p style=\"text-align: justify;\">La pr\u00e9sence des motifs dor\u00e9s est r\u00e9currente dans l&rsquo;\u0153uvre de Gustave Klimt. Ce dernier \u00e9tait le fils d&rsquo;un orf\u00e8vre et il connaissait bien les\u00a0<a title=\"Arts appliqu\u00e9s\" href=\"https:\/\/fr.wikipedia.org\/wiki\/Arts_appliqu%C3%A9s\">arts appliqu\u00e9s<\/a><sup id=\"cite_ref-:0_2-8\" class=\"reference\"><a href=\"https:\/\/fr.wikipedia.org\/wiki\/Le_Baiser_(Klimt)#cite_note-:0-2\">2<\/a><\/sup>. Dans\u00a0<i>Le Baiser<\/i>, il utilise des feuilles d&rsquo;or pour les v\u00eatements et de la poudre d&rsquo;or pour le fond<sup id=\"cite_ref-:0_2-9\" class=\"reference\"><a href=\"https:\/\/fr.wikipedia.org\/wiki\/Le_Baiser_(Klimt)#cite_note-:0-2\">2<\/a><\/sup>. Gustave Klimt manifestait \u00e9galement beaucoup d&rsquo;int\u00e9r\u00eat pour la\u00a0<a title=\"Mosa\u00efque\" href=\"https:\/\/fr.wikipedia.org\/wiki\/Mosa%C3%AFque\">mosa\u00efque<\/a>\u00a0qu&rsquo;il a \u00e9tudi\u00e9e \u00e0 Vienne et qu&rsquo;il a admir\u00e9e \u00e0\u00a0<a title=\"Ravenne\" href=\"https:\/\/fr.wikipedia.org\/wiki\/Ravenne\">Ravenne<\/a>\u00a0lors d&rsquo;un voyage en Italie en 1903<sup id=\"cite_ref-:0_2-10\" class=\"reference\"><a href=\"https:\/\/fr.wikipedia.org\/wiki\/Le_Baiser_(Klimt)#cite_note-:0-2\">2<\/a><\/sup>. Les costumes des deux amants font clairement allusion aux\u00a0<a title=\"Mosa\u00efque byzantine\" href=\"https:\/\/fr.wikipedia.org\/wiki\/Mosa%C3%AFque_byzantine\">mosa\u00efques byzantines<\/a>.<\/p>\n<div class=\"mw-heading mw-heading2\" style=\"text-align: justify;\">\n<h2 id=\"Historique\">Historique<\/h2>\n<\/div>\n<figure class=\"mw-default-size\" style=\"text-align: justify;\"><a class=\"mw-file-description\" href=\"https:\/\/commons.wikimedia.org\/wiki\/File:Klimt_-_Werkvorlage_zum_Stocletfries_-_Umarmung.jpg?uselang=fr\"><img loading=\"lazy\" decoding=\"async\" class=\"mw-file-element\" src=\"https:\/\/upload.wikimedia.org\/wikipedia\/commons\/thumb\/a\/a2\/Klimt_-_Werkvorlage_zum_Stocletfries_-_Umarmung.jpg\/220px-Klimt_-_Werkvorlage_zum_Stocletfries_-_Umarmung.jpg\" srcset=\"\/\/upload.wikimedia.org\/wikipedia\/commons\/thumb\/a\/a2\/Klimt_-_Werkvorlage_zum_Stocletfries_-_Umarmung.jpg\/330px-Klimt_-_Werkvorlage_zum_Stocletfries_-_Umarmung.jpg 1.5x, \/\/upload.wikimedia.org\/wikipedia\/commons\/thumb\/a\/a2\/Klimt_-_Werkvorlage_zum_Stocletfries_-_Umarmung.jpg\/440px-Klimt_-_Werkvorlage_zum_Stocletfries_-_Umarmung.jpg 2x\" width=\"220\" height=\"145\" data-file-width=\"1120\" data-file-height=\"736\" \/><\/a><figcaption>Gustave Klimt, Fresque du Palais Stoclet, Bruxelles, d\u00e9but du XX\u00e8 si\u00e8cle<\/figcaption><\/figure>\n<p style=\"text-align: justify;\"><i>Le Baiser<\/i>\u00a0est le fruit d&rsquo;une gen\u00e8se artistique qui dura plusieurs ann\u00e9es. En 1902, Gustave Klimt ins\u00e9ra un couple nu dans sa\u00a0<i>Frise Beethoven<\/i>\u00a0pour d\u00e9corer la partie intitul\u00e9e \u00ab\u00a0Un baiser pour le monde entier\u00a0\u00bb<sup id=\"cite_ref-:0_2-11\" class=\"reference\"><a href=\"https:\/\/fr.wikipedia.org\/wiki\/Le_Baiser_(Klimt)#cite_note-:0-2\">2<\/a><\/sup>. En 1904, le peintre a introduit une sc\u00e8ne de baiser dans une\u00a0<a title=\"Frise Stoclet\" href=\"https:\/\/fr.wikipedia.org\/wiki\/Frise_Stoclet\">frise de la salle \u00e0 manger<\/a>\u00a0du\u00a0<a title=\"Palais Stoclet\" href=\"https:\/\/fr.wikipedia.org\/wiki\/Palais_Stoclet\">palais Stoclet<\/a><sup id=\"cite_ref-:0_2-12\" class=\"reference\"><a href=\"https:\/\/fr.wikipedia.org\/wiki\/Le_Baiser_(Klimt)#cite_note-:0-2\">2<\/a><\/sup><\/p>\n<p style=\"text-align: justify;\">Intitul\u00e9e initialement \u00ab\u00a0<i>Amants<\/i>\u00a0\u00bb (<i>Liebespaar<\/i>) et dans un \u00e9tat inachev\u00e9, la toile a \u00e9t\u00e9 pr\u00e9sent\u00e9e pour la premi\u00e8re fois \u00e0 la Foire d&rsquo;art (<a title=\"Kunstschau Wien 1908\" href=\"https:\/\/fr.wikipedia.org\/wiki\/Kunstschau_Wien_1908\"><i>Kunstschau<\/i><\/a>) de Vienne en 1908<sup id=\"cite_ref-:0_2-13\" class=\"reference\"><a href=\"https:\/\/fr.wikipedia.org\/wiki\/Le_Baiser_(Klimt)#cite_note-:0-2\">2<\/a><\/sup>\u00a0et a imm\u00e9diatement attir\u00e9 une grande attention et ravi les visiteurs. Gustav Klimt \u00e9tait l&rsquo;un des organisateurs de l&rsquo;exposition, qui a r\u00e9serv\u00e9 la salle n\u00b0 22 \u00e0 ses \u0153uvres. Le comit\u00e9 du minist\u00e8re de la Culture et de l&rsquo;\u00c9ducation du Reich a d\u00e9cid\u00e9 \u00e0 l&rsquo;unanimit\u00e9 d&rsquo;acqu\u00e9rir cette toile de Klimt pour la galerie contemporaine nouvellement cr\u00e9\u00e9e au Bas-Belv\u00e9d\u00e8re, aujourd&rsquo;hui la\u00a0<a title=\"\u00d6sterreichische Galerie Belvedere\" href=\"https:\/\/fr.wikipedia.org\/wiki\/%C3%96sterreichische_Galerie_Belvedere\">Galerie du Belv\u00e9d\u00e8re<\/a><sup id=\"cite_ref-:0_2-14\" class=\"reference\"><a href=\"https:\/\/fr.wikipedia.org\/wiki\/Le_Baiser_(Klimt)#cite_note-:0-2\">2<\/a><\/sup>.<\/p>\n<p style=\"text-align: justify;\">La commission artistique de la section allemande de la Galerie moderne du Royaume de Boh\u00eame, qui s&rsquo;est r\u00e9unie le 29 juin 1908, avait \u00e9galement l&rsquo;intention d&rsquo;acheter Le Baiser pour la Galerie nationale de Prague. Il a fallu \u00e0 Klimt un an pour achever le tableau\u00a0: Le Baiser a \u00e9t\u00e9 re\u00e7u par la galerie le 22 juin 1909. Klimt a redessin\u00e9 la pelouse fleurie en bas \u00e0 gauche de la toile et l&rsquo;ornementation des robes, et a \u00e9galement \u00e9limin\u00e9 l&rsquo;erreur anatomique consistant \u00e0 allonger les tibias de la femme agenouill\u00e9e.<\/p>\n<p style=\"text-align: justify;\">Le tableau appartient \u00e0 la p\u00e9riode de travail de Klimt appel\u00e9e \u00ab\u00a0or\u00a0\u00bb dont il constitue l&rsquo;apog\u00e9e<sup id=\"cite_ref-:0_2-15\" class=\"reference\"><a href=\"https:\/\/fr.wikipedia.org\/wiki\/Le_Baiser_(Klimt)#cite_note-:0-2\">2<\/a><\/sup>\u00a0: \u00e0 cette \u00e9poque, l&rsquo;artiste travaillait beaucoup avec la couleur or et utilisait de v\u00e9ritables feuilles d&rsquo;or dans ses tableaux. La popularit\u00e9 des peintures de cette p\u00e9riode, ainsi que du \u00ab\u00a0Baiser\u00a0\u00bb, est due notamment \u00e0 leur effet d\u00e9coratif prononc\u00e9, d\u00fb entre autres \u00e0 l&rsquo;utilisation g\u00e9n\u00e9ralis\u00e9e de ce mat\u00e9riau. Le tableau a \u00e9t\u00e9 r\u00e9alis\u00e9 \u00e0 un moment critique de la carri\u00e8re de Klimt, qui venait de quitter la\u00a0<a title=\"S\u00e9cession viennoise\" href=\"https:\/\/fr.wikipedia.org\/wiki\/S%C3%A9cession_viennoise\">S\u00e9cession viennoise<\/a><sup id=\"cite_ref-:0_2-16\" class=\"reference\"><a href=\"https:\/\/fr.wikipedia.org\/wiki\/Le_Baiser_(Klimt)#cite_note-:0-2\">2<\/a><\/sup>.<\/p>\n<div class=\"mw-heading mw-heading2\" style=\"text-align: justify;\">\n<h2 id=\"R\u00e9f\u00e9rences\"><span id=\"R.C3.A9f.C3.A9rences\"><\/span>R\u00e9f\u00e9rences<\/h2>\n<\/div>\n<div class=\"references-small decimal\" style=\"text-align: justify;\">\n<div class=\"mw-references-wrap\">\n<ol class=\"references\">\n<li id=\"cite_note-N\u00e9ret-1\"><span class=\"mw-cite-backlink noprint\"><a title=\"Revenir plus haut\" href=\"https:\/\/fr.wikipedia.org\/wiki\/Le_Baiser_(Klimt)#cite_ref-N%C3%A9ret_1-0\" aria-label=\"Revenir plus haut\">\u2191<\/a>\u00a0<\/span><span class=\"reference-text\"><a title=\"Gilles N\u00e9ret\" href=\"https:\/\/fr.wikipedia.org\/wiki\/Gilles_N%C3%A9ret\">Gilles N\u00e9ret<\/a>,\u00a0<i>Gustav Klimt 1862-1918. Le monde comme une forme f\u00e9minine<\/i>, Cologne, \u00e9ditions Taschen, 2011,\u00a0<span class=\"nowrap\">96\u00a0<abbr class=\"abbr\" title=\"pages\">p.<\/abbr><\/span>\u00a0<small>(<a title=\"International Standard Book Number\" href=\"https:\/\/fr.wikipedia.org\/wiki\/International_Standard_Book_Number\">ISBN<\/a>\u00a0<a title=\"Sp\u00e9cial:Ouvrages de r\u00e9f\u00e9rence\/978-3836531450\" href=\"https:\/\/fr.wikipedia.org\/wiki\/Sp%C3%A9cial:Ouvrages_de_r%C3%A9f%C3%A9rence\/978-3836531450\"><span class=\"nowrap\">978-3836531450<\/span><\/a>)<\/small>.<\/span><\/li>\n<li id=\"cite_note-:0-2\"><span class=\"mw-cite-backlink noprint\">\u2191\u00a0<sup><a href=\"https:\/\/fr.wikipedia.org\/wiki\/Le_Baiser_(Klimt)#cite_ref-:0_2-0\"><span class=\"cite-accessibility-label\">Revenir plus haut en\u202f:<\/span>a<\/a>\u00a0<a href=\"https:\/\/fr.wikipedia.org\/wiki\/Le_Baiser_(Klimt)#cite_ref-:0_2-1\">b<\/a>\u00a0<a href=\"https:\/\/fr.wikipedia.org\/wiki\/Le_Baiser_(Klimt)#cite_ref-:0_2-2\">c<\/a>\u00a0<a href=\"https:\/\/fr.wikipedia.org\/wiki\/Le_Baiser_(Klimt)#cite_ref-:0_2-3\">d<\/a>\u00a0<a href=\"https:\/\/fr.wikipedia.org\/wiki\/Le_Baiser_(Klimt)#cite_ref-:0_2-4\">e<\/a>\u00a0<a href=\"https:\/\/fr.wikipedia.org\/wiki\/Le_Baiser_(Klimt)#cite_ref-:0_2-5\">f<\/a>\u00a0<a href=\"https:\/\/fr.wikipedia.org\/wiki\/Le_Baiser_(Klimt)#cite_ref-:0_2-6\">g<\/a>\u00a0<a href=\"https:\/\/fr.wikipedia.org\/wiki\/Le_Baiser_(Klimt)#cite_ref-:0_2-7\">h<\/a>\u00a0<a href=\"https:\/\/fr.wikipedia.org\/wiki\/Le_Baiser_(Klimt)#cite_ref-:0_2-8\">i<\/a>\u00a0<a href=\"https:\/\/fr.wikipedia.org\/wiki\/Le_Baiser_(Klimt)#cite_ref-:0_2-9\">j<\/a>\u00a0<a href=\"https:\/\/fr.wikipedia.org\/wiki\/Le_Baiser_(Klimt)#cite_ref-:0_2-10\">k<\/a>\u00a0<a href=\"https:\/\/fr.wikipedia.org\/wiki\/Le_Baiser_(Klimt)#cite_ref-:0_2-11\">l<\/a>\u00a0<a href=\"https:\/\/fr.wikipedia.org\/wiki\/Le_Baiser_(Klimt)#cite_ref-:0_2-12\">m<\/a>\u00a0<a href=\"https:\/\/fr.wikipedia.org\/wiki\/Le_Baiser_(Klimt)#cite_ref-:0_2-13\">n<\/a>\u00a0<a href=\"https:\/\/fr.wikipedia.org\/wiki\/Le_Baiser_(Klimt)#cite_ref-:0_2-14\">o<\/a>\u00a0<a href=\"https:\/\/fr.wikipedia.org\/wiki\/Le_Baiser_(Klimt)#cite_ref-:0_2-15\">p<\/a>\u00a0et\u00a0<a href=\"https:\/\/fr.wikipedia.org\/wiki\/Le_Baiser_(Klimt)#cite_ref-:0_2-16\">q<\/a><\/sup>\u00a0<\/span><span class=\"reference-text\"><span id=\"Collectif2020\" class=\"ouvrage\">Collectif,\u00a0<cite class=\"italique\">Tout sur l&rsquo;art<\/cite>, Paris, Flammarion,\u00a0<time>2020<\/time>, 576\u00a0<abbr class=\"abbr\" title=\"pages\">p.<\/abbr>\u00a0<small>(<a title=\"International Standard Book Number\" href=\"https:\/\/fr.wikipedia.org\/wiki\/International_Standard_Book_Number\">ISBN<\/a>\u00a0<a title=\"Sp\u00e9cial:Ouvrages de r\u00e9f\u00e9rence\/9782080206404\" href=\"https:\/\/fr.wikipedia.org\/wiki\/Sp%C3%A9cial:Ouvrages_de_r%C3%A9f%C3%A9rence\/9782080206404\"><span class=\"nowrap\">9782080206404<\/span><\/a>)<\/small>,\u00a0<abbr class=\"abbr\" title=\"pages\">p.<\/abbr>\u00a0352-353<\/span><\/span><\/li>\n<li id=\"cite_note-3\"><span class=\"mw-cite-backlink noprint\"><a title=\"Revenir plus haut\" href=\"https:\/\/fr.wikipedia.org\/wiki\/Le_Baiser_(Klimt)#cite_ref-3\" aria-label=\"Revenir plus haut\">\u2191<\/a>\u00a0<\/span><span class=\"reference-text\"><span class=\"ouvrage\">\u00ab\u00a0<a class=\"external text\" href=\"http:\/\/docplayer.es\/27818629-El-significado-iconografico-de-el-beso-los-enamorados-de-gustav-klimt.html\" rel=\"nofollow\"><cite>EL SIGNIFICADO ICONOGR\u00c1FICO DE EL BESO (LOS ENAMORADOS), DE GUSTAV KLIMT. &#8211; PDF<\/cite><\/a><small class=\"cachelinks\">\u00a0[<a title=\"archive sur Wikiwix\" href=\"https:\/\/archive.wikiwix.com\/cache\/?url=http%3A%2F%2Fdocplayer.es%2F27818629-El-significado-iconografico-de-el-beso-los-enamorados-de-gustav-klimt.html\">archive<\/a>]<\/small>\u00a0\u00bb, sur\u00a0<span class=\"italique\">docplayer.es<\/span>\u00a0<small>(consult\u00e9 le\u00a0<time class=\"nowrap\" datetime=\"2018-10-23\" data-sort-value=\"2018-10-23\">23 octobre 2018<\/time>)<\/small><\/span><\/span><\/li>\n<\/ol>\n<\/div>\n<\/div>\n<div class=\"mw-heading mw-heading2\" style=\"text-align: justify;\">\n<h2 id=\"Voir_aussi\">Voir aussi<\/h2>\n<\/div>\n<ul>\n<li style=\"text-align: justify;\"><i><a title=\"L'\u00c9treinte (couple d'amoureux II)\" href=\"https:\/\/fr.wikipedia.org\/wiki\/L%27%C3%89treinte_(couple_d%27amoureux_II)\">L&rsquo;\u00c9treinte (couple d&rsquo;amoureux II)<\/a><\/i>, tableau d&rsquo;<a title=\"Egon Schiele\" href=\"https:\/\/fr.wikipedia.org\/wiki\/Egon_Schiele\">Egon Schiele<\/a><\/li>\n<li style=\"text-align: justify;\">Vives Chillida, Julio (2008).\u00a0<i>El beso (los enamorados) de Gustav Klimt. Un ensayo de iconograf\u00eda<\/i>. Lulu.\u00a0<small>(<a title=\"International Standard Book Number\" href=\"https:\/\/fr.wikipedia.org\/wiki\/International_Standard_Book_Number\">ISBN<\/a>\u00a0<a title=\"Sp\u00e9cial:Ouvrages de r\u00e9f\u00e9rence\/978-1-4092-0530-2\" href=\"https:\/\/fr.wikipedia.org\/wiki\/Sp%C3%A9cial:Ouvrages_de_r%C3%A9f%C3%A9rence\/978-1-4092-0530-2\"><span class=\"nowrap\">978-1-4092-0530-2<\/span><\/a>)<\/small><\/li>\n<li style=\"text-align: justify;\">Julio Vives Chillida, \u00ab\u00a0El significado iconogr\u00e1fico de El beso (los enamorados), de Gustav Klimt\u00a0\u00bb, comunicaci\u00f3n al primer Coup de Fouet International Art nouveau Congress, Barcelona, junio de 2013.<\/li>\n<\/ul>\n","protected":false},"excerpt":{"rendered":"<p>Le Baiser\u00a0 Le Baiser\u00a0est un\u00a0tableau\u00a0du\u00a0peintre\u00a0autrichien\u00a0Gustav Klimt, r\u00e9alis\u00e9 de\u00a01908\u00a0\u00e0\u00a01909. Cette\u00a0peinture \u00e0 l&rsquo;huile\u00a0sur\u00a0toile\u00a0recouverte de\u00a0feuilles d&rsquo;or\u00a0est conserv\u00e9e au\u00a0palais du Belv\u00e9d\u00e8re\u00a0\u00e0\u00a0Vienne. L&rsquo;\u0153uvre fait partie du\u00a0Cycle d&rsquo;or\u00a0de Klimt et elle est s\u00fbrement la plus c\u00e9l\u00e8bre du peintre autrichien. L&rsquo;auteur lui-m\u00eame et sa compagne,\u00a0Emilie Fl\u00f6ge, en sont probablement les mod\u00e8les1. Description Le tableau est au format carr\u00e9 dont les deux personnages [&hellip;]<\/p>\n","protected":false},"author":1,"featured_media":13928,"parent":0,"menu_order":0,"comment_status":"closed","ping_status":"closed","template":"","meta":{"footnotes":""},"class_list":["post-13863","page","type-page","status-publish","has-post-thumbnail","hentry"],"_links":{"self":[{"href":"https:\/\/oraziopuglisi.art\/index.php\/wp-json\/wp\/v2\/pages\/13863","targetHints":{"allow":["GET"]}}],"collection":[{"href":"https:\/\/oraziopuglisi.art\/index.php\/wp-json\/wp\/v2\/pages"}],"about":[{"href":"https:\/\/oraziopuglisi.art\/index.php\/wp-json\/wp\/v2\/types\/page"}],"author":[{"embeddable":true,"href":"https:\/\/oraziopuglisi.art\/index.php\/wp-json\/wp\/v2\/users\/1"}],"replies":[{"embeddable":true,"href":"https:\/\/oraziopuglisi.art\/index.php\/wp-json\/wp\/v2\/comments?post=13863"}],"version-history":[{"count":5,"href":"https:\/\/oraziopuglisi.art\/index.php\/wp-json\/wp\/v2\/pages\/13863\/revisions"}],"predecessor-version":[{"id":13930,"href":"https:\/\/oraziopuglisi.art\/index.php\/wp-json\/wp\/v2\/pages\/13863\/revisions\/13930"}],"wp:featuredmedia":[{"embeddable":true,"href":"https:\/\/oraziopuglisi.art\/index.php\/wp-json\/wp\/v2\/media\/13928"}],"wp:attachment":[{"href":"https:\/\/oraziopuglisi.art\/index.php\/wp-json\/wp\/v2\/media?parent=13863"}],"curies":[{"name":"wp","href":"https:\/\/api.w.org\/{rel}","templated":true}]}}