{"id":13714,"date":"2024-09-23T08:41:53","date_gmt":"2024-09-23T06:41:53","guid":{"rendered":"https:\/\/oraziopuglisi.art\/?page_id=13714"},"modified":"2024-09-23T08:54:57","modified_gmt":"2024-09-23T06:54:57","slug":"lecole-dathenes","status":"publish","type":"page","link":"https:\/\/oraziopuglisi.art\/index.php\/lecole-dathenes\/","title":{"rendered":"L&rsquo;Ecole d&rsquo;Ath\u00e8nes"},"content":{"rendered":"<p>Image mise en avant :<\/p>\n<p style=\"text-align: justify;\"><span style=\"font-size: 8px;\"><i><b>L&rsquo;\u00c9cole d&rsquo;Ath\u00e8nes<\/b><\/i>\u00a0est une\u00a0<a title=\"Fresque\" href=\"https:\/\/fr.wikipedia.org\/wiki\/Fresque\">fresque<\/a>\u00a0(4,40\u00a0\u00d7\u00a07,70\u00a0<abbr class=\"abbr\" title=\"m\u00e8tre\">m<\/abbr>) du\u00a0<a title=\"Liste de peintres italiens\" href=\"https:\/\/fr.wikipedia.org\/wiki\/Liste_de_peintres_italiens\">peintre italien<\/a>\u00a0<a title=\"Rapha\u00ebl (peintre)\" href=\"https:\/\/fr.wikipedia.org\/wiki\/Rapha%C3%ABl_(peintre)\">Rapha\u00ebl<\/a>, situ\u00e9e dans\u00a0<i>la Chambre de la Signature<\/i>\u00a0des\u00a0<a title=\"Mus\u00e9es du Vatican\" href=\"https:\/\/fr.wikipedia.org\/wiki\/Mus%C3%A9es_du_Vatican\">mus\u00e9es du Vatican<\/a>, l&rsquo;une des quatre\u00a0<a title=\"Chambres de Rapha\u00ebl\" href=\"https:\/\/fr.wikipedia.org\/wiki\/Chambres_de_Rapha%C3%ABl\">Chambres de Rapha\u00ebl<\/a>\u00a0(les\u00a0<i>Stanze<\/i>) situ\u00e9es \u00e0 l&rsquo;int\u00e9rieur du\u00a0<a title=\"Palais du Vatican\" href=\"https:\/\/fr.wikipedia.org\/wiki\/Palais_du_Vatican\">palais apostolique<\/a>. C&rsquo;est l&rsquo;une des \u0153uvres picturales les plus importantes de la Cit\u00e9 du\u00a0<a title=\"Vatican\" href=\"https:\/\/fr.wikipedia.org\/wiki\/Vatican\">Vatican<\/a>. Cette fresque symbolique pr\u00e9sente les figures majeures de la pens\u00e9e antique.\u00a0<\/span><span style=\"font-size: 8px;\">C&rsquo;est l&rsquo;\u0153uvre la plus c\u00e9l\u00e8bre du peintre d&rsquo;<a title=\"Urbino\" href=\"https:\/\/fr.wikipedia.org\/wiki\/Urbino\">Urbino<\/a>\u00a0et la plus importante des mus\u00e9es du Vatican apr\u00e8s la\u00a0<a title=\"Plafond de la chapelle Sixtine\" href=\"https:\/\/fr.wikipedia.org\/wiki\/Plafond_de_la_chapelle_Sixtine\">vo\u00fbte de la chapelle Sixtine<\/a>\u00a0et\u00a0<i><a title=\"Le Jugement dernier (Michel-Ange)\" href=\"https:\/\/fr.wikipedia.org\/wiki\/Le_Jugement_dernier_(Michel-Ange)\">Le Jugement dernier<\/a><\/i>\u00a0de\u00a0<a title=\"Michel-Ange\" href=\"https:\/\/fr.wikipedia.org\/wiki\/Michel-Ange\">Michel-Ange<\/a>.<\/span><\/p>\n<p style=\"text-align: center;\"><a href=\"https:\/\/fr.wikipedia.org\/wiki\/Rapha%C3%ABl_(peintre)\">Raphael<\/a><\/p>\n<p>&nbsp;<\/p>\n<p style=\"text-align: center;\"><a href=\"https:\/\/fr.wikipedia.org\/wiki\/L%27%C3%89cole_d%27Ath%C3%A8nes\">L&rsquo;\u00e9cole d&rsquo;Ath\u00e8nes<\/a><\/p>\n<p style=\"text-align: justify;\"><i><b>L&rsquo;\u00c9cole d&rsquo;Ath\u00e8nes<\/b><\/i>\u00a0est une\u00a0<a title=\"Fresque\" href=\"https:\/\/fr.wikipedia.org\/wiki\/Fresque\">fresque<\/a>\u00a0(4,40\u00a0\u00d7\u00a07,70\u00a0<abbr class=\"abbr\" title=\"m\u00e8tre\">m<\/abbr>) du\u00a0<a title=\"Liste de peintres italiens\" href=\"https:\/\/fr.wikipedia.org\/wiki\/Liste_de_peintres_italiens\">peintre italien<\/a>\u00a0<a title=\"Rapha\u00ebl (peintre)\" href=\"https:\/\/fr.wikipedia.org\/wiki\/Rapha%C3%ABl_(peintre)\">Rapha\u00ebl<\/a>, situ\u00e9e dans\u00a0<i>la Chambre de la Signature<\/i>\u00a0des\u00a0<a title=\"Mus\u00e9es du Vatican\" href=\"https:\/\/fr.wikipedia.org\/wiki\/Mus%C3%A9es_du_Vatican\">mus\u00e9es du Vatican<\/a>, l&rsquo;une des quatre\u00a0<a title=\"Chambres de Rapha\u00ebl\" href=\"https:\/\/fr.wikipedia.org\/wiki\/Chambres_de_Rapha%C3%ABl\">Chambres de Rapha\u00ebl<\/a>\u00a0(les\u00a0<i>Stanze<\/i>) situ\u00e9es \u00e0 l&rsquo;int\u00e9rieur du\u00a0<a title=\"Palais du Vatican\" href=\"https:\/\/fr.wikipedia.org\/wiki\/Palais_du_Vatican\">palais apostolique<\/a>. C&rsquo;est l&rsquo;une des \u0153uvres picturales les plus importantes de la Cit\u00e9 du\u00a0<a title=\"Vatican\" href=\"https:\/\/fr.wikipedia.org\/wiki\/Vatican\">Vatican<\/a>. Cette fresque symbolique pr\u00e9sente les figures majeures de la pens\u00e9e antique.<\/p>\n<p>C&rsquo;est l&rsquo;\u0153uvre la plus c\u00e9l\u00e8bre du peintre d&rsquo;<a title=\"Urbino\" href=\"https:\/\/fr.wikipedia.org\/wiki\/Urbino\">Urbino<\/a>\u00a0et la plus importante des mus\u00e9es du Vatican apr\u00e8s la\u00a0<a title=\"Plafond de la chapelle Sixtine\" href=\"https:\/\/fr.wikipedia.org\/wiki\/Plafond_de_la_chapelle_Sixtine\">vo\u00fbte de la chapelle Sixtine<\/a>\u00a0et\u00a0<i><a title=\"Le Jugement dernier (Michel-Ange)\" href=\"https:\/\/fr.wikipedia.org\/wiki\/Le_Jugement_dernier_(Michel-Ange)\">Le Jugement dernier<\/a><\/i>\u00a0de\u00a0<a title=\"Michel-Ange\" href=\"https:\/\/fr.wikipedia.org\/wiki\/Michel-Ange\">Michel-Ange<\/a>.<\/p>\n<div class=\"mw-heading mw-heading2\">\n<h2 id=\"Histoire\">Histoire<\/h2>\n<\/div>\n<figure class=\"mw-default-size\"><a class=\"mw-file-description\" href=\"https:\/\/fr.wikipedia.org\/wiki\/Fichier:Vaticano_2011_(88).JPG\"><img loading=\"lazy\" decoding=\"async\" class=\"mw-file-element\" src=\"https:\/\/upload.wikimedia.org\/wikipedia\/commons\/thumb\/6\/69\/Vaticano_2011_%2888%29.JPG\/220px-Vaticano_2011_%2888%29.JPG\" srcset=\"\/\/upload.wikimedia.org\/wikipedia\/commons\/thumb\/6\/69\/Vaticano_2011_%2888%29.JPG\/330px-Vaticano_2011_%2888%29.JPG 1.5x, \/\/upload.wikimedia.org\/wikipedia\/commons\/thumb\/6\/69\/Vaticano_2011_%2888%29.JPG\/440px-Vaticano_2011_%2888%29.JPG 2x\" width=\"220\" height=\"147\" data-file-width=\"5184\" data-file-height=\"3456\" \/><\/a><figcaption>D\u00e9tail.<\/figcaption><\/figure>\n<p style=\"text-align: justify;\">Apr\u00e8s sa prise de fonction, le\u00a0<a title=\"Jules II\" href=\"https:\/\/fr.wikipedia.org\/wiki\/Jules_II\">pape Jules II<\/a>\u00a0exprime rapidement le d\u00e9sir de ne pas utiliser les\u00a0<a title=\"Appartements Borgia\" href=\"https:\/\/fr.wikipedia.org\/wiki\/Appartements_Borgia\">appartements<\/a>\u00a0de son pr\u00e9d\u00e9cesseur,\u00a0<a title=\"Alexandre VI\" href=\"https:\/\/fr.wikipedia.org\/wiki\/Alexandre_VI\">Alexandre VI<\/a>, choisissant d&rsquo;utiliser d&rsquo;autres chambres \u00e0 l&rsquo;\u00e9tage construites \u00e0 l&rsquo;\u00e9poque de\u00a0<a title=\"Nicolas V\" href=\"https:\/\/fr.wikipedia.org\/wiki\/Nicolas_V\">Nicolas V<\/a>\u00a0et\u00a0<a title=\"Pie II\" href=\"https:\/\/fr.wikipedia.org\/wiki\/Pie_II\">Pie II<\/a>\u00a0au milieu du\u00a0<abbr class=\"abbr\" title=\"15\u1d49 si\u00e8cle\"><span class=\"romain\">XV<\/span><sup>e<\/sup><\/abbr>\u00a0si\u00e8cle et qui \u00e9taient d\u00e9cor\u00e9es par des artistes du centre de l&rsquo;Italie, dont\u00a0<a title=\"Piero della Francesca\" href=\"https:\/\/fr.wikipedia.org\/wiki\/Piero_della_Francesca\">Piero della Francesca<\/a>.<\/p>\n<p style=\"text-align: justify;\">Jules II veut les red\u00e9corer et fait travailler un groupe h\u00e9t\u00e9rog\u00e8ne d&rsquo;artistes auxquels Rapha\u00ebl se joint dans les derniers mois de 1508. Frapp\u00e9 par les premiers essais du peintre d&rsquo;Urbino, le pape d\u00e9cide de lui confier toute la d\u00e9coration des appartements, d\u00e9truisant tout ce qu&rsquo;il avait fait auparavant.\u00a0<a title=\"Giorgio Vasari\" href=\"https:\/\/fr.wikipedia.org\/wiki\/Giorgio_Vasari\">Vasari<\/a>\u00a0rapporte que Rapha\u00ebl \u00e9tait d\u00e9sol\u00e9 d&rsquo;avoir \u00e0 d\u00e9truire les pi\u00e8ces peintes par Piero della Francesca, dont le sujet ne nous est pas parvenu.<\/p>\n<p style=\"text-align: justify;\">La Chambre de la Signature, entre la future Chambre d&rsquo;H\u00e9liodore et celle de l&rsquo;Incendie de Borgo, est la premi\u00e8re \u00e0 \u00eatre d\u00e9cor\u00e9e, avec un th\u00e8me li\u00e9 \u00e0 l&rsquo;organisation id\u00e9ale de la culture humaniste, divis\u00e9e en\u00a0<a title=\"Th\u00e9ologie\" href=\"https:\/\/fr.wikipedia.org\/wiki\/Th%C3%A9ologie\">th\u00e9ologie<\/a>,\u00a0<a title=\"Philosophie\" href=\"https:\/\/fr.wikipedia.org\/wiki\/Philosophie\">philosophie<\/a>,\u00a0<a title=\"Po\u00e9sie\" href=\"https:\/\/fr.wikipedia.org\/wiki\/Po%C3%A9sie\">po\u00e9sie<\/a>\u00a0et\u00a0<a title=\"Th\u00e9orie du droit\" href=\"https:\/\/fr.wikipedia.org\/wiki\/Th%C3%A9orie_du_droit\">th\u00e9orie du droit<\/a>, \u00e0 chacune desquelles un mur est d\u00e9di\u00e9. Cet agencement sugg\u00e8re que la salle est \u00e0 l&rsquo;origine con\u00e7ue comme une biblioth\u00e8que et le\u00a0<a title=\"Studiolo italien\" href=\"https:\/\/fr.wikipedia.org\/wiki\/Studiolo_italien\"><i>studiolo<\/i><\/a>\u00a0du pontife, m\u00eame si ce fait n&rsquo;est pas document\u00e9. Apr\u00e8s son ach\u00e8vement, la plus haute\u00a0<a title=\"Tribunal\" href=\"https:\/\/fr.wikipedia.org\/wiki\/Tribunal\">cour<\/a>\u00a0du\u00a0<a title=\"Saint-Si\u00e8ge\" href=\"https:\/\/fr.wikipedia.org\/wiki\/Saint-Si%C3%A8ge\">Saint-Si\u00e8ge<\/a>\u00a0pr\u00e9sid\u00e9e par le pontife, le\u00a0<a title=\"Tribunal supr\u00eame de la Signature apostolique\" href=\"https:\/\/fr.wikipedia.org\/wiki\/Tribunal_supr%C3%AAme_de_la_Signature_apostolique\">Tribunal supr\u00eame de la Signature apostolique<\/a>, qui lui a donn\u00e9 son nom, s&rsquo;y est install\u00e9e. Cette\u00a0<i>stanza<\/i>\u00a0(chambre) est l&rsquo;endroit o\u00f9 le pape vient signer ses brefs (d\u00e9crets, indults) et ses bulles apostoliques.<\/p>\n<figure class=\"mw-default-size\"><a class=\"mw-file-description\" href=\"https:\/\/fr.wikipedia.org\/wiki\/Fichier:The_School_of_Athens_Detail.jpg\"><img loading=\"lazy\" decoding=\"async\" class=\"mw-file-element\" src=\"https:\/\/upload.wikimedia.org\/wikipedia\/commons\/thumb\/f\/f4\/The_School_of_Athens_Detail.jpg\/220px-The_School_of_Athens_Detail.jpg\" srcset=\"\/\/upload.wikimedia.org\/wikipedia\/commons\/thumb\/f\/f4\/The_School_of_Athens_Detail.jpg\/330px-The_School_of_Athens_Detail.jpg 1.5x, \/\/upload.wikimedia.org\/wikipedia\/commons\/thumb\/f\/f4\/The_School_of_Athens_Detail.jpg\/440px-The_School_of_Athens_Detail.jpg 2x\" width=\"220\" height=\"147\" data-file-width=\"6720\" data-file-height=\"4480\" \/><\/a><figcaption>D\u00e9tail.<\/figcaption><\/figure>\n<p style=\"text-align: justify;\">La d\u00e9coration picturale commence par la vo\u00fbte, pour se poursuivre jusqu&rsquo;au mur est, o\u00f9 la\u00a0<i><a title=\"La Dispute du Saint-Sacrement\" href=\"https:\/\/fr.wikipedia.org\/wiki\/La_Dispute_du_Saint-Sacrement\">Disputation du Saint-Sacrement<\/a><\/i>\u00a0est repr\u00e9sent\u00e9e, puis celui de l&rsquo;ouest avec\u00a0<i>l&rsquo;\u00c9cole d&rsquo;Ath\u00e8nes<\/i>. Rapha\u00ebl et ses aides y travaillent de 1509 \u00e0 1510<sup id=\"cite_ref-D102_1-0\" class=\"reference\"><a href=\"https:\/\/fr.wikipedia.org\/wiki\/L%27%C3%89cole_d%27Ath%C3%A8nes#cite_note-D102-1\">1<\/a><\/sup>.<\/p>\n<p style=\"text-align: justify;\">Au niveau du choix de la d\u00e9coration, on ne sait pas ce qui est le fruit de l&rsquo;imagination et de la culture de l&rsquo;artiste et ce qui a \u00e9t\u00e9 dict\u00e9 par le pape et ses th\u00e9ologiens. Rapha\u00ebl a certainement \u00e9t\u00e9 aid\u00e9 pour d\u00e9finir le th\u00e8me, mais la renomm\u00e9e extraordinaire qui l&rsquo;entoure est \u00e9galement bien connue\u00a0: il est pleinement ins\u00e9r\u00e9 dans l&rsquo;environnement cultiv\u00e9 de la curie romaine, maintes fois exalt\u00e9 par les \u00e9crivains.<\/p>\n<p style=\"text-align: justify;\">La construction et la distribution de la chambre s&rsquo;inscrivent parfaitement dans la tradition des biblioth\u00e8ques de l&rsquo;\u00e9poque. La tradition veut que sur chaque mur de la pi\u00e8ce soient repr\u00e9sent\u00e9es les id\u00e9es platoniciennes. L&rsquo;ambition de Rapha\u00ebl est de composer une vaste synth\u00e8se sur d&rsquo;une part l&rsquo;id\u00e9ologie antique et profane, et d&rsquo;autre part la pens\u00e9e chr\u00e9tienne de la\u00a0<a title=\"Renaissance\" href=\"https:\/\/fr.wikipedia.org\/wiki\/Renaissance\">Renaissance<\/a>.\u00a0<i>L&rsquo;\u00c9cole d&rsquo;Ath\u00e8nes<\/i>, qui symbolise la\u00a0<a title=\"Philosophie\" href=\"https:\/\/fr.wikipedia.org\/wiki\/Philosophie\">philosophie<\/a>\u00a0et la recherche du\u00a0<a title=\"V\u00e9rit\u00e9\" href=\"https:\/\/fr.wikipedia.org\/wiki\/V%C3%A9rit%C3%A9\">Vrai<\/a>\u00a0est en opposition avec la fresque\u00a0<i>La Dispute du Saint-Sacrement<\/i>, elle aussi peinte par Rapha\u00ebl, et qui repr\u00e9sente la victoire de la\u00a0<a title=\"Th\u00e9ologie\" href=\"https:\/\/fr.wikipedia.org\/wiki\/Th%C3%A9ologie\">th\u00e9ologie<\/a>\u00a0sur la pens\u00e9e antique. Le troisi\u00e8me mur est consacr\u00e9 \u00e0 la\u00a0<a class=\"mw-redirect\" title=\"Justice\" href=\"https:\/\/fr.wikipedia.org\/wiki\/Justice\">Justice<\/a>\u00a0tandis que la derni\u00e8re paroi symbolise la\u00a0<a title=\"Po\u00e9sie\" href=\"https:\/\/fr.wikipedia.org\/wiki\/Po%C3%A9sie\">Po\u00e9sie<\/a>.<\/p>\n<p style=\"text-align: justify;\">Jules II se pense en effet investi des missions temporelles et spirituelles et veut ainsi c\u00e9l\u00e9brer l&rsquo;accord entre la\u00a0<a title=\"Foi\" href=\"https:\/\/fr.wikipedia.org\/wiki\/Foi\">Foi<\/a>\u00a0et la\u00a0<a title=\"Raison\" href=\"https:\/\/fr.wikipedia.org\/wiki\/Raison\">Raison<\/a>\u00a0:\u00a0<a title=\"Thomas d'Aquin\" href=\"https:\/\/fr.wikipedia.org\/wiki\/Thomas_d%27Aquin\">Thomas d&rsquo;Aquin<\/a>\u00a0avait d\u00e9j\u00e0 exprim\u00e9 dans sa\u00a0<i><a title=\"Somme th\u00e9ologique\" href=\"https:\/\/fr.wikipedia.org\/wiki\/Somme_th%C3%A9ologique\">Somme th\u00e9ologique<\/a><\/i>\u00a0que la V\u00e9rit\u00e9 \u00e9tant une, la raison ne pourrait selon lui que confirmer une juste foi, voire mieux \u00e9clairer celle-ci, quitte \u00e0 ce que cette derni\u00e8re parach\u00e8ve en fin de compte la premi\u00e8re. Cette\u00a0<a title=\"Dialectique\" href=\"https:\/\/fr.wikipedia.org\/wiki\/Dialectique\">dialectique<\/a>\u00a0thomasienne est tr\u00e8s pr\u00e9sente pendant la Renaissance\u00a0; c&rsquo;est d&rsquo;elle aussi que se r\u00e9clamera\u00a0<a class=\"mw-redirect\" title=\"Luther\" href=\"https:\/\/fr.wikipedia.org\/wiki\/Luther\">Luther<\/a>.<\/p>\n<p style=\"text-align: justify;\">En 1508,\u00a0<a title=\"Rapha\u00ebl (peintre)\" href=\"https:\/\/fr.wikipedia.org\/wiki\/Rapha%C3%ABl_(peintre)\">Rapha\u00ebl<\/a>\u00a0(qui a sign\u00e9 dans le cou d&rsquo;un des personnages repr\u00e9sent\u00e9,\u00a0<a title=\"Euclide\" href=\"https:\/\/fr.wikipedia.org\/wiki\/Euclide\">Euclide<\/a>) est nomm\u00e9 officiellement peintre de la papaut\u00e9.<\/p>\n<p style=\"text-align: justify;\">Pendant le\u00a0<a title=\"Sac de Rome (1527)\" href=\"https:\/\/fr.wikipedia.org\/wiki\/Sac_de_Rome_(1527)\">sac de Rome<\/a>, les fresques de la Chambre de la Signature, ainsi que d&rsquo;autres \u0153uvres d&rsquo;art, sont endommag\u00e9es par des\u00a0<a title=\"Lansquenet\" href=\"https:\/\/fr.wikipedia.org\/wiki\/Lansquenet\">Lansquenets<\/a>\u00a0qui allument des incendies dont la fum\u00e9e endommage les fresques et gravent sur la bande inf\u00e9rieure des inscriptions qui sont recouvertes au\u00a0<abbr class=\"abbr\" title=\"17\u1d49 si\u00e8cle\"><span class=\"romain\">XVII<\/span><sup>e<\/sup><\/abbr>\u00a0si\u00e8cle<sup id=\"cite_ref-2\" class=\"reference\"><a href=\"https:\/\/fr.wikipedia.org\/wiki\/L%27%C3%89cole_d%27Ath%C3%A8nes#cite_note-2\">2<\/a><\/sup>.<\/p>\n<p><iframe loading=\"lazy\" title=\"L&#039;\u00c9cole d&#039;Athe\u0300nes de Raphae\u0308l, explique\u0301e. (Analyse)\" width=\"600\" height=\"338\" src=\"https:\/\/www.youtube.com\/embed\/ddVxcZ7N1Ok?feature=oembed\" frameborder=\"0\" allow=\"accelerometer; autoplay; clipboard-write; encrypted-media; gyroscope; picture-in-picture; web-share\" referrerpolicy=\"strict-origin-when-cross-origin\" allowfullscreen><\/iframe><\/p>\n","protected":false},"excerpt":{"rendered":"<p>Image mise en avant : L&rsquo;\u00c9cole d&rsquo;Ath\u00e8nes\u00a0est une\u00a0fresque\u00a0(4,40\u00a0\u00d7\u00a07,70\u00a0m) du\u00a0peintre italien\u00a0Rapha\u00ebl, situ\u00e9e dans\u00a0la Chambre de la Signature\u00a0des\u00a0mus\u00e9es du Vatican, l&rsquo;une des quatre\u00a0Chambres de Rapha\u00ebl\u00a0(les\u00a0Stanze) situ\u00e9es \u00e0 l&rsquo;int\u00e9rieur du\u00a0palais apostolique. C&rsquo;est l&rsquo;une des \u0153uvres picturales les plus importantes de la Cit\u00e9 du\u00a0Vatican. Cette fresque symbolique pr\u00e9sente les figures majeures de la pens\u00e9e antique.\u00a0C&rsquo;est l&rsquo;\u0153uvre la plus c\u00e9l\u00e8bre [&hellip;]<\/p>\n","protected":false},"author":1,"featured_media":13722,"parent":0,"menu_order":0,"comment_status":"closed","ping_status":"closed","template":"","meta":{"footnotes":""},"class_list":["post-13714","page","type-page","status-publish","has-post-thumbnail","hentry"],"_links":{"self":[{"href":"https:\/\/oraziopuglisi.art\/index.php\/wp-json\/wp\/v2\/pages\/13714","targetHints":{"allow":["GET"]}}],"collection":[{"href":"https:\/\/oraziopuglisi.art\/index.php\/wp-json\/wp\/v2\/pages"}],"about":[{"href":"https:\/\/oraziopuglisi.art\/index.php\/wp-json\/wp\/v2\/types\/page"}],"author":[{"embeddable":true,"href":"https:\/\/oraziopuglisi.art\/index.php\/wp-json\/wp\/v2\/users\/1"}],"replies":[{"embeddable":true,"href":"https:\/\/oraziopuglisi.art\/index.php\/wp-json\/wp\/v2\/comments?post=13714"}],"version-history":[{"count":9,"href":"https:\/\/oraziopuglisi.art\/index.php\/wp-json\/wp\/v2\/pages\/13714\/revisions"}],"predecessor-version":[{"id":13724,"href":"https:\/\/oraziopuglisi.art\/index.php\/wp-json\/wp\/v2\/pages\/13714\/revisions\/13724"}],"wp:featuredmedia":[{"embeddable":true,"href":"https:\/\/oraziopuglisi.art\/index.php\/wp-json\/wp\/v2\/media\/13722"}],"wp:attachment":[{"href":"https:\/\/oraziopuglisi.art\/index.php\/wp-json\/wp\/v2\/media?parent=13714"}],"curies":[{"name":"wp","href":"https:\/\/api.w.org\/{rel}","templated":true}]}}