{"id":13426,"date":"2024-09-19T05:29:04","date_gmt":"2024-09-19T03:29:04","guid":{"rendered":"https:\/\/oraziopuglisi.art\/?page_id=13426"},"modified":"2024-09-19T05:38:26","modified_gmt":"2024-09-19T03:38:26","slug":"les-contes-soufis-2","status":"publish","type":"page","link":"https:\/\/oraziopuglisi.art\/index.php\/les-contes-soufis-2\/","title":{"rendered":"Les Contes Soufis"},"content":{"rendered":"<p><iframe loading=\"lazy\" title=\"Contes soufis de Djal\u00e2l ad-D\u00een R\u00fbm\u00ee : Le Citadin et la Paysan\" width=\"600\" height=\"338\" src=\"https:\/\/www.youtube.com\/embed\/GY6FdW4AGPc?feature=oembed\" frameborder=\"0\" allow=\"accelerometer; autoplay; clipboard-write; encrypted-media; gyroscope; picture-in-picture; web-share\" referrerpolicy=\"strict-origin-when-cross-origin\" allowfullscreen><\/iframe><\/p>\n<p><iframe loading=\"lazy\" title=\"Contes soufis de Djal\u00e2l ad-D\u00een R\u00fbm\u00ee : Nettoyer l&#039;\u00e2me\" width=\"600\" height=\"338\" src=\"https:\/\/www.youtube.com\/embed\/8-8gKtWDFfM?feature=oembed\" frameborder=\"0\" allow=\"accelerometer; autoplay; clipboard-write; encrypted-media; gyroscope; picture-in-picture; web-share\" referrerpolicy=\"strict-origin-when-cross-origin\" allowfullscreen><\/iframe><\/p>\n<p><iframe loading=\"lazy\" title=\"Contes soufis de Djal\u00e2l ad-D\u00een R\u00fbm\u00ee : La perle\" width=\"600\" height=\"338\" src=\"https:\/\/www.youtube.com\/embed\/UM7sywk4TAU?feature=oembed\" frameborder=\"0\" allow=\"accelerometer; autoplay; clipboard-write; encrypted-media; gyroscope; picture-in-picture; web-share\" referrerpolicy=\"strict-origin-when-cross-origin\" allowfullscreen><\/iframe><\/p>\n<p><iframe loading=\"lazy\" title=\"Elif Shafak - Soufi, mon amour - R\u00fbmi - Troisi\u00e8me partie\" width=\"600\" height=\"338\" src=\"https:\/\/www.youtube.com\/embed\/oS6F04vDMXI?feature=oembed\" frameborder=\"0\" allow=\"accelerometer; autoplay; clipboard-write; encrypted-media; gyroscope; picture-in-picture; web-share\" referrerpolicy=\"strict-origin-when-cross-origin\" allowfullscreen><\/iframe><\/p>\n<p><iframe loading=\"lazy\" title=\"Contes soufis : le chercheur de v\u00e9rit\u00e9\" width=\"600\" height=\"450\" src=\"https:\/\/www.youtube.com\/embed\/75fRNIqGdkk?feature=oembed\" frameborder=\"0\" allow=\"accelerometer; autoplay; clipboard-write; encrypted-media; gyroscope; picture-in-picture; web-share\" referrerpolicy=\"strict-origin-when-cross-origin\" allowfullscreen><\/iframe><\/p>\n<div class=\"product-title\">\n<h2 class=\"titre_page_produit\">Contes initiatiques des soufis<\/h2>\n<h3 class=\"soustitre\"><img loading=\"lazy\" decoding=\"async\" class=\"alignnone size-full wp-image-13435\" src=\"http:\/\/oraziopuglisi.art\/wp-content\/uploads\/2024\/09\/Idries-Shah.png\" alt=\"\" width=\"406\" height=\"679\" srcset=\"https:\/\/oraziopuglisi.art\/wp-content\/uploads\/2024\/09\/Idries-Shah.png 406w, https:\/\/oraziopuglisi.art\/wp-content\/uploads\/2024\/09\/Idries-Shah-179x300.png 179w\" sizes=\"auto, (max-width: 406px) 100vw, 406px\" \/><\/h3>\n<h4 class=\"auteur\" style=\"text-align: center;\"><a href=\"https:\/\/www.editionsdurocher.fr\/auteurs\/48955\/idries-shah-auteur\/\">Idries Shah (Auteur)<\/a><br \/>\n<a href=\"https:\/\/www.editionsdurocher.fr\/auteurs\/48956\/jean-neaumet-traduction\/\">Jean N\u00e9aumet (Traduction)<\/a><\/h4>\n<\/div>\n<p style=\"text-align: justify;\">Les r\u00e9cits et histoires-enseignements pr\u00e9sent\u00e9s dans Contes initiatiques des soufis illustrent de fa\u00e7on incisive les m\u00e9thodes d&rsquo;instruction des ma\u00eetres soufis. Il s&rsquo;agit de faire ressortir par-del\u00e0 les apparences la r\u00e9alit\u00e9 des \u00eatres et des situations. Plus que toute autre caract\u00e9ristique, la tendance \u00e0 entretenir des id\u00e9es arr\u00eat\u00e9es, \u00e0 s&rsquo;en tenir \u00e0 des suppositions faciles, fait obstacle \u00e0 la compr\u00e9hension et, par l\u00e0-m\u00eame, \u00e0 la maturation psychologique et spirituelle. Idries Shah ne se contente pas de porter sur ce travers fondamental un regard grave et amus\u00e9, il offre encore une fois un rem\u00e8de, sous la forme d&rsquo;un livre-exercice. Ces \u00a0\u00bb contes \u00a0\u00bb s&rsquo;adressent \u00e0 l&rsquo;esprit int\u00e9rieur. Ils sont interactifs, ouverts. Ils r\u00e9veillent chez celui qui les lit ou les entend la facult\u00e9 peu exerc\u00e9e de revenir toujours au point de d\u00e9part, l&rsquo;aptitude \u00e0 percevoir ce qui est l\u00e0. Ils dessinent un chemin.<\/p>\n","protected":false},"excerpt":{"rendered":"<p>Contes initiatiques des soufis Idries Shah (Auteur) Jean N\u00e9aumet (Traduction) Les r\u00e9cits et histoires-enseignements pr\u00e9sent\u00e9s dans Contes initiatiques des soufis illustrent de fa\u00e7on incisive les m\u00e9thodes d&rsquo;instruction des ma\u00eetres soufis. Il s&rsquo;agit de faire ressortir par-del\u00e0 les apparences la r\u00e9alit\u00e9 des \u00eatres et des situations. Plus que toute autre caract\u00e9ristique, la tendance \u00e0 entretenir des [&hellip;]<\/p>\n","protected":false},"author":1,"featured_media":13433,"parent":0,"menu_order":0,"comment_status":"closed","ping_status":"closed","template":"","meta":{"footnotes":""},"class_list":["post-13426","page","type-page","status-publish","has-post-thumbnail","hentry"],"_links":{"self":[{"href":"https:\/\/oraziopuglisi.art\/index.php\/wp-json\/wp\/v2\/pages\/13426","targetHints":{"allow":["GET"]}}],"collection":[{"href":"https:\/\/oraziopuglisi.art\/index.php\/wp-json\/wp\/v2\/pages"}],"about":[{"href":"https:\/\/oraziopuglisi.art\/index.php\/wp-json\/wp\/v2\/types\/page"}],"author":[{"embeddable":true,"href":"https:\/\/oraziopuglisi.art\/index.php\/wp-json\/wp\/v2\/users\/1"}],"replies":[{"embeddable":true,"href":"https:\/\/oraziopuglisi.art\/index.php\/wp-json\/wp\/v2\/comments?post=13426"}],"version-history":[{"count":6,"href":"https:\/\/oraziopuglisi.art\/index.php\/wp-json\/wp\/v2\/pages\/13426\/revisions"}],"predecessor-version":[{"id":13436,"href":"https:\/\/oraziopuglisi.art\/index.php\/wp-json\/wp\/v2\/pages\/13426\/revisions\/13436"}],"wp:featuredmedia":[{"embeddable":true,"href":"https:\/\/oraziopuglisi.art\/index.php\/wp-json\/wp\/v2\/media\/13433"}],"wp:attachment":[{"href":"https:\/\/oraziopuglisi.art\/index.php\/wp-json\/wp\/v2\/media?parent=13426"}],"curies":[{"name":"wp","href":"https:\/\/api.w.org\/{rel}","templated":true}]}}