{"id":12862,"date":"2024-09-16T09:36:32","date_gmt":"2024-09-16T07:36:32","guid":{"rendered":"https:\/\/oraziopuglisi.art\/?page_id=12862"},"modified":"2026-02-26T13:03:59","modified_gmt":"2026-02-26T12:03:59","slug":"giuseppe-pitre","status":"publish","type":"page","link":"https:\/\/oraziopuglisi.art\/index.php\/giuseppe-pitre\/","title":{"rendered":"Giuseppe Pitr\u00e9"},"content":{"rendered":"<p><span style=\"font-size: 12px;\">Image mise en avant : <a href=\"https:\/\/fr.wikipedia.org\/wiki\/Giuseppe_Pitr%C3%A8\">Giuseppe Pitr\u00e9\u00a0<\/a><\/span><\/p>\n<p>&nbsp;<\/p>\n<form action=\"https:\/\/www.paypal.com\/donate\" method=\"post\" target=\"_top\"><input name=\"hosted_button_id\" type=\"hidden\" value=\"QSSRVLDUKP2MG\" \/> <input title=\"PayPal - The safer, easier way to pay online!\" alt=\"Bouton Faites un don avec PayPal\" name=\"submit\" src=\"https:\/\/www.paypalobjects.com\/fr_FR\/FR\/i\/btn\/btn_donateCC_LG.gif\" type=\"image\" \/><img loading=\"lazy\" decoding=\"async\" src=\"https:\/\/www.paypal.com\/fr_FR\/i\/scr\/pixel.gif\" alt=\"\" width=\"1\" height=\"1\" border=\"0\" \/><img loading=\"lazy\" decoding=\"async\" src=\"https:\/\/www.paypal.com\/fr_FR\/i\/scr\/pixel.gif\" alt=\"\" width=\"1\" height=\"1\" border=\"0\" \/><\/form>\n<form action=\"https:\/\/www.paypal.com\/donate\" method=\"post\" target=\"_top\"><input name=\"hosted_button_id\" type=\"hidden\" value=\"KUYGR8EGYTG64\" \/><\/p>\n<p style=\"text-align: center;\"><span style=\"color: #ff0000;\">Faire un don par Qr Code<\/span><\/p>\n<p style=\"text-align: center;\"><a href=\"http:\/\/xn--vidosechecsenligne-dwb.com\/wp-content\/uploads\/2022\/05\/QR-code.png\"><img loading=\"lazy\" decoding=\"async\" class=\"alignnone size-full wp-image-36569\" src=\"http:\/\/xn--vidosechecsenligne-dwb.com\/wp-content\/uploads\/2022\/05\/QR-code.png\" alt=\"\" width=\"192\" height=\"192\" \/><\/a><\/p>\n<p style=\"text-align: center;\"><a href=\"https:\/\/www.amazon.fr\/Livres-Orazio-Puglisi\/s?rh=n%3A301061%2Cp_27%3AOrazio+Puglisi\">Achetez mes livres <\/a><\/p>\n<p>&nbsp;<\/p>\n<p>&nbsp;<\/p>\n<p style=\"text-align: center;\">Virement bancaire<\/p>\n<\/form>\n<form action=\"https:\/\/www.paypal.com\/cgi-bin\/webscr\" method=\"post\" target=\"_top\">\n<p style=\"text-align: center;\"><span style=\"font-family: 'book antiqua', palatino, serif;\">IBAN FR81 2004 1010 0820 6402 0P02 955<\/span><\/p>\n<p style=\"text-align: center;\"><span style=\"font-family: 'book antiqua', palatino, serif;\">BIC PSSTFRPPMAR<\/span><\/p>\n<p style=\"text-align: center;\"><span style=\"font-family: 'book antiqua', palatino, serif;\">Orazio Puglisi<\/span><\/p>\n<p style=\"text-align: center;\"><span style=\"font-family: 'book antiqua', palatino, serif;\">06 14 35 15 52<\/span><\/p>\n<p style=\"text-align: center;\"><span style=\"font-family: 'book antiqua', palatino, serif;\"><a href=\"mailto:oraziopuglisi@gmail.com\">oraziopuglisi@gmail.com<\/a><\/span><\/p>\n<p style=\"text-align: center;\"><span style=\"font-family: 'book antiqua', palatino, serif;\"><a href=\"mailto:puglisiorazio@wanadoo.fr\">puglisiorazio@wanadoo.fr<\/a><\/span><\/p>\n<\/form>\n<form action=\"https:\/\/www.paypal.com\/cgi-bin\/webscr\" method=\"post\" target=\"_top\">\n<p style=\"text-align: center;\"><span style=\"font-family: 'book antiqua', palatino, serif;\"><input name=\"cmd\" type=\"hidden\" value=\"_s-xclick\" \/><\/span><\/p>\n<p style=\"text-align: center;\"><span style=\"font-family: 'book antiqua', palatino, serif;\"><input name=\"hosted_button_id\" type=\"hidden\" value=\"B9KUAAXX2KE3G\" \/><\/span><\/p>\n<p style=\"text-align: justify;\"><b>Giuseppe Pitr\u00e8<\/b><sup id=\"cite_ref-1\" class=\"reference\"><a href=\"https:\/\/fr.wikipedia.org\/wiki\/Giuseppe_Pitr%C3%A8#cite_note-1\"><span class=\"cite-bracket\">[<\/span>1<span class=\"cite-bracket\">]<\/span><\/a><\/sup>\u00a0<small><\/small><span class=\"API\"><a title=\"Aide:Alphabet phon\u00e9tique italien\" href=\"https:\/\/fr.wikipedia.org\/wiki\/Aide:Alphabet_phon%C3%A9tique_italien\">[pi\u02c8tr\u025b]<\/a><\/span><sup id=\"cite_ref-2\" class=\"reference\"><a href=\"https:\/\/fr.wikipedia.org\/wiki\/Giuseppe_Pitr%C3%A8#cite_note-2\"><span class=\"cite-bracket\">[<\/span>2<span class=\"cite-bracket\">]<\/span><\/a><\/sup>, n\u00e9 le\u00a0<time class=\"nowrap bday\" datetime=\"1841-12-22\" data-sort-value=\"1841-12-22\">22 d\u00e9cembre 1841<\/time>\u00a0\u00e0\u00a0<a title=\"Palerme\" href=\"https:\/\/fr.wikipedia.org\/wiki\/Palerme\">Palerme<\/a>\u00a0et mort le\u00a0<time class=\"nowrap dday\" datetime=\"1916-04-10\" data-sort-value=\"1916-04-10\">10 avril 1916<\/time>\u00a0dans la m\u00eame ville, est un\u00a0<a title=\"Folkloriste\" href=\"https:\/\/fr.wikipedia.org\/wiki\/Folkloriste\">folkloriste<\/a>,\u00a0<a title=\"\u00c9crivain\" href=\"https:\/\/fr.wikipedia.org\/wiki\/%C3%89crivain\">\u00e9crivain<\/a>\u00a0et\u00a0<a title=\"M\u00e9decin\" href=\"https:\/\/fr.wikipedia.org\/wiki\/M%C3%A9decin\">m\u00e9decin<\/a>\u00a0<a title=\"Italie\" href=\"https:\/\/fr.wikipedia.org\/wiki\/Italie\">italien<\/a>.<\/p>\n<p style=\"text-align: justify;\">En Italie, il a largement particip\u00e9 \u00e0 \u00e9tablir le\u00a0<a title=\"Folklore\" href=\"https:\/\/fr.wikipedia.org\/wiki\/Folklore\">folklore<\/a>\u00a0comme une discipline \u00e0 part enti\u00e8re. Tout au long de quatre d\u00e9cennies, durant lesquelles il n&rsquo;a eu de cesse de collecter, rechercher et publier, il a rassembl\u00e9 une vaste collection de traditions siciliennes et italiennes et une masse d&rsquo;informations couvrant \u00e0 peu pr\u00e8s tout le domaine, notamment des contes populaires dont des contes de f\u00e9e, des l\u00e9gendes, des chansons, des proverbes, des anecdotes, des curiosit\u00e9s&#8230;, fournissant d&rsquo;innombrables contributions aux folkloristes tant en Italie que dans le monde.<\/p>\n<p style=\"text-align: justify;\">Son \u0153uvre majeure est\u00a0<i>Biblioteca delle tradizioni popolari siciliane<\/i>\u00a0(1871-1913), vingt-cinq volumes dans lesquels, naviguant \u00e0 contre-courant de la culture de son temps, Pitr\u00e8 a plac\u00e9 au devant de la sc\u00e8ne les gens ordinaires de Sicile et leurs coutumes. Les volumes IV \u00e0 VII (1873-1875) et XVIII (1888), dans lesquels sont rassembl\u00e9s des contes et autres r\u00e9cits populaires siciliens, ainsi qu&rsquo;entre autres un recueil du m\u00eame genre, publi\u00e9 en 1885, et consacr\u00e9 \u00e0 la\u00a0<a title=\"Tradition orale\" href=\"https:\/\/fr.wikipedia.org\/wiki\/Tradition_orale\">tradition orale<\/a>\u00a0de\u00a0<a title=\"Toscane\" href=\"https:\/\/fr.wikipedia.org\/wiki\/Toscane\">Toscane<\/a>, lui valent d&rsquo;\u00eatre souvent compar\u00e9, comme\u00a0<a title=\"Alexandre Afanassiev\" href=\"https:\/\/fr.wikipedia.org\/wiki\/Alexandre_Afanassiev\">Afanassiev<\/a>, aux\u00a0<a title=\"Fr\u00e8res Grimm\" href=\"https:\/\/fr.wikipedia.org\/wiki\/Fr%C3%A8res_Grimm\">fr\u00e8res Grimm<\/a>.<\/p>\n<p><iframe loading=\"lazy\" title=\"Giuseppe Pitr\u00e9 Ecrivain et Folkloriste Sicilien !\" width=\"600\" height=\"338\" src=\"https:\/\/www.youtube.com\/embed\/qnoR9zSE7Yg?feature=oembed\" frameborder=\"0\" allow=\"accelerometer; autoplay; clipboard-write; encrypted-media; gyroscope; picture-in-picture; web-share\" referrerpolicy=\"strict-origin-when-cross-origin\" allowfullscreen><\/iframe><\/p>\n<blockquote class=\"wp-embedded-content\" data-secret=\"2UGldT5DC5\"><p><a href=\"https:\/\/oraziopuglisi.art\/index.php\/conference-utd-la-ciotat-17-mars-2025\/\">Conf\u00e9rence Utd La Ciotat 17 Mars 2025<\/a><\/p><\/blockquote>\n<p><iframe loading=\"lazy\" class=\"wp-embedded-content\" sandbox=\"allow-scripts\" security=\"restricted\" style=\"position: absolute; visibility: hidden;\" title=\"\u00ab\u00a0Conf\u00e9rence Utd La Ciotat 17 Mars 2025\u00a0\u00bb &#8212; Orazio Puglisi\" src=\"https:\/\/oraziopuglisi.art\/index.php\/conference-utd-la-ciotat-17-mars-2025\/embed\/#?secret=ZpaXT9xUQ6#?secret=2UGldT5DC5\" data-secret=\"2UGldT5DC5\" width=\"600\" height=\"338\" frameborder=\"0\" marginwidth=\"0\" marginheight=\"0\" scrolling=\"no\"><\/iframe><\/p>\n<p>&nbsp;<\/p>\n<blockquote class=\"wp-embedded-content\" data-secret=\"BKqBAueylG\"><p><a href=\"https:\/\/oraziopuglisi.art\/index.php\/utl-aubagne-1er-decembre-2025\/\">Utl Aubagne 1er D\u00e9cembre 2025<\/a><\/p><\/blockquote>\n<p><iframe loading=\"lazy\" class=\"wp-embedded-content\" sandbox=\"allow-scripts\" security=\"restricted\" style=\"position: absolute; visibility: hidden;\" title=\"\u00ab\u00a0Utl Aubagne 1er D\u00e9cembre 2025\u00a0\u00bb &#8212; Orazio Puglisi\" src=\"https:\/\/oraziopuglisi.art\/index.php\/utl-aubagne-1er-decembre-2025\/embed\/#?secret=9PnmmvqTla#?secret=BKqBAueylG\" data-secret=\"BKqBAueylG\" width=\"600\" height=\"338\" frameborder=\"0\" marginwidth=\"0\" marginheight=\"0\" scrolling=\"no\"><\/iframe><\/p>\n<p><span style=\"font-family: 'book antiqua', palatino, serif;\"><img loading=\"lazy\" decoding=\"async\" class=\"aligncenter\" src=\"https:\/\/www.paypalobjects.com\/fr_FR\/i\/scr\/pixel.gif\" alt=\"\" width=\"1\" height=\"1\" border=\"0\" \/><\/span><\/p>\n<\/form>\n","protected":false},"excerpt":{"rendered":"<p>Image mise en avant : Giuseppe Pitr\u00e9\u00a0 &nbsp; Faire un don par Qr Code Achetez mes livres &nbsp; &nbsp; Virement bancaire IBAN FR81 2004 1010 0820 6402 0P02 955 BIC PSSTFRPPMAR Orazio Puglisi 06 14 35 15 52 oraziopuglisi@gmail.com puglisiorazio@wanadoo.fr Giuseppe Pitr\u00e8[1]\u00a0[pi\u02c8tr\u025b][2], n\u00e9 le\u00a022 d\u00e9cembre 1841\u00a0\u00e0\u00a0Palerme\u00a0et mort le\u00a010 avril 1916\u00a0dans la m\u00eame ville, est un\u00a0folkloriste,\u00a0\u00e9crivain\u00a0et\u00a0m\u00e9decin\u00a0italien. [&hellip;]<\/p>\n","protected":false},"author":1,"featured_media":13224,"parent":0,"menu_order":0,"comment_status":"closed","ping_status":"closed","template":"","meta":{"footnotes":""},"class_list":["post-12862","page","type-page","status-publish","has-post-thumbnail","hentry"],"_links":{"self":[{"href":"https:\/\/oraziopuglisi.art\/index.php\/wp-json\/wp\/v2\/pages\/12862","targetHints":{"allow":["GET"]}}],"collection":[{"href":"https:\/\/oraziopuglisi.art\/index.php\/wp-json\/wp\/v2\/pages"}],"about":[{"href":"https:\/\/oraziopuglisi.art\/index.php\/wp-json\/wp\/v2\/types\/page"}],"author":[{"embeddable":true,"href":"https:\/\/oraziopuglisi.art\/index.php\/wp-json\/wp\/v2\/users\/1"}],"replies":[{"embeddable":true,"href":"https:\/\/oraziopuglisi.art\/index.php\/wp-json\/wp\/v2\/comments?post=12862"}],"version-history":[{"count":17,"href":"https:\/\/oraziopuglisi.art\/index.php\/wp-json\/wp\/v2\/pages\/12862\/revisions"}],"predecessor-version":[{"id":22330,"href":"https:\/\/oraziopuglisi.art\/index.php\/wp-json\/wp\/v2\/pages\/12862\/revisions\/22330"}],"wp:featuredmedia":[{"embeddable":true,"href":"https:\/\/oraziopuglisi.art\/index.php\/wp-json\/wp\/v2\/media\/13224"}],"wp:attachment":[{"href":"https:\/\/oraziopuglisi.art\/index.php\/wp-json\/wp\/v2\/media?parent=12862"}],"curies":[{"name":"wp","href":"https:\/\/api.w.org\/{rel}","templated":true}]}}