{"id":12141,"date":"2024-08-31T18:16:57","date_gmt":"2024-08-31T16:16:57","guid":{"rendered":"https:\/\/oraziopuglisi.art\/?page_id=12141"},"modified":"2024-10-07T09:27:35","modified_gmt":"2024-10-07T07:27:35","slug":"michel-pastoureau","status":"publish","type":"page","link":"https:\/\/oraziopuglisi.art\/index.php\/michel-pastoureau\/","title":{"rendered":"Michel Pastoureau"},"content":{"rendered":"<p style=\"text-align: center;\"><a href=\"https:\/\/fr.wikipedia.org\/wiki\/Michel_Pastoureau\">Michel Pastoureau<\/a><\/p>\n<p>&nbsp;<\/p>\n<p style=\"text-align: justify;\"><dfn>Michel Pastoureau<\/dfn>, n\u00e9 le\u00a0<time class=\"nowrap bday\" datetime=\"1947-06-17\" data-sort-value=\"1947-06-17\">17 juin 1947<\/time>\u00a0\u00e0\u00a0<a title=\"14e arrondissement de Paris\" href=\"https:\/\/fr.wikipedia.org\/wiki\/14e_arrondissement_de_Paris\">Paris\u00a0<abbr class=\"abbr\" title=\"Quatorzi\u00e8me\">14<sup>e<\/sup><\/abbr><\/a>, est un\u00a0<a title=\"Enseignant-chercheur\" href=\"https:\/\/fr.wikipedia.org\/wiki\/Enseignant-chercheur\">enseignant-chercheur<\/a>\u00a0et\u00a0<a title=\"Historien\" href=\"https:\/\/fr.wikipedia.org\/wiki\/Historien\">historien<\/a>\u00a0<a title=\"France\" href=\"https:\/\/fr.wikipedia.org\/wiki\/France\">fran\u00e7ais<\/a>.<\/p>\n<p style=\"text-align: justify;\"><a class=\"mw-redirect\" title=\"Archiviste pal\u00e9ographe\" href=\"https:\/\/fr.wikipedia.org\/wiki\/Archiviste_pal%C3%A9ographe\">Archiviste pal\u00e9ographe<\/a>, il est\u00a0<a title=\"Directeur d'\u00e9tudes\" href=\"https:\/\/fr.wikipedia.org\/wiki\/Directeur_d%27%C3%A9tudes\">directeur d&rsquo;\u00e9tudes<\/a>\u00a0\u00e0 l&rsquo;<a title=\"\u00c9cole pratique des hautes \u00e9tudes\" href=\"https:\/\/fr.wikipedia.org\/wiki\/%C3%89cole_pratique_des_hautes_%C3%A9tudes\">\u00c9cole pratique des hautes \u00e9tudes<\/a>\u00a0de 1982 \u00e0 2016. Il est sp\u00e9cialiste de l&rsquo;histoire des syst\u00e8mes symboliques et notamment de l&rsquo;<a title=\"H\u00e9raldique\" href=\"https:\/\/fr.wikipedia.org\/wiki\/H%C3%A9raldique\">h\u00e9raldique<\/a>, de la\u00a0<a title=\"Sigillographie\" href=\"https:\/\/fr.wikipedia.org\/wiki\/Sigillographie\">sigillographie<\/a>\u00a0et du\u00a0<a title=\"Symbolisme des couleurs\" href=\"https:\/\/fr.wikipedia.org\/wiki\/Symbolisme_des_couleurs\">symbolisme des couleurs<\/a>.<\/p>\n<p>&nbsp;<\/p>\n<p><img loading=\"lazy\" decoding=\"async\" class=\"alignnone size-full wp-image-12150\" src=\"http:\/\/oraziopuglisi.art\/wp-content\/uploads\/2024\/08\/Michel-Pastoureau.jpg\" alt=\"\" width=\"200\" height=\"300\" \/><\/p>\n<p><iframe loading=\"lazy\" title=\"La symbolique m\u00e9di\u00e9vale (part1) - Conf\u00e9rence de Michel Pastoureau\" width=\"600\" height=\"338\" src=\"https:\/\/www.youtube.com\/embed\/oKsjwZRmSVk?feature=oembed\" frameborder=\"0\" allow=\"accelerometer; autoplay; clipboard-write; encrypted-media; gyroscope; picture-in-picture; web-share\" referrerpolicy=\"strict-origin-when-cross-origin\" allowfullscreen><\/iframe><\/p>\n<p>&nbsp;<\/p>\n<p><iframe loading=\"lazy\" title=\"PO\u00c9SIE M\u00c9DI\u00c9VALE \u2013 R\u00e9ception de la l\u00e9gende arthurienne au Moyen-\u00c2ge par Michel PASTOUREAU (BNF 2009)\" width=\"600\" height=\"338\" src=\"https:\/\/www.youtube.com\/embed\/PeP3zWaaMHk?feature=oembed\" frameborder=\"0\" allow=\"accelerometer; autoplay; clipboard-write; encrypted-media; gyroscope; picture-in-picture; web-share\" referrerpolicy=\"strict-origin-when-cross-origin\" allowfullscreen><\/iframe><\/p>\n<p><iframe loading=\"lazy\" title=\"\u00c9crire l&#039;Histoire avec le roi Arthur 1976 2023\" width=\"600\" height=\"338\" src=\"https:\/\/www.youtube.com\/embed\/K8XeltF6nIg?feature=oembed\" frameborder=\"0\" allow=\"accelerometer; autoplay; clipboard-write; encrypted-media; gyroscope; picture-in-picture; web-share\" referrerpolicy=\"strict-origin-when-cross-origin\" allowfullscreen><\/iframe><\/p>\n<p><iframe loading=\"lazy\" title=\"Qui \u00eates-vous Michel Pastoureau ? (ABC Penser)\" width=\"600\" height=\"338\" src=\"https:\/\/www.youtube.com\/embed\/2nk8VXfkMxw?feature=oembed\" frameborder=\"0\" allow=\"accelerometer; autoplay; clipboard-write; encrypted-media; gyroscope; picture-in-picture; web-share\" referrerpolicy=\"strict-origin-when-cross-origin\" allowfullscreen><\/iframe><\/p>\n<p><iframe loading=\"lazy\" title=\"Les proc\u00e8s faits aux animaux (XIIIe-XVIIe si\u00e8cle)\" width=\"600\" height=\"338\" src=\"https:\/\/www.youtube.com\/embed\/Di3j2HoU3KA?feature=oembed\" frameborder=\"0\" allow=\"accelerometer; autoplay; clipboard-write; encrypted-media; gyroscope; picture-in-picture; web-share\" referrerpolicy=\"strict-origin-when-cross-origin\" allowfullscreen><\/iframe><\/p>\n<blockquote class=\"wp-embedded-content\" data-secret=\"qf5rLIyigZ\"><p><a href=\"https:\/\/oraziopuglisi.art\/index.php\/le-moyen-age-et-son-symbolisme\/\">Le Moyen Age et son Symbolisme<\/a><\/p><\/blockquote>\n<p><iframe loading=\"lazy\" class=\"wp-embedded-content\" sandbox=\"allow-scripts\" security=\"restricted\" style=\"position: absolute; visibility: hidden;\" title=\"\u00ab\u00a0Le Moyen Age et son Symbolisme\u00a0\u00bb &#8212; Orazio Puglisi\" src=\"https:\/\/oraziopuglisi.art\/index.php\/le-moyen-age-et-son-symbolisme\/embed\/#?secret=RTXIsIvqNS#?secret=qf5rLIyigZ\" data-secret=\"qf5rLIyigZ\" width=\"600\" height=\"338\" frameborder=\"0\" marginwidth=\"0\" marginheight=\"0\" scrolling=\"no\"><\/iframe><\/p>\n<blockquote class=\"wp-embedded-content\" data-secret=\"8PF8Ll2fHj\"><p><a href=\"https:\/\/oraziopuglisi.art\/index.php\/les-bestiaires\/\">Les Bestiaires<\/a><\/p><\/blockquote>\n<p><iframe loading=\"lazy\" class=\"wp-embedded-content\" sandbox=\"allow-scripts\" security=\"restricted\" style=\"position: absolute; visibility: hidden;\" title=\"\u00ab\u00a0Les Bestiaires\u00a0\u00bb &#8212; Orazio Puglisi\" src=\"https:\/\/oraziopuglisi.art\/index.php\/les-bestiaires\/embed\/#?secret=TA2kFlXDcE#?secret=8PF8Ll2fHj\" data-secret=\"8PF8Ll2fHj\" width=\"600\" height=\"338\" frameborder=\"0\" marginwidth=\"0\" marginheight=\"0\" scrolling=\"no\"><\/iframe><\/p>\n<blockquote class=\"wp-embedded-content\" data-secret=\"N2qGjCQFwi\"><p><a href=\"https:\/\/oraziopuglisi.art\/index.php\/lheraldique\/\">L&rsquo;H\u00e9raldique<\/a><\/p><\/blockquote>\n<p><iframe loading=\"lazy\" class=\"wp-embedded-content\" sandbox=\"allow-scripts\" security=\"restricted\" style=\"position: absolute; visibility: hidden;\" title=\"\u00ab\u00a0L&rsquo;H\u00e9raldique\u00a0\u00bb &#8212; Orazio Puglisi\" src=\"https:\/\/oraziopuglisi.art\/index.php\/lheraldique\/embed\/#?secret=swrW0RyndS#?secret=N2qGjCQFwi\" data-secret=\"N2qGjCQFwi\" width=\"600\" height=\"338\" frameborder=\"0\" marginwidth=\"0\" marginheight=\"0\" scrolling=\"no\"><\/iframe><\/p>\n<blockquote class=\"wp-embedded-content\" data-secret=\"3Yqq3u0Yt6\"><p><a href=\"https:\/\/oraziopuglisi.art\/index.php\/les-couleurs\/\">Les Couleurs<\/a><\/p><\/blockquote>\n<p><iframe loading=\"lazy\" class=\"wp-embedded-content\" sandbox=\"allow-scripts\" security=\"restricted\" style=\"position: absolute; visibility: hidden;\" title=\"\u00ab\u00a0Les Couleurs\u00a0\u00bb &#8212; Orazio Puglisi\" src=\"https:\/\/oraziopuglisi.art\/index.php\/les-couleurs\/embed\/#?secret=v4SKubPZ1L#?secret=3Yqq3u0Yt6\" data-secret=\"3Yqq3u0Yt6\" width=\"600\" height=\"338\" frameborder=\"0\" marginwidth=\"0\" marginheight=\"0\" scrolling=\"no\"><\/iframe><\/p>\n<blockquote class=\"wp-embedded-content\" data-secret=\"infwgQbPz6\"><p><a href=\"https:\/\/oraziopuglisi.art\/index.php\/le-jeu-dechecs\/\">Le jeu d&rsquo;\u00e9checs<\/a><\/p><\/blockquote>\n<p><iframe loading=\"lazy\" class=\"wp-embedded-content\" sandbox=\"allow-scripts\" security=\"restricted\" style=\"position: absolute; visibility: hidden;\" title=\"\u00ab\u00a0Le jeu d&rsquo;\u00e9checs\u00a0\u00bb &#8212; Orazio Puglisi\" src=\"https:\/\/oraziopuglisi.art\/index.php\/le-jeu-dechecs\/embed\/#?secret=L1j521F7HR#?secret=infwgQbPz6\" data-secret=\"infwgQbPz6\" width=\"600\" height=\"338\" frameborder=\"0\" marginwidth=\"0\" marginheight=\"0\" scrolling=\"no\"><\/iframe><\/p>\n","protected":false},"excerpt":{"rendered":"<p>Michel Pastoureau &nbsp; Michel Pastoureau, n\u00e9 le\u00a017 juin 1947\u00a0\u00e0\u00a0Paris\u00a014e, est un\u00a0enseignant-chercheur\u00a0et\u00a0historien\u00a0fran\u00e7ais. Archiviste pal\u00e9ographe, il est\u00a0directeur d&rsquo;\u00e9tudes\u00a0\u00e0 l&rsquo;\u00c9cole pratique des hautes \u00e9tudes\u00a0de 1982 \u00e0 2016. Il est sp\u00e9cialiste de l&rsquo;histoire des syst\u00e8mes symboliques et notamment de l&rsquo;h\u00e9raldique, de la\u00a0sigillographie\u00a0et du\u00a0symbolisme des couleurs. &nbsp; &nbsp; Le Moyen Age et son Symbolisme Les Bestiaires L&rsquo;H\u00e9raldique Les Couleurs Le [&hellip;]<\/p>\n","protected":false},"author":1,"featured_media":12150,"parent":0,"menu_order":0,"comment_status":"closed","ping_status":"closed","template":"","meta":{"footnotes":""},"class_list":["post-12141","page","type-page","status-publish","has-post-thumbnail","hentry"],"_links":{"self":[{"href":"https:\/\/oraziopuglisi.art\/index.php\/wp-json\/wp\/v2\/pages\/12141","targetHints":{"allow":["GET"]}}],"collection":[{"href":"https:\/\/oraziopuglisi.art\/index.php\/wp-json\/wp\/v2\/pages"}],"about":[{"href":"https:\/\/oraziopuglisi.art\/index.php\/wp-json\/wp\/v2\/types\/page"}],"author":[{"embeddable":true,"href":"https:\/\/oraziopuglisi.art\/index.php\/wp-json\/wp\/v2\/users\/1"}],"replies":[{"embeddable":true,"href":"https:\/\/oraziopuglisi.art\/index.php\/wp-json\/wp\/v2\/comments?post=12141"}],"version-history":[{"count":12,"href":"https:\/\/oraziopuglisi.art\/index.php\/wp-json\/wp\/v2\/pages\/12141\/revisions"}],"predecessor-version":[{"id":14850,"href":"https:\/\/oraziopuglisi.art\/index.php\/wp-json\/wp\/v2\/pages\/12141\/revisions\/14850"}],"wp:featuredmedia":[{"embeddable":true,"href":"https:\/\/oraziopuglisi.art\/index.php\/wp-json\/wp\/v2\/media\/12150"}],"wp:attachment":[{"href":"https:\/\/oraziopuglisi.art\/index.php\/wp-json\/wp\/v2\/media?parent=12141"}],"curies":[{"name":"wp","href":"https:\/\/api.w.org\/{rel}","templated":true}]}}