{"id":12137,"date":"2024-08-31T18:13:54","date_gmt":"2024-08-31T16:13:54","guid":{"rendered":"https:\/\/oraziopuglisi.art\/?page_id=12137"},"modified":"2026-02-28T08:46:33","modified_gmt":"2026-02-28T07:46:33","slug":"le-moyen-age-2","status":"publish","type":"page","link":"https:\/\/oraziopuglisi.art\/index.php\/le-moyen-age-2\/","title":{"rendered":"Le Moyen Age"},"content":{"rendered":"<p style=\"text-align: justify;\"><span style=\"font-size: 8px;\"><strong>Image mise en avant : <\/strong>Guibert de Nogent\u00a0(<a title=\"1053\" href=\"https:\/\/fr.wikipedia.org\/wiki\/1053\">1053<\/a>, pr\u00e8s du village de\u00a0<a title=\"Catenoy\" href=\"https:\/\/fr.wikipedia.org\/wiki\/Catenoy\">Catenoy<\/a>\u00a0dans le\u00a0<a title=\"Beauvaisis\" href=\"https:\/\/fr.wikipedia.org\/wiki\/Beauvaisis\">Beauvaisis<\/a>\u00a0&#8211; \u2020 vers\u00a0<a title=\"1125\" href=\"https:\/\/fr.wikipedia.org\/wiki\/1125\">1125<\/a>, \u00e0 l&rsquo;<a title=\"Abbaye de Nogent-sous-Coucy\" href=\"https:\/\/fr.wikipedia.org\/wiki\/Abbaye_de_Nogent-sous-Coucy\">abbaye de Nogent-sous-Coucy<\/a>, pr\u00e8s de\u00a0<a title=\"Soissons\" href=\"https:\/\/fr.wikipedia.org\/wiki\/Soissons\">Soissons<\/a>) est un\u00a0<a title=\"\u00c9crivain\" href=\"https:\/\/fr.wikipedia.org\/wiki\/%C3%89crivain\">\u00e9crivain<\/a>,\u00a0<a class=\"mw-redirect\" title=\"Th\u00e9ologien\" href=\"https:\/\/fr.wikipedia.org\/wiki\/Th%C3%A9ologien\">th\u00e9ologien<\/a>\u00a0et\u00a0<a title=\"Historien\" href=\"https:\/\/fr.wikipedia.org\/wiki\/Historien\">historien<\/a>\u00a0fran\u00e7ais d&rsquo;<a title=\"Moyen \u00c2ge\" href=\"https:\/\/fr.wikipedia.org\/wiki\/Moyen_%C3%82ge\">\u00e9poque m\u00e9di\u00e9vale<\/a>. Divers historiens positivistes le consid\u00e9r\u00e8rent comme un pr\u00e9curseur de la\u00a0<a class=\"mw-redirect\" title=\"M\u00e9thode historique\" href=\"https:\/\/fr.wikipedia.org\/wiki\/M%C3%A9thode_historique\">m\u00e9thode historique<\/a>, parce qu&rsquo;il recourait aux sources \u00e9crites, orales et mat\u00e9rielles, parce qu&rsquo;il op\u00e9rait leur recoupement mutuel et parce qu&rsquo;il se livrait \u00e0 une approche critique de leur contenu en fonction de leur degr\u00e9 de fiabilit\u00e9. Ainsi ses\u00a0<i><a title=\"Gesta Dei per Francos\" href=\"https:\/\/fr.wikipedia.org\/wiki\/Gesta_Dei_per_Francos\">Gesta Dei per Francos<\/a><\/i>, et principalement son\u00a0<i>De Pignoribus sanctorum<\/i>, furent-ils longtemps consid\u00e9r\u00e9s dans cette optique comme des ouvrages rationalisants, annonciateurs de\u00a0<a title=\"Jean Calvin\" href=\"https:\/\/fr.wikipedia.org\/wiki\/Jean_Calvin\">Calvin<\/a>\u00a0et de\u00a0<a title=\"Voltaire\" href=\"https:\/\/fr.wikipedia.org\/wiki\/Voltaire\">Voltaire<\/a><sup id=\"cite_ref-1\" class=\"reference\"><a href=\"https:\/\/fr.wikipedia.org\/wiki\/Guibert_de_Nogent#cite_note-1\">1<\/a><\/sup>. Mais ces titres de gloire sont remis en question par des auteurs plus r\u00e9cents qui soulignent l&rsquo;omnipr\u00e9sence du surnaturel dans les \u00e9crits de Guibert<sup id=\"cite_ref-2\" class=\"reference\"><a title=\"\" href=\"https:\/\/fr.wikipedia.org\/wiki\/Guibert_de_Nogent#cite_note-2\">2<\/a><\/sup>.<\/span><\/p>\n<blockquote class=\"wp-embedded-content\" data-secret=\"b7rbJIJPL1\"><p><a href=\"https:\/\/oraziopuglisi.art\/index.php\/les-historiens-du-moyen-age\/\">Les Historiens du Moyen Age<\/a><\/p><\/blockquote>\n<p><iframe loading=\"lazy\" class=\"wp-embedded-content\" sandbox=\"allow-scripts\" security=\"restricted\" style=\"position: absolute; visibility: hidden;\" title=\"\u00ab\u00a0Les Historiens du Moyen Age\u00a0\u00bb &#8212; Orazio Puglisi\" src=\"https:\/\/oraziopuglisi.art\/index.php\/les-historiens-du-moyen-age\/embed\/#?secret=e81BS9hK2k#?secret=b7rbJIJPL1\" data-secret=\"b7rbJIJPL1\" width=\"600\" height=\"338\" frameborder=\"0\" marginwidth=\"0\" marginheight=\"0\" scrolling=\"no\"><\/iframe><\/p>\n<p>&nbsp;<\/p>\n<blockquote class=\"wp-embedded-content\" data-secret=\"24A7NYroXt\"><p><a href=\"https:\/\/oraziopuglisi.art\/index.php\/chronologie\/\">Chronologie<\/a><\/p><\/blockquote>\n<p><iframe loading=\"lazy\" class=\"wp-embedded-content\" sandbox=\"allow-scripts\" security=\"restricted\" style=\"position: absolute; visibility: hidden;\" title=\"\u00ab\u00a0Chronologie\u00a0\u00bb &#8212; Orazio Puglisi\" src=\"https:\/\/oraziopuglisi.art\/index.php\/chronologie\/embed\/#?secret=Q6ou4x1yBU#?secret=24A7NYroXt\" data-secret=\"24A7NYroXt\" width=\"600\" height=\"338\" frameborder=\"0\" marginwidth=\"0\" marginheight=\"0\" scrolling=\"no\"><\/iframe><\/p>\n<blockquote class=\"wp-embedded-content\" data-secret=\"TIbX2BOvtV\"><p><a href=\"https:\/\/oraziopuglisi.art\/index.php\/chretien-de-troyes\/\">Chr\u00e9tien de Troyes<\/a><\/p><\/blockquote>\n<p><iframe loading=\"lazy\" class=\"wp-embedded-content\" sandbox=\"allow-scripts\" security=\"restricted\" style=\"position: absolute; visibility: hidden;\" title=\"\u00ab\u00a0Chr\u00e9tien de Troyes\u00a0\u00bb &#8212; Orazio Puglisi\" src=\"https:\/\/oraziopuglisi.art\/index.php\/chretien-de-troyes\/embed\/#?secret=ir2YBkgrGq#?secret=TIbX2BOvtV\" data-secret=\"TIbX2BOvtV\" width=\"600\" height=\"338\" frameborder=\"0\" marginwidth=\"0\" marginheight=\"0\" scrolling=\"no\"><\/iframe><\/p>\n<blockquote class=\"wp-embedded-content\" data-secret=\"1wmU4lhoPn\"><p><a href=\"https:\/\/oraziopuglisi.art\/index.php\/michel-pastoureau\/\">Michel Pastoureau<\/a><\/p><\/blockquote>\n<p><iframe loading=\"lazy\" class=\"wp-embedded-content\" sandbox=\"allow-scripts\" security=\"restricted\" style=\"position: absolute; visibility: hidden;\" title=\"\u00ab\u00a0Michel Pastoureau\u00a0\u00bb &#8212; Orazio Puglisi\" src=\"https:\/\/oraziopuglisi.art\/index.php\/michel-pastoureau\/embed\/#?secret=2mc8uK1Svy#?secret=1wmU4lhoPn\" data-secret=\"1wmU4lhoPn\" width=\"600\" height=\"338\" frameborder=\"0\" marginwidth=\"0\" marginheight=\"0\" scrolling=\"no\"><\/iframe><\/p>\n<blockquote class=\"wp-embedded-content\" data-secret=\"6dIU3QXDy0\"><p><a href=\"https:\/\/oraziopuglisi.art\/index.php\/georges-duby\/\">Georges Duby<\/a><\/p><\/blockquote>\n<p><iframe loading=\"lazy\" class=\"wp-embedded-content\" sandbox=\"allow-scripts\" security=\"restricted\" style=\"position: absolute; visibility: hidden;\" title=\"\u00ab\u00a0Georges Duby\u00a0\u00bb &#8212; Orazio Puglisi\" src=\"https:\/\/oraziopuglisi.art\/index.php\/georges-duby\/embed\/#?secret=G04TEPDVY6#?secret=6dIU3QXDy0\" data-secret=\"6dIU3QXDy0\" width=\"600\" height=\"338\" frameborder=\"0\" marginwidth=\"0\" marginheight=\"0\" scrolling=\"no\"><\/iframe><\/p>\n<blockquote class=\"wp-embedded-content\" data-secret=\"v0maxCUzmz\"><p><a href=\"https:\/\/oraziopuglisi.art\/index.php\/simone-roux\/\">Simone Roux<\/a><\/p><\/blockquote>\n<p><iframe loading=\"lazy\" class=\"wp-embedded-content\" sandbox=\"allow-scripts\" security=\"restricted\" style=\"position: absolute; visibility: hidden;\" title=\"\u00ab\u00a0Simone Roux\u00a0\u00bb &#8212; Orazio Puglisi\" src=\"https:\/\/oraziopuglisi.art\/index.php\/simone-roux\/embed\/#?secret=2AzsbiFoqM#?secret=v0maxCUzmz\" data-secret=\"v0maxCUzmz\" width=\"600\" height=\"338\" frameborder=\"0\" marginwidth=\"0\" marginheight=\"0\" scrolling=\"no\"><\/iframe><\/p>\n<blockquote class=\"wp-embedded-content\" data-secret=\"geUSjImzRZ\"><p><a href=\"https:\/\/oraziopuglisi.art\/index.php\/michel-zink\/\">Michel Zink<\/a><\/p><\/blockquote>\n<p><iframe loading=\"lazy\" class=\"wp-embedded-content\" sandbox=\"allow-scripts\" security=\"restricted\" style=\"position: absolute; visibility: hidden;\" title=\"\u00ab\u00a0Michel Zink\u00a0\u00bb &#8212; Orazio Puglisi\" src=\"https:\/\/oraziopuglisi.art\/index.php\/michel-zink\/embed\/#?secret=uRGKUjcpB9#?secret=geUSjImzRZ\" data-secret=\"geUSjImzRZ\" width=\"600\" height=\"338\" frameborder=\"0\" marginwidth=\"0\" marginheight=\"0\" scrolling=\"no\"><\/iframe><\/p>\n<blockquote class=\"wp-embedded-content\" data-secret=\"K5UoXAKHF8\"><p><a href=\"https:\/\/oraziopuglisi.art\/index.php\/regine-pernoud\/\">R\u00e9gine Pernoud<\/a><\/p><\/blockquote>\n<p><iframe loading=\"lazy\" class=\"wp-embedded-content\" sandbox=\"allow-scripts\" security=\"restricted\" style=\"position: absolute; visibility: hidden;\" title=\"\u00ab\u00a0R\u00e9gine Pernoud\u00a0\u00bb &#8212; Orazio Puglisi\" src=\"https:\/\/oraziopuglisi.art\/index.php\/regine-pernoud\/embed\/#?secret=eU6Qj8rGXp#?secret=K5UoXAKHF8\" data-secret=\"K5UoXAKHF8\" width=\"600\" height=\"338\" frameborder=\"0\" marginwidth=\"0\" marginheight=\"0\" scrolling=\"no\"><\/iframe><\/p>\n<p>&nbsp;<\/p>\n<p><a href=\"https:\/\/www.google.com\/search?q=Historiens+au+moyen+age&amp;rlz=1C1CHBF_frFR879FR879&amp;oq=Historiens+au+moyen+age+&amp;gs_lcrp=EgZjaHJvbWUyBggAEEUYOTIICAEQABgWGB4yCAgCEAAYFhge0gEKMTA3NzdqMGoxNagCCbACAQ&amp;sourceid=chrome&amp;ie=UTF-8\">Tous les historiens du Moyen \u00e2ge\u00a0<\/a><\/p>\n","protected":false},"excerpt":{"rendered":"<p>Image mise en avant : Guibert de Nogent\u00a0(1053, pr\u00e8s du village de\u00a0Catenoy\u00a0dans le\u00a0Beauvaisis\u00a0&#8211; \u2020 vers\u00a01125, \u00e0 l&rsquo;abbaye de Nogent-sous-Coucy, pr\u00e8s de\u00a0Soissons) est un\u00a0\u00e9crivain,\u00a0th\u00e9ologien\u00a0et\u00a0historien\u00a0fran\u00e7ais d&rsquo;\u00e9poque m\u00e9di\u00e9vale. Divers historiens positivistes le consid\u00e9r\u00e8rent comme un pr\u00e9curseur de la\u00a0m\u00e9thode historique, parce qu&rsquo;il recourait aux sources \u00e9crites, orales et mat\u00e9rielles, parce qu&rsquo;il op\u00e9rait leur recoupement mutuel et parce qu&rsquo;il se [&hellip;]<\/p>\n","protected":false},"author":1,"featured_media":15358,"parent":0,"menu_order":0,"comment_status":"closed","ping_status":"closed","template":"","meta":{"footnotes":""},"class_list":["post-12137","page","type-page","status-publish","has-post-thumbnail","hentry"],"_links":{"self":[{"href":"https:\/\/oraziopuglisi.art\/index.php\/wp-json\/wp\/v2\/pages\/12137","targetHints":{"allow":["GET"]}}],"collection":[{"href":"https:\/\/oraziopuglisi.art\/index.php\/wp-json\/wp\/v2\/pages"}],"about":[{"href":"https:\/\/oraziopuglisi.art\/index.php\/wp-json\/wp\/v2\/types\/page"}],"author":[{"embeddable":true,"href":"https:\/\/oraziopuglisi.art\/index.php\/wp-json\/wp\/v2\/users\/1"}],"replies":[{"embeddable":true,"href":"https:\/\/oraziopuglisi.art\/index.php\/wp-json\/wp\/v2\/comments?post=12137"}],"version-history":[{"count":15,"href":"https:\/\/oraziopuglisi.art\/index.php\/wp-json\/wp\/v2\/pages\/12137\/revisions"}],"predecessor-version":[{"id":22423,"href":"https:\/\/oraziopuglisi.art\/index.php\/wp-json\/wp\/v2\/pages\/12137\/revisions\/22423"}],"wp:featuredmedia":[{"embeddable":true,"href":"https:\/\/oraziopuglisi.art\/index.php\/wp-json\/wp\/v2\/media\/15358"}],"wp:attachment":[{"href":"https:\/\/oraziopuglisi.art\/index.php\/wp-json\/wp\/v2\/media?parent=12137"}],"curies":[{"name":"wp","href":"https:\/\/api.w.org\/{rel}","templated":true}]}}