{"id":12119,"date":"2024-08-31T17:32:09","date_gmt":"2024-08-31T15:32:09","guid":{"rendered":"https:\/\/oraziopuglisi.art\/?page_id=12119"},"modified":"2024-08-31T17:32:58","modified_gmt":"2024-08-31T15:32:58","slug":"travaux-des-xxe-et-xxie-siecles","status":"publish","type":"page","link":"https:\/\/oraziopuglisi.art\/index.php\/travaux-des-xxe-et-xxie-siecles\/","title":{"rendered":"Travaux des XXe et XXIe si\u00e8cles"},"content":{"rendered":"<ul>\n<li style=\"text-align: justify;\"><a title=\"Joseph Anglade\" href=\"https:\/\/fr.wikipedia.org\/wiki\/Joseph_Anglade\">Joseph Anglade<\/a>,\u00a0<i>Les troubadours<\/i>, 1919\u00a0<a class=\"external text\" href=\"https:\/\/gallica.bnf.fr\/ark:\/12148\/bpt6k220842g.r=po%C3%A9sies%20choisies%20troubadours?rk=42918;4\" rel=\"nofollow\">Lire en ligne<\/a><small class=\"cachelinks\">\u00a0[<a title=\"archive sur Wikiwix\" href=\"https:\/\/archive.wikiwix.com\/cache\/?url=https%3A%2F%2Fgallica.bnf.fr%2Fark%3A%2F12148%2Fbpt6k220842g.r%3Dpo%25C3%25A9sies%2520choisies%2520troubadours%3Frk%3D42918%3B4\">archive<\/a>]<\/small><\/li>\n<li style=\"text-align: justify;\"><a class=\"mw-redirect\" title=\"John W. Baldwin\" href=\"https:\/\/fr.wikipedia.org\/wiki\/John_W._Baldwin\">John W. Baldwin<\/a>,\u00a0<i>Les langages de l&rsquo;amour dans la France de Philippe Auguste<\/i>, Paris, Fayard, 1997.<\/li>\n<li style=\"text-align: justify;\">Reto Bezzola,\u00a0<i>Les Origines et la Formation de la litt\u00e9rature courtoise en Occident<\/i>, 5\u00a0<abbr class=\"abbr\" title=\"vol.\"><abbr class=\"abbr\" title=\"volume\">vol.<\/abbr><\/abbr>, Champion, 1958-1963.<\/li>\n<li style=\"text-align: justify;\"><a title=\"Ren\u00e9 Nelli\" href=\"https:\/\/fr.wikipedia.org\/wiki\/Ren%C3%A9_Nelli\">Ren\u00e9 Nelli<\/a>,\u00a0<i>L&rsquo;\u00c9rotique des troubadours<\/i>, Toulouse, Privat, 1963.<\/li>\n<li style=\"text-align: justify;\">Ren\u00e9 Nelli,\u00a0<i>Flamenca, un art d&rsquo;aimer occitanien du\u00a0<abbr class=\"abbr\" title=\"13\u1d49 si\u00e8cle\"><span class=\"romain\">XIII<\/span><sup>e<\/sup><\/abbr>\u00a0si\u00e8cle<\/i>, Toulouse, Institut d&rsquo;\u00e9tudes occitanes, 1966.<\/li>\n<li style=\"text-align: justify;\">Jean-Claude Vadet,\u00a0<i>L&rsquo;Esprit courtois en Orient dans les cinq premiers si\u00e8cles de l&rsquo;H\u00e9gire<\/i>, Maisonneuve et Larose, Paris, 1968.<\/li>\n<li style=\"text-align: justify;\"><a title=\"Henri-Ir\u00e9n\u00e9e Marrou\" href=\"https:\/\/fr.wikipedia.org\/wiki\/Henri-Ir%C3%A9n%C3%A9e_Marrou\">Henri-Ir\u00e9n\u00e9e Marrou<\/a>,\u00a0<i>Les Troubadours<\/i>, Seuil,\u00a0<abbr class=\"abbr\" title=\"collection\">coll.<\/abbr>\u00a0\u00ab\u00a0Points Histoire\u00a0\u00bb, 1971.<\/li>\n<li style=\"text-align: justify;\"><a title=\"Jean Markale\" href=\"https:\/\/fr.wikipedia.org\/wiki\/Jean_Markale\">Jean Markale<\/a>,\u00a0<i>L&rsquo;Amour courtois, ou le couple infernal<\/i>, Paris, Imago, 1987.<\/li>\n<li style=\"text-align: justify;\"><a title=\"Michel Clouscard\" href=\"https:\/\/fr.wikipedia.org\/wiki\/Michel_Clouscard\">Michel Clouscard<\/a>,\u00a0<i>Trait\u00e9 de l&rsquo;amour fou, gen\u00e8se de l&rsquo;Occident<\/i>, Paris, Scand\u00e9ditions-\u00c9ditions sociales, 1993,\u00a0<small>(<a title=\"International Standard Book Number\" href=\"https:\/\/fr.wikipedia.org\/wiki\/International_Standard_Book_Number\">ISBN<\/a>\u00a0<a title=\"Sp\u00e9cial:Ouvrages de r\u00e9f\u00e9rence\/978-2209068623\" href=\"https:\/\/fr.wikipedia.org\/wiki\/Sp%C3%A9cial:Ouvrages_de_r%C3%A9f%C3%A9rence\/978-2209068623\"><span class=\"nowrap\">978-2209068623<\/span><\/a>)<\/small>.<\/li>\n<li style=\"text-align: justify;\">Reto Bezzola,\u00a0<i>La Soci\u00e9t\u00e9 courtoise. Litt\u00e9rature de cour et litt\u00e9rature courtoise<\/i>, Slatkine, 2000\u00a0<small>(<a title=\"International Standard Book Number\" href=\"https:\/\/fr.wikipedia.org\/wiki\/International_Standard_Book_Number\">ISBN<\/a>\u00a0<a title=\"Sp\u00e9cial:Ouvrages de r\u00e9f\u00e9rence\/2051005435\" href=\"https:\/\/fr.wikipedia.org\/wiki\/Sp%C3%A9cial:Ouvrages_de_r%C3%A9f%C3%A9rence\/2051005435\"><span class=\"nowrap\">2051005435<\/span><\/a>)<\/small>,<\/li>\n<li style=\"text-align: justify;\"><a class=\"new\" title=\"Emmanuel-Juste Duits (page inexistante)\" href=\"https:\/\/fr.wikipedia.org\/w\/index.php?title=Emmanuel-Juste_Duits&amp;action=edit&amp;redlink=1\">Emmanuel-Juste Duits<\/a>,\u00a0<i>L&rsquo;Autre d\u00e9sir (du sadomasochisme \u00e0 l&rsquo;amour courtois)<\/i>,\u00a0<abbr class=\"abbr\" title=\"collection\">coll.<\/abbr>\u00a0\u00ab\u00a0L&rsquo;Attrape-corps\u00a0\u00bb, La Musardine, 2000.<\/li>\n<li style=\"text-align: justify;\"><a title=\"Denis de Rougemont\" href=\"https:\/\/fr.wikipedia.org\/wiki\/Denis_de_Rougemont\">Denis de Rougemont<\/a>,\u00a0<i><a title=\"L'Amour et l'Occident\" href=\"https:\/\/fr.wikipedia.org\/wiki\/L%27Amour_et_l%27Occident\">L&rsquo;Amour et l&rsquo;Occident<\/a><\/i>, \u00e9ditions 10\/18, 2001 (r\u00e9\u00e9dition)\u00a0<small>(<a title=\"International Standard Book Number\" href=\"https:\/\/fr.wikipedia.org\/wiki\/International_Standard_Book_Number\">ISBN<\/a>\u00a0<a title=\"Sp\u00e9cial:Ouvrages de r\u00e9f\u00e9rence\/2264033134\" href=\"https:\/\/fr.wikipedia.org\/wiki\/Sp%C3%A9cial:Ouvrages_de_r%C3%A9f%C3%A9rence\/2264033134\"><span class=\"nowrap\">2264033134<\/span><\/a>)<\/small>.<\/li>\n<li style=\"text-align: justify;\"><a title=\"Estelle Doudet\" href=\"https:\/\/fr.wikipedia.org\/wiki\/Estelle_Doudet\">Estelle Doudet<\/a>,\u00a0<i>L&rsquo;Amour courtois et la chevalerie<\/i>\u00a0(Des troubadours \u00e0 Chr\u00e9tien de Troyes) Librio, 2004.<\/li>\n<li style=\"text-align: justify;\"><a class=\"new\" title=\"Michel Larroque (page inexistante)\" href=\"https:\/\/fr.wikipedia.org\/w\/index.php?title=Michel_Larroque&amp;action=edit&amp;redlink=1\">Michel Larroque<\/a>,\u00a0<i>Esquisse d&rsquo;une philosophie de l&rsquo;amour<\/i>, L&rsquo;Harmattan 2006.<\/li>\n<li style=\"text-align: justify;\">Mohammed Abbassa,\u00a0<i>Les Sources de l&rsquo;amour courtois des troubadours<\/i>, Annales du patrimoine, 08\/2008.<\/li>\n<li style=\"text-align: justify;\">C\u00e9line et Pierre Lassalle,\u00a0<i>L&rsquo;H\u00e9ro\u00efsme de l&rsquo;amour, de l&rsquo;amour courtois \u00e0 l&rsquo;amour vertueux<\/i>, De Mortagne, 2009.<\/li>\n<li style=\"text-align: justify;\">Charles Baladier,\u00a0<i>Aventure et discours dans l&rsquo;amour courtois<\/i>,\u00a0<a class=\"mw-redirect\" title=\"\u00c9ditions Hermann\" href=\"https:\/\/fr.wikipedia.org\/wiki\/%C3%89ditions_Hermann\">\u00c9ditions Hermann<\/a>,\u00a0<a title=\"2010\" href=\"https:\/\/fr.wikipedia.org\/wiki\/2010\">2010<\/a>,\u00a0<small>(<a title=\"International Standard Book Number\" href=\"https:\/\/fr.wikipedia.org\/wiki\/International_Standard_Book_Number\">ISBN<\/a>\u00a0<a title=\"Sp\u00e9cial:Ouvrages de r\u00e9f\u00e9rence\/978 2 7056 7022 1\" href=\"https:\/\/fr.wikipedia.org\/wiki\/Sp%C3%A9cial:Ouvrages_de_r%C3%A9f%C3%A9rence\/978_2_7056_7022_1\"><span class=\"nowrap\">978 2 7056 7022 1<\/span><\/a>)<\/small>.<\/li>\n<li style=\"text-align: justify;\"><a title=\"S\u00e9bastien Nadot\" href=\"https:\/\/fr.wikipedia.org\/wiki\/S%C3%A9bastien_Nadot\">S\u00e9bastien Nadot<\/a>,\u00a0<i>Rompez les lances\u00a0! Chevaliers et tournois au Moyen \u00c2ge<\/i>, Paris, Autrement, 2010.<\/li>\n<li style=\"text-align: justify;\"><span id=\"Stenta2011\" class=\"ouvrage\"><span id=\"Miqu\u00e8la_Stenta2011\" class=\"ouvrage\">Miqu\u00e8la Stenta,\u00a0<cite class=\"italique\">Les valeurs de la soci\u00e9t\u00e9 de cortesia en pays d&rsquo;Oc aux\u00a0<abbr class=\"abbr\" title=\"12\u1d49 si\u00e8cle\"><span class=\"romain\">XII<\/span><sup>e<\/sup><\/abbr>\u00a0et\u00a0<abbr class=\"abbr\" title=\"13\u1d49 si\u00e8cle\"><span class=\"romain\">XIII<\/span><sup>e<\/sup><\/abbr>\u00a0si\u00e8cles<\/cite>, Las edicions dau chamin de sent Jaume,\u00a0<time>2011<\/time>, 60\u00a0<abbr class=\"abbr\" title=\"pages\">p.<\/abbr>\u00a0<small>(<a title=\"International Standard Book Number\" href=\"https:\/\/fr.wikipedia.org\/wiki\/International_Standard_Book_Number\">ISBN<\/a>\u00a0<a title=\"Sp\u00e9cial:Ouvrages de r\u00e9f\u00e9rence\/978-2-913238-45-9\" href=\"https:\/\/fr.wikipedia.org\/wiki\/Sp%C3%A9cial:Ouvrages_de_r%C3%A9f%C3%A9rence\/978-2-913238-45-9\"><span class=\"nowrap\">978-2-913238-45-9<\/span><\/a>)<\/small><\/span><\/span>.<span class=\"nowrap\" title=\"Ouvrage utilis\u00e9 pour la r\u00e9daction de l'article\">\u00a0<img loading=\"lazy\" decoding=\"async\" class=\"mw-file-element\" src=\"https:\/\/upload.wikimedia.org\/wikipedia\/commons\/thumb\/b\/bc\/Icon_flat_design_plume.svg\/20px-Icon_flat_design_plume.svg.png\" srcset=\"\/\/upload.wikimedia.org\/wikipedia\/commons\/thumb\/b\/bc\/Icon_flat_design_plume.svg\/30px-Icon_flat_design_plume.svg.png 1.5x, \/\/upload.wikimedia.org\/wikipedia\/commons\/thumb\/b\/bc\/Icon_flat_design_plume.svg\/40px-Icon_flat_design_plume.svg.png 2x\" alt=\"Ouvrage utilis\u00e9 pour la r\u00e9daction de l'article\" width=\"20\" height=\"10\" data-file-width=\"330\" data-file-height=\"158\" \/><\/span><\/li>\n<li style=\"text-align: justify;\">.<span id=\"Nadot2012\" class=\"ouvrage\"><span id=\"S\u00e9bastien_Nadot2012\" class=\"ouvrage\">S\u00e9bastien\u00a0<span class=\"nom_auteur\">Nadot<\/span>\u00a0(<abbr class=\"abbr\" title=\"pr\u00e9face\">pr\u00e9f.<\/abbr>\u00a0Adeline Rucquoi),\u00a0<cite class=\"italique\">Le spectacle des joutes\u00a0: sport et courtoisie \u00e0 la fin du Moyen \u00c2ge<\/cite>, Rennes,\u00a0<a title=\"Presses universitaires de Rennes\" href=\"https:\/\/fr.wikipedia.org\/wiki\/Presses_universitaires_de_Rennes\">Presses universitaires de Rennes<\/a>,\u00a0<abbr class=\"abbr\" title=\"collection\">coll.<\/abbr>\u00a0\u00ab\u00a0Histoire\u00a0\u00bb,\u00a0<time>2012<\/time>, 351\u00a0<abbr class=\"abbr\" title=\"pages\">p.<\/abbr>\u00a0<small>(<a title=\"International Standard Book Number\" href=\"https:\/\/fr.wikipedia.org\/wiki\/International_Standard_Book_Number\">ISBN<\/a>\u00a0<a title=\"Sp\u00e9cial:Ouvrages de r\u00e9f\u00e9rence\/978-2-7535-2148-3\" href=\"https:\/\/fr.wikipedia.org\/wiki\/Sp%C3%A9cial:Ouvrages_de_r%C3%A9f%C3%A9rence\/978-2-7535-2148-3\"><span class=\"nowrap\">978-2-7535-2148-3<\/span><\/a>,\u00a0<a class=\"external text\" href=\"http:\/\/www.persee.fr\/doc\/anami_0003-4398_1971_num_83_102_4712_t1_0239_0000_4\" rel=\"nofollow\">pr\u00e9sentation en ligne<\/a><small class=\"cachelinks\">\u00a0[<a title=\"archive sur Wikiwix\" href=\"https:\/\/archive.wikiwix.com\/cache\/?url=http%3A%2F%2Fwww.persee.fr%2Fdoc%2Fanami_0003-4398_1971_num_83_102_4712_t1_0239_0000_4\">archive<\/a>]<\/small>)<\/small><\/span><\/span>.<\/li>\n<\/ul>\n","protected":false},"excerpt":{"rendered":"<p>Joseph Anglade,\u00a0Les troubadours, 1919\u00a0Lire en ligne\u00a0[archive] John W. Baldwin,\u00a0Les langages de l&rsquo;amour dans la France de Philippe Auguste, Paris, Fayard, 1997. Reto Bezzola,\u00a0Les Origines et la Formation de la litt\u00e9rature courtoise en Occident, 5\u00a0vol., Champion, 1958-1963. Ren\u00e9 Nelli,\u00a0L&rsquo;\u00c9rotique des troubadours, Toulouse, Privat, 1963. Ren\u00e9 Nelli,\u00a0Flamenca, un art d&rsquo;aimer occitanien du\u00a0XIIIe\u00a0si\u00e8cle, Toulouse, Institut d&rsquo;\u00e9tudes occitanes, 1966. [&hellip;]<\/p>\n","protected":false},"author":1,"featured_media":0,"parent":0,"menu_order":0,"comment_status":"closed","ping_status":"closed","template":"","meta":{"footnotes":""},"class_list":["post-12119","page","type-page","status-publish","hentry"],"_links":{"self":[{"href":"https:\/\/oraziopuglisi.art\/index.php\/wp-json\/wp\/v2\/pages\/12119","targetHints":{"allow":["GET"]}}],"collection":[{"href":"https:\/\/oraziopuglisi.art\/index.php\/wp-json\/wp\/v2\/pages"}],"about":[{"href":"https:\/\/oraziopuglisi.art\/index.php\/wp-json\/wp\/v2\/types\/page"}],"author":[{"embeddable":true,"href":"https:\/\/oraziopuglisi.art\/index.php\/wp-json\/wp\/v2\/users\/1"}],"replies":[{"embeddable":true,"href":"https:\/\/oraziopuglisi.art\/index.php\/wp-json\/wp\/v2\/comments?post=12119"}],"version-history":[{"count":3,"href":"https:\/\/oraziopuglisi.art\/index.php\/wp-json\/wp\/v2\/pages\/12119\/revisions"}],"predecessor-version":[{"id":12122,"href":"https:\/\/oraziopuglisi.art\/index.php\/wp-json\/wp\/v2\/pages\/12119\/revisions\/12122"}],"wp:attachment":[{"href":"https:\/\/oraziopuglisi.art\/index.php\/wp-json\/wp\/v2\/media?parent=12119"}],"curies":[{"name":"wp","href":"https:\/\/api.w.org\/{rel}","templated":true}]}}