{"id":12114,"date":"2024-08-31T17:29:11","date_gmt":"2024-08-31T15:29:11","guid":{"rendered":"https:\/\/oraziopuglisi.art\/?page_id=12114"},"modified":"2024-08-31T17:29:58","modified_gmt":"2024-08-31T15:29:58","slug":"travaux-erudits-des-xviiie-et-xixe-siecles","status":"publish","type":"page","link":"https:\/\/oraziopuglisi.art\/index.php\/travaux-erudits-des-xviiie-et-xixe-siecles\/","title":{"rendered":"Travaux \u00e9rudits des XVIIIe et XIXe si\u00e8cles"},"content":{"rendered":"<ul>\n<li style=\"text-align: justify;\"><a title=\"Jean-Baptiste de La Curne de Sainte-Palaye\" href=\"https:\/\/fr.wikipedia.org\/wiki\/Jean-Baptiste_de_La_Curne_de_Sainte-Palaye\">Jean-Baptiste de La Curne de Sainte-Palaye<\/a>,\u00a0<i>Histoire litt\u00e9raire des troubadours<\/i>, Paris, Durand neveu, 1774, 2 volumes.<\/li>\n<li style=\"text-align: justify;\"><a class=\"mw-redirect\" title=\"Fran\u00e7ois Just Marie Raynouard\" href=\"https:\/\/fr.wikipedia.org\/wiki\/Fran%C3%A7ois_Just_Marie_Raynouard\">Raynouard<\/a>,\u00a0<i>La Grammaire des troubadours<\/i>, 3 vol., 1816 (Tome I\u00a0:\u00a0<a class=\"extiw\" title=\"iarchive:histoiredelapo00fauruoft\" href=\"https:\/\/archive.org\/details\/histoiredelapo00fauruoft\">Lire en ligne<\/a>, Tome II\u00a0:\u00a0<a class=\"extiw\" title=\"iarchive:grammaireromane00jusgoog\" href=\"https:\/\/archive.org\/details\/grammaireromane00jusgoog\">Lire en ligne<\/a>, Tome III\u00a0:\u00a0<a class=\"extiw\" title=\"iarchive:bub gb LKSCbf12WP8C\" href=\"https:\/\/archive.org\/details\/bub_gb_LKSCbf12WP8C\">Lire en ligne<\/a>)<\/li>\n<li style=\"text-align: justify;\"><a class=\"mw-redirect\" title=\"Fran\u00e7ois Just Marie Raynouard\" href=\"https:\/\/fr.wikipedia.org\/wiki\/Fran%C3%A7ois_Just_Marie_Raynouard\">Raynouard<\/a>,\u00a0<i>Des troubadours et les cours d\u2019amour<\/i>, 1817\u00a0<a class=\"extiw\" title=\"iarchive:destroubadourset00rayn\" href=\"https:\/\/archive.org\/details\/destroubadourset00rayn\">Lire en ligne<\/a><\/li>\n<li style=\"text-align: justify;\"><a class=\"mw-redirect\" title=\"Fran\u00e7ois Just Marie Raynouard\" href=\"https:\/\/fr.wikipedia.org\/wiki\/Fran%C3%A7ois_Just_Marie_Raynouard\">Raynouard<\/a>,\u00a0<i>Choix des po\u00e9sies originales des troubadours<\/i>, 6 vol., 1816-1821<\/li>\n<li style=\"text-align: justify;\"><a title=\"Claude Fauriel\" href=\"https:\/\/fr.wikipedia.org\/wiki\/Claude_Fauriel\">Claude Fauriel<\/a>,\u00a0<i>De l&rsquo;origine de l&rsquo;\u00e9pop\u00e9e chevaleresque du Moyen-\u00c2ge<\/i>, 1832\u00a0<a class=\"extiw\" title=\"iarchive:deloriginedelpo00faurgoog\" href=\"https:\/\/archive.org\/details\/deloriginedelpo00faurgoog\">Lire en ligne<\/a><\/li>\n<li style=\"text-align: justify;\"><a class=\"new\" title=\"Fr\u00e9d\u00e9ric Diez (page inexistante)\" href=\"https:\/\/fr.wikipedia.org\/w\/index.php?title=Fr%C3%A9d%C3%A9ric_Diez&amp;action=edit&amp;redlink=1\">Fr\u00e9d\u00e9ric Diez<\/a>,\u00a0<i>Essai sur les cours d&rsquo;Amour<\/i>, Editions Jules Labitte, 1842\u00a0<a class=\"external text\" href=\"https:\/\/gallica.bnf.fr\/ark:\/12148\/bpt6k5807776n\" rel=\"nofollow\">Lire en ligne<\/a><small class=\"cachelinks\">\u00a0[<a title=\"archive sur Wikiwix\" href=\"https:\/\/archive.wikiwix.com\/cache\/?url=https%3A%2F%2Fgallica.bnf.fr%2Fark%3A%2F12148%2Fbpt6k5807776n\">archive<\/a>]<\/small><\/li>\n<li style=\"text-align: justify;\"><a title=\"Claude Fauriel\" href=\"https:\/\/fr.wikipedia.org\/wiki\/Claude_Fauriel\">Claude Fauriel<\/a>,\u00a0<i>Histoire de la po\u00e9sie proven\u00e7ale<\/i>, Edition Jules Labitte, 1846\u00a0<a class=\"extiw\" title=\"iarchive:bub gb Pl4tLGOsdLsC\" href=\"https:\/\/archive.org\/details\/bub_gb_Pl4tLGOsdLsC\">Lire en ligne<\/a><\/li>\n<li style=\"text-align: justify;\"><a title=\"Matfre Ermengau\" href=\"https:\/\/fr.wikipedia.org\/wiki\/Matfre_Ermengau\">Matfre Ermengau<\/a>,\u00a0<i>Le Breviari d&rsquo;amor<\/i>, introd. et glossaire, par G. Aza\u00efs, B\u00e9ziers, Paris, 1862.<\/li>\n<\/ul>\n","protected":false},"excerpt":{"rendered":"<p>Jean-Baptiste de La Curne de Sainte-Palaye,\u00a0Histoire litt\u00e9raire des troubadours, Paris, Durand neveu, 1774, 2 volumes. Raynouard,\u00a0La Grammaire des troubadours, 3 vol., 1816 (Tome I\u00a0:\u00a0Lire en ligne, Tome II\u00a0:\u00a0Lire en ligne, Tome III\u00a0:\u00a0Lire en ligne) Raynouard,\u00a0Des troubadours et les cours d\u2019amour, 1817\u00a0Lire en ligne Raynouard,\u00a0Choix des po\u00e9sies originales des troubadours, 6 vol., 1816-1821 Claude Fauriel,\u00a0De l&rsquo;origine [&hellip;]<\/p>\n","protected":false},"author":1,"featured_media":0,"parent":0,"menu_order":0,"comment_status":"closed","ping_status":"closed","template":"","meta":{"footnotes":""},"class_list":["post-12114","page","type-page","status-publish","hentry"],"_links":{"self":[{"href":"https:\/\/oraziopuglisi.art\/index.php\/wp-json\/wp\/v2\/pages\/12114","targetHints":{"allow":["GET"]}}],"collection":[{"href":"https:\/\/oraziopuglisi.art\/index.php\/wp-json\/wp\/v2\/pages"}],"about":[{"href":"https:\/\/oraziopuglisi.art\/index.php\/wp-json\/wp\/v2\/types\/page"}],"author":[{"embeddable":true,"href":"https:\/\/oraziopuglisi.art\/index.php\/wp-json\/wp\/v2\/users\/1"}],"replies":[{"embeddable":true,"href":"https:\/\/oraziopuglisi.art\/index.php\/wp-json\/wp\/v2\/comments?post=12114"}],"version-history":[{"count":3,"href":"https:\/\/oraziopuglisi.art\/index.php\/wp-json\/wp\/v2\/pages\/12114\/revisions"}],"predecessor-version":[{"id":12117,"href":"https:\/\/oraziopuglisi.art\/index.php\/wp-json\/wp\/v2\/pages\/12114\/revisions\/12117"}],"wp:attachment":[{"href":"https:\/\/oraziopuglisi.art\/index.php\/wp-json\/wp\/v2\/media?parent=12114"}],"curies":[{"name":"wp","href":"https:\/\/api.w.org\/{rel}","templated":true}]}}