{"id":12074,"date":"2024-08-29T23:20:39","date_gmt":"2024-08-29T21:20:39","guid":{"rendered":"https:\/\/oraziopuglisi.art\/?page_id=12074"},"modified":"2024-08-29T23:32:11","modified_gmt":"2024-08-29T21:32:11","slug":"histoire-de-la-langue-allemande","status":"publish","type":"page","link":"https:\/\/oraziopuglisi.art\/index.php\/histoire-de-la-langue-allemande\/","title":{"rendered":"Histoire de la Langue Allemande"},"content":{"rendered":"<form action=\"https:\/\/www.paypal.com\/donate\" method=\"post\" target=\"_top\"><input name=\"hosted_button_id\" type=\"hidden\" value=\"QSSRVLDUKP2MG\" \/> <input title=\"PayPal - The safer, easier way to pay online!\" alt=\"Bouton Faites un don avec PayPal\" name=\"submit\" src=\"https:\/\/www.paypalobjects.com\/fr_FR\/FR\/i\/btn\/btn_donateCC_LG.gif\" type=\"image\" \/><img loading=\"lazy\" decoding=\"async\" src=\"https:\/\/www.paypal.com\/fr_FR\/i\/scr\/pixel.gif\" alt=\"\" width=\"1\" height=\"1\" border=\"0\" \/><img loading=\"lazy\" decoding=\"async\" src=\"https:\/\/www.paypal.com\/fr_FR\/i\/scr\/pixel.gif\" alt=\"\" width=\"1\" height=\"1\" border=\"0\" \/><\/form>\n<form action=\"https:\/\/www.paypal.com\/donate\" method=\"post\" target=\"_top\"><input name=\"hosted_button_id\" type=\"hidden\" value=\"KUYGR8EGYTG64\" \/>  <\/p>\n<p style=\"text-align: center;\"><span style=\"color: #ff0000;\">Faire un don par Qr Code<\/span><\/p>\n<p style=\"text-align: center;\"><a href=\"http:\/\/xn--vidosechecsenligne-dwb.com\/wp-content\/uploads\/2022\/05\/QR-code.png\"><img loading=\"lazy\" decoding=\"async\" class=\"alignnone size-full wp-image-36569\" src=\"http:\/\/xn--vidosechecsenligne-dwb.com\/wp-content\/uploads\/2022\/05\/QR-code.png\" alt=\"\" width=\"192\" height=\"192\" \/><\/a><\/p>\n<p style=\"text-align: center;\"><a href=\"https:\/\/www.amazon.fr\/Livres-Orazio-Puglisi\/s?rh=n%3A301061%2Cp_27%3AOrazio+Puglisi\">Achetez mes livres <\/a><\/p>\n<p>&nbsp;<\/p>\n<p>&nbsp;<\/p>\n<p style=\"text-align: center;\">Virement bancaire<\/p>\n<\/form>\n<form action=\"https:\/\/www.paypal.com\/cgi-bin\/webscr\" method=\"post\" target=\"_top\">\n<p style=\"text-align: center;\"><span style=\"font-family: 'book antiqua', palatino, serif;\">IBAN FR81 2004 1010 0820 6402 0P02 955<\/span><\/p>\n<p style=\"text-align: center;\"><span style=\"font-family: 'book antiqua', palatino, serif;\">BIC PSSTFRPPMAR<\/span><\/p>\n<p style=\"text-align: center;\"><span style=\"font-family: 'book antiqua', palatino, serif;\">Orazio Puglisi<\/span><\/p>\n<p style=\"text-align: center;\"><span style=\"font-family: 'book antiqua', palatino, serif;\">06 14 35 15 52<\/span><\/p>\n<p style=\"text-align: center;\"><span style=\"font-family: 'book antiqua', palatino, serif;\"><a href=\"mailto:oraziopuglisi@gmail.com\">oraziopuglisi@gmail.com<\/a><\/span><\/p>\n<p style=\"text-align: center;\"><span style=\"font-family: 'book antiqua', palatino, serif;\"><a href=\"mailto:puglisiorazio@wanadoo.fr\">puglisiorazio@wanadoo.fr<\/a><\/span><\/p>\n<\/form>\n<form action=\"https:\/\/www.paypal.com\/cgi-bin\/webscr\" method=\"post\" target=\"_top\">\n<p style=\"text-align: center;\"><span style=\"font-family: 'book antiqua', palatino, serif;\"><input name=\"cmd\" type=\"hidden\" value=\"_s-xclick\" \/><\/span><\/p>\n<p style=\"text-align: center;\"><span style=\"font-family: 'book antiqua', palatino, serif;\"><input name=\"hosted_button_id\" type=\"hidden\" value=\"B9KUAAXX2KE3G\" \/><\/span><\/p>\n<p><span style=\"font-family: 'book antiqua', palatino, serif;\"><img loading=\"lazy\" decoding=\"async\" class=\"aligncenter\" src=\"https:\/\/www.paypalobjects.com\/fr_FR\/i\/scr\/pixel.gif\" alt=\"\" width=\"1\" height=\"1\" border=\"0\" \/><\/span><\/p>\n<p style=\"text-align: center;\"><a href=\"https:\/\/fr.wikipedia.org\/wiki\/Histoire_de_la_langue_allemande\">Histoire de la Langue Allemande<\/a><\/p>\n<p style=\"text-align: justify;\">L\u2019<b>histoire de la\u00a0<a title=\"Allemand\" href=\"https:\/\/fr.wikipedia.org\/wiki\/Allemand\">langue allemande<\/a><\/b>\u00a0en tant que langue distincte des autres\u00a0<a title=\"Langues germaniques occidentales\" href=\"https:\/\/fr.wikipedia.org\/wiki\/Langues_germaniques_occidentales\">langues germaniques occidentales<\/a>\u00a0d\u00e9bute au\u00a0<a class=\"mw-redirect\" title=\"Chronologie du Haut Moyen \u00c2ge\" href=\"https:\/\/fr.wikipedia.org\/wiki\/Chronologie_du_Haut_Moyen_%C3%82ge\">haut Moyen \u00c2ge<\/a>, lors de la\u00a0<a class=\"mw-redirect\" title=\"Seconde mutation consonantique\" href=\"https:\/\/fr.wikipedia.org\/wiki\/Seconde_mutation_consonantique\">seconde mutation consonantique<\/a>. Durant le\u00a0<a title=\"Saint-Empire romain germanique\" href=\"https:\/\/fr.wikipedia.org\/wiki\/Saint-Empire_romain_germanique\">Saint-Empire romain germanique<\/a>\u00a0se sont succ\u00e9d\u00e9 le\u00a0<a title=\"Vieux haut allemand\" href=\"https:\/\/fr.wikipedia.org\/wiki\/Vieux_haut_allemand\">vieux haut allemand<\/a>, le\u00a0<a title=\"Moyen haut allemand\" href=\"https:\/\/fr.wikipedia.org\/wiki\/Moyen_haut_allemand\">moyen haut allemand<\/a>\u00a0et l\u2019<a class=\"new\" title=\"Allemand moderne naissant (page inexistante)\" href=\"https:\/\/fr.wikipedia.org\/w\/index.php?title=Allemand_moderne_naissant&amp;action=edit&amp;redlink=1\">allemand moderne naissant<\/a>. Les\u00a0<abbr class=\"abbr\" title=\"19\u1d49 si\u00e8cle\"><span class=\"romain\">XIX<\/span><sup>e<\/sup><\/abbr>\u00a0et\u00a0<abbr class=\"abbr\" title=\"20\u1d49 si\u00e8cle\"><span class=\"romain\">XX<\/span><sup>e<\/sup><\/abbr>\u00a0si\u00e8cles ont vu l\u2019apparition de l\u2019<a title=\"Allemand standard\" href=\"https:\/\/fr.wikipedia.org\/wiki\/Allemand_standard\">allemand standard<\/a>\u00a0et la disparition progressive des vari\u00e9t\u00e9s dialectales.<\/p>\n<div class=\"mw-heading mw-heading2\" style=\"text-align: justify;\">\n<h2 id=\"Haut_allemand\">Haut allemand<\/h2>\n<\/div>\n<div class=\"mw-heading mw-heading3\" style=\"text-align: justify;\">\n<h3 id=\"Vieux_haut_allemand\">Vieux haut allemand<\/h3>\n<\/div>\n<figure class=\"mw-halign-right\" style=\"text-align: justify;\"><a class=\"mw-file-description\" href=\"https:\/\/commons.wikimedia.org\/wiki\/File:AlthochdeutscheSprachr%C3%A4ume962_Box.jpg?uselang=fr\"><img loading=\"lazy\" decoding=\"async\" class=\"mw-file-element\" src=\"https:\/\/upload.wikimedia.org\/wikipedia\/commons\/thumb\/4\/42\/AlthochdeutscheSprachr%C3%A4ume962_Box.jpg\/200px-AlthochdeutscheSprachr%C3%A4ume962_Box.jpg\" srcset=\"\/\/upload.wikimedia.org\/wikipedia\/commons\/thumb\/4\/42\/AlthochdeutscheSprachr%C3%A4ume962_Box.jpg\/300px-AlthochdeutscheSprachr%C3%A4ume962_Box.jpg 1.5x, \/\/upload.wikimedia.org\/wikipedia\/commons\/thumb\/4\/42\/AlthochdeutscheSprachr%C3%A4ume962_Box.jpg\/400px-AlthochdeutscheSprachr%C3%A4ume962_Box.jpg 2x\" width=\"200\" height=\"219\" data-file-width=\"800\" data-file-height=\"874\" \/><\/a><figcaption>R\u00e9gion germanophone au sein du\u00a0<a title=\"Saint-Empire romain germanique\" href=\"https:\/\/fr.wikipedia.org\/wiki\/Saint-Empire_romain_germanique\">Saint-Empire romain germanique<\/a>\u00a0vers 962.<\/figcaption><\/figure>\n<div class=\"bandeau-container bandeau-section metadata bandeau-niveau-information\" style=\"text-align: justify;\">\n<div class=\"bandeau-cell bandeau-icone-css loupe\">Article d\u00e9taill\u00e9\u00a0:\u00a0<a title=\"Vieux haut allemand\" href=\"https:\/\/fr.wikipedia.org\/wiki\/Vieux_haut_allemand\">Vieux haut allemand<\/a>.<\/div>\n<\/div>\n<p style=\"text-align: justify;\">Les plus anciens t\u00e9moignages du vieux haut allemand datent du\u00a0<abbr class=\"abbr\" title=\"6\u1d49 si\u00e8cle\"><span class=\"romain\">VI<\/span><sup>e<\/sup><\/abbr>\u00a0si\u00e8cle pour les inscriptions dispers\u00e9es en\u00a0<a class=\"mw-redirect\" title=\"Vieux Futhark\" href=\"https:\/\/fr.wikipedia.org\/wiki\/Vieux_Futhark\">vieux Futhark<\/a>\u00a0(surtout en\u00a0<a title=\"Al\u00e9manique\" href=\"https:\/\/fr.wikipedia.org\/wiki\/Al%C3%A9manique\">al\u00e9manique<\/a>), du\u00a0<abbr class=\"abbr\" title=\"8\u1d49 si\u00e8cle\"><span class=\"romain\">VIII<\/span><sup>e<\/sup><\/abbr>\u00a0si\u00e8cle pour les premi\u00e8res gloses (<a class=\"mw-redirect\" title=\"Codex Abrogans\" href=\"https:\/\/fr.wikipedia.org\/wiki\/Codex_Abrogans\">Codex Abrogans<\/a>) et du\u00a0<abbr class=\"abbr\" title=\"9\u1d49 si\u00e8cle\"><span class=\"romain\">IX<\/span><sup>e<\/sup><\/abbr>\u00a0si\u00e8cle pour les plus anciens textes coh\u00e9rents (<a class=\"mw-redirect\" title=\"Le chant de Hildebrand\" href=\"https:\/\/fr.wikipedia.org\/wiki\/Le_chant_de_Hildebrand\">chant de Hildebrand<\/a>,\u00a0<a title=\"Muspilli\" href=\"https:\/\/fr.wikipedia.org\/wiki\/Muspilli\">Muspilli<\/a>,\u00a0<a title=\"Formules magiques de Mersebourg\" href=\"https:\/\/fr.wikipedia.org\/wiki\/Formules_magiques_de_Mersebourg\">formules magiques de Mersebourg<\/a>). On date habituellement sa disparition vers 1050.<\/p>\n<div class=\"mw-heading mw-heading3\" style=\"text-align: justify;\">\n<h3 id=\"Moyen_haut_allemand\">Moyen haut allemand<\/h3>\n<\/div>\n<div class=\"bandeau-container bandeau-section metadata bandeau-niveau-information\" style=\"text-align: justify;\">\n<div class=\"bandeau-cell bandeau-icone-css loupe\">Article d\u00e9taill\u00e9\u00a0:\u00a0<a title=\"Moyen haut allemand\" href=\"https:\/\/fr.wikipedia.org\/wiki\/Moyen_haut_allemand\">Moyen haut allemand<\/a>.<\/div>\n<\/div>\n<p style=\"text-align: justify;\">Le terme \u00ab\u00a0moyen haut allemand\u00a0\u00bb d\u00e9signe l\u2019\u00e9tat de la langue haut allemande entre 1050 et 1350. On le fait parfois durer jusqu\u2019au\u00a0<abbr class=\"abbr\" title=\"15\u1d49 si\u00e8cle\"><span class=\"romain\">XV<\/span><sup>e<\/sup><\/abbr>\u00a0si\u00e8cle.<\/p>\n<div class=\"mw-heading mw-heading3\" style=\"text-align: justify;\">\n<h3 id=\"Allemand_moderne_naissant\">Allemand moderne naissant<\/h3>\n<\/div>\n<p style=\"text-align: justify;\">L\u2019allemand moderne naissant fut parl\u00e9 entre (environ) 1350 et 1650. Tr\u00e8s proche du\u00a0<a title=\"Haut allemand\" href=\"https:\/\/fr.wikipedia.org\/wiki\/Haut_allemand\">haut allemand moderne<\/a>\u00a0(comme l\u2019<a title=\"Anglais moderne naissant\" href=\"https:\/\/fr.wikipedia.org\/wiki\/Anglais_moderne_naissant\">anglais moderne naissant<\/a>\u00a0l\u2019est de l\u2019<a title=\"Anglais\" href=\"https:\/\/fr.wikipedia.org\/wiki\/Anglais\">anglais moderne<\/a>), il fut notamment utilis\u00e9 par\u00a0<a title=\"Martin Luther\" href=\"https:\/\/fr.wikipedia.org\/wiki\/Martin_Luther\">Martin Luther<\/a>\u00a0lors de sa traduction de la\u00a0<a title=\"Bible\" href=\"https:\/\/fr.wikipedia.org\/wiki\/Bible\">Bible<\/a>\u00a0au\u00a0<abbr class=\"abbr\" title=\"16\u1d49 si\u00e8cle\"><span class=\"romain\">XVI<\/span><sup>e<\/sup><\/abbr>\u00a0si\u00e8cle. Il conserve la majeure partie du syst\u00e8me grammatical du moyen haut allemand, contrairement aux dialectes oraux de l\u2019<a title=\"Allemand sup\u00e9rieur\" href=\"https:\/\/fr.wikipedia.org\/wiki\/Allemand_sup%C3%A9rieur\">allemand sup\u00e9rieur<\/a>\u00a0et\u00a0<a title=\"Moyen allemand\" href=\"https:\/\/fr.wikipedia.org\/wiki\/Moyen_allemand\">moyen<\/a>\u00a0qui avaient d\u00e9j\u00e0 commenc\u00e9 \u00e0 perdre le\u00a0<a title=\"G\u00e9nitif\" href=\"https:\/\/fr.wikipedia.org\/wiki\/G%C3%A9nitif\">g\u00e9nitif<\/a>\u00a0et le\u00a0<a title=\"Pr\u00e9t\u00e9rit\" href=\"https:\/\/fr.wikipedia.org\/wiki\/Pr%C3%A9t%C3%A9rit\">pr\u00e9t\u00e9rit<\/a>.<\/p>\n<div class=\"mw-heading mw-heading2\" style=\"text-align: justify;\">\n<h2 id=\"Bas_allemand\">Bas allemand<\/h2>\n<\/div>\n<p style=\"text-align: justify;\">\u00c0 la crois\u00e9e du haut allemand, de l\u2019<a class=\"mw-redirect\" title=\"Anglo-frison\" href=\"https:\/\/fr.wikipedia.org\/wiki\/Anglo-frison\">anglo-frison<\/a>\u00a0et du\u00a0<a title=\"Bas francique\" href=\"https:\/\/fr.wikipedia.org\/wiki\/Bas_francique\">bas francique<\/a>, le\u00a0<a title=\"Bas allemand\" href=\"https:\/\/fr.wikipedia.org\/wiki\/Bas_allemand\">bas allemand<\/a>\u00a0poss\u00e8de une histoire linguistique moins nette, t\u00e9moignant du fait que le groupe des\u00a0<a title=\"Langues germaniques occidentales\" href=\"https:\/\/fr.wikipedia.org\/wiki\/Langues_germaniques_occidentales\">langues germaniques occidentales<\/a>\u00a0est en r\u00e9alit\u00e9 un\u00a0<a title=\"Continuum linguistique\" href=\"https:\/\/fr.wikipedia.org\/wiki\/Continuum_linguistique\">continuum linguistique<\/a>. Il a d\u2019abord subi l\u2019influence de l\u2019anglo-frison au haut Moyen \u00c2ge, puis celle du haut allemand durant le Saint Empire romain germanique, avant d\u2019\u00eatre consid\u00e9r\u00e9 comme un ensemble de dialectes marginaux apr\u00e8s la chute de la\u00a0<a title=\"Hanse\" href=\"https:\/\/fr.wikipedia.org\/wiki\/Hanse\">ligue hans\u00e9atique<\/a>\u00a0au\u00a0<abbr class=\"abbr\" title=\"17\u1d49 si\u00e8cle\"><span class=\"romain\">XVII<\/span><sup>e<\/sup><\/abbr>\u00a0si\u00e8cle.<\/p>\n<div class=\"mw-heading mw-heading3\" style=\"text-align: justify;\">\n<h3 id=\"Vieux_saxon\">Vieux saxon<\/h3>\n<\/div>\n<div class=\"bandeau-container bandeau-section metadata bandeau-niveau-information\" style=\"text-align: justify;\">\n<div class=\"bandeau-cell bandeau-icone-css loupe\">Article d\u00e9taill\u00e9\u00a0:\u00a0<a title=\"Vieux saxon\" href=\"https:\/\/fr.wikipedia.org\/wiki\/Vieux_saxon\">Vieux saxon<\/a>.<\/div>\n<\/div>\n<p style=\"text-align: justify;\">Le\u00a0<a title=\"Vieux saxon\" href=\"https:\/\/fr.wikipedia.org\/wiki\/Vieux_saxon\">vieux saxon<\/a>\u00a0est une langue germanique occidentale. Son utilisation est attest\u00e9e du\u00a0<abbr class=\"abbr\" title=\"9\u1d49 si\u00e8cle\"><span class=\"romain\">IX<\/span><sup>e<\/sup><\/abbr>\u00a0au\u00a0<abbr class=\"abbr\" title=\"12\u1d49 si\u00e8cle\"><span class=\"romain\">XII<\/span><sup>e<\/sup><\/abbr>\u00a0si\u00e8cle, apr\u00e8s quoi il \u00e9volua en\u00a0<a title=\"Moyen bas allemand\" href=\"https:\/\/fr.wikipedia.org\/wiki\/Moyen_bas_allemand\">moyen bas allemand<\/a>. Parl\u00e9 sur la c\u00f4te nord-ouest de l\u2019<a title=\"Allemagne\" href=\"https:\/\/fr.wikipedia.org\/wiki\/Allemagne\">Allemagne<\/a>\u00a0et au\u00a0<a title=\"Danemark\" href=\"https:\/\/fr.wikipedia.org\/wiki\/Danemark\">Danemark<\/a>\u00a0par les\u00a0<a title=\"Saxons\" href=\"https:\/\/fr.wikipedia.org\/wiki\/Saxons\">Saxons<\/a>, il est \u00e9troitement li\u00e9 aux anciennes langues anglo-frisonnes (<a title=\"Vieux frison\" href=\"https:\/\/fr.wikipedia.org\/wiki\/Vieux_frison\">vieux frison<\/a>,\u00a0<a title=\"Vieil anglais\" href=\"https:\/\/fr.wikipedia.org\/wiki\/Vieil_anglais\">vieil anglais<\/a>) et a partiellement r\u00e9alis\u00e9 la\u00a0<a title=\"Loi des nasales spirantes ingvaeoniques\" href=\"https:\/\/fr.wikipedia.org\/wiki\/Loi_des_nasales_spirantes_ingvaeoniques\">loi des nasales spirantes ingvaeoniques<\/a>.<\/p>\n<div class=\"mw-heading mw-heading3\" style=\"text-align: justify;\">\n<h3 id=\"Moyen_bas_allemand\">Moyen bas allemand<\/h3>\n<\/div>\n<div class=\"bandeau-container bandeau-section metadata bandeau-niveau-information\" style=\"text-align: justify;\">\n<div class=\"bandeau-cell bandeau-icone-css loupe\">Article d\u00e9taill\u00e9\u00a0:\u00a0<a title=\"Moyen bas allemand\" href=\"https:\/\/fr.wikipedia.org\/wiki\/Moyen_bas_allemand\">Moyen bas allemand<\/a>.<\/div>\n<\/div>\n<p style=\"text-align: justify;\">Le moyen bas allemand est l\u2019anc\u00eatre du\u00a0<a title=\"Bas allemand\" href=\"https:\/\/fr.wikipedia.org\/wiki\/Bas_allemand\">bas allemand<\/a>\u00a0moderne. Il fut parl\u00e9 environ de 1100 \u00e0 1500, se s\u00e9parant ensuite en\u00a0<a title=\"Bas saxon\" href=\"https:\/\/fr.wikipedia.org\/wiki\/Bas_saxon\">bas saxon<\/a>, c\u2019est-\u00e0-dire en bas allemand occidental, et en\u00a0<a title=\"Bas allemand oriental\" href=\"https:\/\/fr.wikipedia.org\/wiki\/Bas_allemand_oriental\">bas allemand oriental<\/a>. Les langues voisines, au sein du continuum linguistique des langues germaniques occidentales, sont le\u00a0<a title=\"Moyen n\u00e9erlandais\" href=\"https:\/\/fr.wikipedia.org\/wiki\/Moyen_n%C3%A9erlandais\">moyen n\u00e9erlandais<\/a>\u00a0\u00e0 l\u2019ouest et le\u00a0<a class=\"mw-redirect\" title=\"Moyen haut-allemand\" href=\"https:\/\/fr.wikipedia.org\/wiki\/Moyen_haut-allemand\">moyen haut-allemand<\/a>\u00a0au sud, supplant\u00e9 ensuite par l\u2019allemand moderne naissant. Le moyen bas allemand \u00e9tait la\u00a0<i><a title=\"Langue v\u00e9hiculaire\" href=\"https:\/\/fr.wikipedia.org\/wiki\/Langue_v%C3%A9hiculaire\">lingua franca<\/a><\/i>\u00a0de la\u00a0<a title=\"Hanse\" href=\"https:\/\/fr.wikipedia.org\/wiki\/Hanse\">ligue hans\u00e9atique<\/a>, parl\u00e9e le long de la\u00a0<a title=\"Mer du Nord\" href=\"https:\/\/fr.wikipedia.org\/wiki\/Mer_du_Nord\">mer du Nord<\/a>\u00a0et de la\u00a0<a title=\"Mer Baltique\" href=\"https:\/\/fr.wikipedia.org\/wiki\/Mer_Baltique\">mer Baltique<\/a>. Sa forme \u00e9crite, bas\u00e9e sur le langage de\u00a0<a title=\"L\u00fcbeck\" href=\"https:\/\/fr.wikipedia.org\/wiki\/L%C3%BCbeck\">L\u00fcbeck<\/a>, fut d\u00e9velopp\u00e9e mais jamais codifi\u00e9e.<\/p>\n<div class=\"mw-heading mw-heading2\" style=\"text-align: justify;\">\n<h2 id=\"XIXe_si\u00e8cle\"><span id=\"XIXe_si.C3.A8cle\"><\/span><abbr class=\"abbr\" title=\"19\u1d49 si\u00e8cle\"><span class=\"romain\">XIX<\/span><sup>e<\/sup><\/abbr>\u00a0si\u00e8cle<\/h2>\n<\/div>\n<p style=\"text-align: justify;\">L\u2019allemand fut la langue du commerce et du gouvernement sous la\u00a0<a class=\"mw-redirect\" title=\"Habsbourg\" href=\"https:\/\/fr.wikipedia.org\/wiki\/Habsbourg\">dynastie Habsbourg<\/a>\u00a0qui dirigeait une grande partie de l\u2019<a title=\"Europe centrale\" href=\"https:\/\/fr.wikipedia.org\/wiki\/Europe_centrale\">Europe centrale<\/a>\u00a0et orientale. Jusqu\u2019au milieu du\u00a0<abbr class=\"abbr\" title=\"19\u1d49 si\u00e8cle\"><span class=\"romain\">XIX<\/span><sup>e<\/sup><\/abbr>\u00a0si\u00e8cle, il \u00e9tait utilis\u00e9 dans les villes dans la majeure partie de l\u2019empire\u00a0: le fait de parler allemand n\u2019indiquait donc pas la nationalit\u00e9 du locuteur mais plut\u00f4t son m\u00e9tier (marchand) ou son origine (la ville). Certaines villes, comme\u00a0<a title=\"Prague\" href=\"https:\/\/fr.wikipedia.org\/wiki\/Prague\">Prague<\/a>\u00a0(en allemand\u00a0:\u00a0<i>Prag<\/i>) ou\u00a0<a title=\"Budapest\" href=\"https:\/\/fr.wikipedia.org\/wiki\/Budapest\">Budapest<\/a>\u00a0(<i>Ofen<\/i>) furent progressivement\u00a0<a title=\"Germanisation\" href=\"https:\/\/fr.wikipedia.org\/wiki\/Germanisation\">germanis\u00e9es<\/a>\u00a0\u00e0 la suite de leur incorporation au sein du Saint-Empire. D\u2019autres, comme\u00a0<a title=\"Bratislava\" href=\"https:\/\/fr.wikipedia.org\/wiki\/Bratislava\">Bratislava<\/a>\u00a0(<i>Pressburg<\/i>), furent originellement fond\u00e9es pendant la domination des Habsbourg et \u00e9taient donc germanophones \u00e0 cette \u00e9poque. Quelques villes, comme\u00a0<a title=\"Milan\" href=\"https:\/\/fr.wikipedia.org\/wiki\/Milan\">Milan<\/a>\u00a0(<i>Mailand<\/i>), sont demeur\u00e9es essentiellement non germanophones. En r\u00e9sum\u00e9, la plupart des villes parlaient allemand \u00e0 cette \u00e9poque, comme Prague, Budapest, Bratislava,\u00a0<a title=\"Zagreb\" href=\"https:\/\/fr.wikipedia.org\/wiki\/Zagreb\">Zagreb<\/a>\u00a0(<i>Agram<\/i>) et\u00a0<a title=\"Ljubljana\" href=\"https:\/\/fr.wikipedia.org\/wiki\/Ljubljana\">Ljubljana<\/a>\u00a0(<i>Laibach<\/i>), bien qu\u2019entour\u00e9es de territoires o\u00f9 d\u2019autres langues \u00e9taient parl\u00e9es.<\/p>\n<p style=\"text-align: justify;\">Jusque vers 1800, l\u2019<a title=\"Allemand standard\" href=\"https:\/\/fr.wikipedia.org\/wiki\/Allemand_standard\">allemand standard<\/a>\u00a0\u00e9tait presque uniquement une langue \u00e9crite. \u00c0 cette \u00e9poque, les habitants de l\u2019Allemagne du nord urbaine, dont les dialectes \u00e9taient tr\u00e8s diff\u00e9rents de l\u2019allemand standard, apprenaient ce dernier quasiment comme une langue \u00e9trang\u00e8re et essayent de le prononcer en suivant le plus possible l\u2019orthographe. Les guides de prononciation de l\u2019\u00e9poque consid\u00e9raient que la\u00a0<a title=\"Prononciation de l'allemand\" href=\"https:\/\/fr.wikipedia.org\/wiki\/Prononciation_de_l%27allemand\">prononciation standard<\/a>\u00a0\u00e9tait celle du nord\u00a0; cependant la prononciation r\u00e9elle variait de r\u00e9gion en r\u00e9gion.<\/p>\n<p style=\"text-align: justify;\">Aujourd\u2019hui, l\u2019allemand standard (<i><span class=\"lang-de\" lang=\"de\">Hochdeutsch<\/span><\/i>) est compris dans toutes les r\u00e9gions germanophones (sauf peut-\u00eatre par les jeunes enfants des r\u00e9gions o\u00f9 seuls certains dialectes sont employ\u00e9s, par exemple en\u00a0<a title=\"Suisse\" href=\"https:\/\/fr.wikipedia.org\/wiki\/Suisse\">Suisse<\/a>, bien qu\u2019\u00e0 l\u2019aide de la t\u00e9l\u00e9vision m\u00eame eux arrivent \u00e0 comprendre l\u2019allemand standard avant d\u2019aller \u00e0 l\u2019\u00e9cole).<\/p>\n<p style=\"text-align: justify;\">Le premier dictionnaire des\u00a0<a class=\"mw-redirect\" title=\"Jacob et Wilhelm Grimm\" href=\"https:\/\/fr.wikipedia.org\/wiki\/Jacob_et_Wilhelm_Grimm\">fr\u00e8res Grimm<\/a>, publi\u00e9 en seize parties entre 1852 et 1860, reste le guide le plus complet du lexique de la langue allemande.<\/p>\n<div class=\"mw-heading mw-heading2\" style=\"text-align: justify;\">\n<h2 id=\"XXe_si\u00e8cle\"><span id=\"XXe_si.C3.A8cle\"><\/span><abbr class=\"abbr\" title=\"20\u1d49 si\u00e8cle\"><span class=\"romain\">XX<\/span><sup>e<\/sup><\/abbr>\u00a0si\u00e8cle<\/h2>\n<\/div>\n<div class=\"bandeau-container bandeau-section metadata bandeau-niveau-information\" style=\"text-align: justify;\">\n<div class=\"bandeau-cell bandeau-icone-css loupe\">Article d\u00e9taill\u00e9\u00a0:\u00a0<a title=\"Allemand standard\" href=\"https:\/\/fr.wikipedia.org\/wiki\/Allemand_standard\">Allemand standard<\/a>.<\/div>\n<\/div>\n<p style=\"text-align: justify;\">Les r\u00e8gles grammaticales et orthographiques apparaissent pour la premi\u00e8re fois dans le\u00a0<a title=\"Duden\" href=\"https:\/\/fr.wikipedia.org\/wiki\/Duden\">Duden<\/a>, en 1880. En 1901, ces r\u00e8gles d\u00e9finissent officiellement la langue allemande. L\u2019orthographe de l\u2019allemand standard subit ensuite peu de modifications jusqu\u2019en 1998, ann\u00e9e \u00e0 partir de laquelle la\u00a0<a title=\"R\u00e9forme de l'orthographe allemande de 1996\" href=\"https:\/\/fr.wikipedia.org\/wiki\/R%C3%A9forme_de_l%27orthographe_allemande_de_1996\">r\u00e9forme de l&rsquo;orthographe allemande de 1996<\/a>\u00a0fut officiellement promulgu\u00e9e par les gouvernements d\u2019<a title=\"Allemagne\" href=\"https:\/\/fr.wikipedia.org\/wiki\/Allemagne\">Allemagne<\/a>, d\u2019<a title=\"Autriche\" href=\"https:\/\/fr.wikipedia.org\/wiki\/Autriche\">Autriche<\/a>, de\u00a0<a title=\"Suisse\" href=\"https:\/\/fr.wikipedia.org\/wiki\/Suisse\">Suisse<\/a>\u00a0et du\u00a0<a title=\"Liechtenstein\" href=\"https:\/\/fr.wikipedia.org\/wiki\/Liechtenstein\">Liechtenstein<\/a>. L\u2019orthographe allemande a ensuite connu une p\u00e9riode de transition de huit ans durant laquelle l\u2019orthographe r\u00e9form\u00e9e fut enseign\u00e9e dans la plupart des \u00e9coles, alors que les orthographes traditionnelles et r\u00e9form\u00e9es coexistent dans les m\u00e9dias.<\/p>\n<div class=\"mw-heading mw-heading2\" style=\"text-align: justify;\">\n<h2 id=\"Articles_connexes\">Articles connexes<\/h2>\n<\/div>\n<ul>\n<li style=\"text-align: justify;\"><a title=\"Influence du latin sur la langue allemande\" href=\"https:\/\/fr.wikipedia.org\/wiki\/Influence_du_latin_sur_la_langue_allemande\">Influence du latin sur la langue allemande<\/a><\/li>\n<li style=\"text-align: justify;\"><a title=\"Weltdeutsch\" href=\"https:\/\/fr.wikipedia.org\/wiki\/Weltdeutsch\">Weltdeutsch<\/a>,\u00a0<a title=\"K\u00fcchendeutsch\" href=\"https:\/\/fr.wikipedia.org\/wiki\/K%C3%BCchendeutsch\">K\u00fcchendeutsch<\/a><\/li>\n<\/ul>\n","protected":false},"excerpt":{"rendered":"<p>Faire un don par Qr Code Achetez mes livres &nbsp; &nbsp; Virement bancaire IBAN FR81 2004 1010 0820 6402 0P02 955 BIC PSSTFRPPMAR Orazio Puglisi 06 14 35 15 52 oraziopuglisi@gmail.com puglisiorazio@wanadoo.fr Histoire de la Langue Allemande L\u2019histoire de la\u00a0langue allemande\u00a0en tant que langue distincte des autres\u00a0langues germaniques occidentales\u00a0d\u00e9bute au\u00a0haut Moyen \u00c2ge, lors de la\u00a0seconde [&hellip;]<\/p>\n","protected":false},"author":1,"featured_media":12092,"parent":0,"menu_order":0,"comment_status":"closed","ping_status":"closed","template":"","meta":{"footnotes":""},"class_list":["post-12074","page","type-page","status-publish","has-post-thumbnail","hentry"],"_links":{"self":[{"href":"https:\/\/oraziopuglisi.art\/index.php\/wp-json\/wp\/v2\/pages\/12074","targetHints":{"allow":["GET"]}}],"collection":[{"href":"https:\/\/oraziopuglisi.art\/index.php\/wp-json\/wp\/v2\/pages"}],"about":[{"href":"https:\/\/oraziopuglisi.art\/index.php\/wp-json\/wp\/v2\/types\/page"}],"author":[{"embeddable":true,"href":"https:\/\/oraziopuglisi.art\/index.php\/wp-json\/wp\/v2\/users\/1"}],"replies":[{"embeddable":true,"href":"https:\/\/oraziopuglisi.art\/index.php\/wp-json\/wp\/v2\/comments?post=12074"}],"version-history":[{"count":5,"href":"https:\/\/oraziopuglisi.art\/index.php\/wp-json\/wp\/v2\/pages\/12074\/revisions"}],"predecessor-version":[{"id":12093,"href":"https:\/\/oraziopuglisi.art\/index.php\/wp-json\/wp\/v2\/pages\/12074\/revisions\/12093"}],"wp:featuredmedia":[{"embeddable":true,"href":"https:\/\/oraziopuglisi.art\/index.php\/wp-json\/wp\/v2\/media\/12092"}],"wp:attachment":[{"href":"https:\/\/oraziopuglisi.art\/index.php\/wp-json\/wp\/v2\/media?parent=12074"}],"curies":[{"name":"wp","href":"https:\/\/api.w.org\/{rel}","templated":true}]}}