{"id":11208,"date":"2024-08-21T14:04:21","date_gmt":"2024-08-21T12:04:21","guid":{"rendered":"https:\/\/oraziopuglisi.art\/?page_id=11208"},"modified":"2024-10-29T19:39:05","modified_gmt":"2024-10-29T18:39:05","slug":"lart-lyrique","status":"publish","type":"page","link":"https:\/\/oraziopuglisi.art\/index.php\/lart-lyrique\/","title":{"rendered":"L&rsquo;art Lyrique"},"content":{"rendered":"<form action=\"https:\/\/www.paypal.com\/donate\" method=\"post\" target=\"_top\"><input name=\"hosted_button_id\" type=\"hidden\" value=\"QSSRVLDUKP2MG\" \/> <input title=\"PayPal - The safer, easier way to pay online!\" alt=\"Bouton Faites un don avec PayPal\" name=\"submit\" src=\"https:\/\/www.paypalobjects.com\/fr_FR\/FR\/i\/btn\/btn_donateCC_LG.gif\" type=\"image\" \/><img loading=\"lazy\" decoding=\"async\" src=\"https:\/\/www.paypal.com\/fr_FR\/i\/scr\/pixel.gif\" alt=\"\" width=\"1\" height=\"1\" border=\"0\" \/><img loading=\"lazy\" decoding=\"async\" src=\"https:\/\/www.paypal.com\/fr_FR\/i\/scr\/pixel.gif\" alt=\"\" width=\"1\" height=\"1\" border=\"0\" \/><\/form>\n<form action=\"https:\/\/www.paypal.com\/donate\" method=\"post\" target=\"_top\"><input name=\"hosted_button_id\" type=\"hidden\" value=\"KUYGR8EGYTG64\" \/><\/p>\n<p style=\"text-align: center;\"><span style=\"color: #ff0000;\">Faire un don par Qr Code<\/span><\/p>\n<p style=\"text-align: center;\"><a href=\"http:\/\/xn--vidosechecsenligne-dwb.com\/wp-content\/uploads\/2022\/05\/QR-code.png\"><img loading=\"lazy\" decoding=\"async\" class=\"alignnone size-full wp-image-36569\" src=\"http:\/\/xn--vidosechecsenligne-dwb.com\/wp-content\/uploads\/2022\/05\/QR-code.png\" alt=\"\" width=\"192\" height=\"192\" \/><\/a><\/p>\n<p style=\"text-align: center;\"><a href=\"https:\/\/www.amazon.fr\/Livres-Orazio-Puglisi\/s?rh=n%3A301061%2Cp_27%3AOrazio+Puglisi\">Achetez mes livres <\/a><\/p>\n<p>&nbsp;<\/p>\n<p>&nbsp;<\/p>\n<p style=\"text-align: center;\">Virement bancaire<\/p>\n<\/form>\n<form action=\"https:\/\/www.paypal.com\/cgi-bin\/webscr\" method=\"post\" target=\"_top\">\n<p style=\"text-align: center;\"><span style=\"font-family: 'book antiqua', palatino, serif;\">IBAN FR81 2004 1010 0820 6402 0P02 955<\/span><\/p>\n<p style=\"text-align: center;\"><span style=\"font-family: 'book antiqua', palatino, serif;\">BIC PSSTFRPPMAR<\/span><\/p>\n<p style=\"text-align: center;\"><span style=\"font-family: 'book antiqua', palatino, serif;\">Orazio Puglisi<\/span><\/p>\n<p style=\"text-align: center;\"><span style=\"font-family: 'book antiqua', palatino, serif;\">06 14 35 15 52<\/span><\/p>\n<p style=\"text-align: center;\"><span style=\"font-family: 'book antiqua', palatino, serif;\"><a href=\"mailto:oraziopuglisi@gmail.com\">oraziopuglisi@gmail.com<\/a><\/span><\/p>\n<p style=\"text-align: center;\"><span style=\"font-family: 'book antiqua', palatino, serif;\"><a href=\"mailto:puglisiorazio@wanadoo.fr\">puglisiorazio@wanadoo.fr<\/a><\/span><\/p>\n<\/form>\n<form action=\"https:\/\/www.paypal.com\/cgi-bin\/webscr\" method=\"post\" target=\"_top\">\n<p style=\"text-align: center;\"><span style=\"font-family: 'book antiqua', palatino, serif;\"><input name=\"cmd\" type=\"hidden\" value=\"_s-xclick\" \/><\/span><\/p>\n<p style=\"text-align: center;\"><span style=\"font-family: 'book antiqua', palatino, serif;\"><input name=\"hosted_button_id\" type=\"hidden\" value=\"B9KUAAXX2KE3G\" \/><\/span><\/p>\n<p><span style=\"font-family: 'book antiqua', palatino, serif;\"><img loading=\"lazy\" decoding=\"async\" class=\"aligncenter\" src=\"https:\/\/www.paypalobjects.com\/fr_FR\/i\/scr\/pixel.gif\" alt=\"\" width=\"1\" height=\"1\" border=\"0\" \/><\/span><\/p>\n<p style=\"text-align: justify;\">L&rsquo;<b>art lyrique<\/b>\u00a0est la terminologie sous laquelle sont regroup\u00e9s les diff\u00e9rents\u00a0<a title=\"Genre musical\" href=\"https:\/\/fr.wikipedia.org\/wiki\/Genre_musical\">genres<\/a>\u00a0de\u00a0<a title=\"Musique vocale\" href=\"https:\/\/fr.wikipedia.org\/wiki\/Musique_vocale\">musique vocale<\/a>\u00a0qualifiant, selon les \u00e9poques et les lieux, les \u0153uvres d&rsquo;<a class=\"mw-redirect\" title=\"Op\u00e9ra (musique)\" href=\"https:\/\/fr.wikipedia.org\/wiki\/Op%C3%A9ra_(musique)\">op\u00e9ra<\/a>. Il tire son appellation de la\u00a0<a title=\"Lyre\" href=\"https:\/\/fr.wikipedia.org\/wiki\/Lyre\">lyre<\/a>, l&rsquo;un des attributs d&rsquo;<a title=\"Apollon\" href=\"https:\/\/fr.wikipedia.org\/wiki\/Apollon\">Apollon musag\u00e8te<\/a>\u00a0et de la\u00a0<a title=\"Muses\" href=\"https:\/\/fr.wikipedia.org\/wiki\/Muses\">Muse<\/a>\u00a0<a class=\"mw-redirect\" title=\"\u00c9rato (Muse)\" href=\"https:\/\/fr.wikipedia.org\/wiki\/%C3%89rato_(Muse)\">\u00c9rato<\/a>, patronne de la\u00a0<a title=\"Po\u00e9sie\" href=\"https:\/\/fr.wikipedia.org\/wiki\/Po%C3%A9sie#Entre_Apollon_et_Dionysos\">po\u00e9sie<\/a>\u00a0lyrique.<\/p>\n<p style=\"text-align: justify;\">L&rsquo;art lyrique est donc la discipline exerc\u00e9e par le\u00a0<a class=\"mw-redirect\" title=\"Chanteur d'op\u00e9ra\" href=\"https:\/\/fr.wikipedia.org\/wiki\/Chanteur_d%27op%C3%A9ra\">chanteur d&rsquo;op\u00e9ra<\/a>. La notion d&rsquo;<a title=\"Artiste lyrique\" href=\"https:\/\/fr.wikipedia.org\/wiki\/Artiste_lyrique\">artiste lyrique<\/a>\u00a0d\u00e9signe l&rsquo;ex\u00e9cutant \u00e0 la fois comme\u00a0<a title=\"Chanteur\" href=\"https:\/\/fr.wikipedia.org\/wiki\/Chanteur\">chanteur<\/a>,\u00a0<a class=\"mw-redirect\" title=\"Com\u00e9dien\" href=\"https:\/\/fr.wikipedia.org\/wiki\/Com%C3%A9dien\">com\u00e9dien<\/a>\u00a0et parfois\u00a0<a title=\"Danseur\" href=\"https:\/\/fr.wikipedia.org\/wiki\/Danseur\">danseur<\/a>. Par extension, on parle en g\u00e9n\u00e9ral d&rsquo;art lyrique \u00e0 propos d&rsquo;une prestation sc\u00e9nique contenant du chant aux voix travaill\u00e9es et une\u00a0<a title=\"Mise en sc\u00e8ne\" href=\"https:\/\/fr.wikipedia.org\/wiki\/Mise_en_sc%C3%A8ne\">mise en sc\u00e8ne<\/a>.<\/p>\n<p>De plus\u00a0:<\/p>\n<ul>\n<li style=\"text-align: justify;\">Si la prestation sc\u00e9nique n&rsquo;a pas de mise en sc\u00e8ne, il s&rsquo;agit d&rsquo;un\u00a0<a title=\"Concert\" href=\"https:\/\/fr.wikipedia.org\/wiki\/Concert\">concert<\/a>\u00a0;<\/li>\n<li>Si la prestation ne contient pas de chant, c&rsquo;est du\u00a0<a title=\"Th\u00e9\u00e2tre\" href=\"https:\/\/fr.wikipedia.org\/wiki\/Th%C3%A9%C3%A2tre\">th\u00e9\u00e2tre<\/a>\u00a0;<\/li>\n<li>Si le chant n&rsquo;est pas \u00e0 voix travaill\u00e9es (<i>autant que dans l&rsquo;Op\u00e9ra<\/i>) et que ce sont des\u00a0<a title=\"Musiques actuelles\" href=\"https:\/\/fr.wikipedia.org\/wiki\/Musiques_actuelles\">musiques actuelles<\/a>, alors on parlera de\u00a0<a title=\"Com\u00e9die musicale\" href=\"https:\/\/fr.wikipedia.org\/wiki\/Com%C3%A9die_musicale\">com\u00e9die musicale<\/a>.<\/li>\n<\/ul>\n<p style=\"text-align: justify;\">La notion de\u00a0<a title=\"Lyrisme\" href=\"https:\/\/fr.wikipedia.org\/wiki\/Lyrisme\">lyrisme<\/a>\u00a0vient du grec. Dans la Gr\u00e8ce antique, ce qui est lyrique est ce qui se raconte avec une\u00a0<a title=\"Lyre\" href=\"https:\/\/fr.wikipedia.org\/wiki\/Lyre\">lyre<\/a>\u00a0\u00e0 la main. La\u00a0<a class=\"mw-redirect\" title=\"Renaissance (p\u00e9riode historique)\" href=\"https:\/\/fr.wikipedia.org\/wiki\/Renaissance_(p%C3%A9riode_historique)\">Renaissance<\/a>\u00a0a repris le mod\u00e8le grec en cherchant \u00e0 l&rsquo;imiter au plus proche, consid\u00e9rant cette \u00e9poque comme un\u00a0<a title=\"\u00c2ge d'or\" href=\"https:\/\/fr.wikipedia.org\/wiki\/%C3%82ge_d%27or\">\u00e2ge d&rsquo;or<\/a>. C&rsquo;est le cas dans la litt\u00e9rature pour les\u00a0<a title=\"Hexam\u00e8tre dactylique\" href=\"https:\/\/fr.wikipedia.org\/wiki\/Hexam%C3%A8tre_dactylique\">vers mesur\u00e9s \u00e0 l&rsquo;antique<\/a>, utilis\u00e9s \u00e0 la Renaissance pour la recherche de l&rsquo;\u00e9loquence. En musique, les th\u00e9oriciens sont partis sur les traces de\u00a0<a title=\"Pythagore\" href=\"https:\/\/fr.wikipedia.org\/wiki\/Pythagore\">Pythagore<\/a>\u00a0pour fonder la th\u00e9orie des\u00a0<a class=\"mw-redirect\" title=\"Gammes et temp\u00e9raments dans la musique occidentale\" href=\"https:\/\/fr.wikipedia.org\/wiki\/Gammes_et_temp%C3%A9raments_dans_la_musique_occidentale\">temp\u00e9raments musicaux<\/a>\u00a0(tout \u00e0 fait appropri\u00e9s scientifiquement) ou encore la\u00a0<a class=\"mw-redirect\" title=\"Musique des sph\u00e8res\" href=\"https:\/\/fr.wikipedia.org\/wiki\/Musique_des_sph%C3%A8res\">musique des sph\u00e8res<\/a>&#8230;<\/p>\n<p style=\"text-align: justify;\">La notion de\u00a0<a class=\"mw-redirect\" title=\"Narration\" href=\"https:\/\/fr.wikipedia.org\/wiki\/Narration\">narration<\/a>, pour le lyrisme, est tr\u00e8s importante. \u00c0 l&rsquo;\u00e9poque\u00a0<a title=\"Baroque\" href=\"https:\/\/fr.wikipedia.org\/wiki\/Baroque\">baroque<\/a>, quand le genre op\u00e9ratique appara\u00eet (1607 pour\u00a0<a title=\"L'Orfeo\" href=\"https:\/\/fr.wikipedia.org\/wiki\/L%27Orfeo\">l&rsquo;Orfeo<\/a>), Monteverdi intitule son op\u00e9ra\u00a0<i>Favola in musica<\/i>\u00a0: \u00ab\u00a0<i>Fable<\/i>\u00a0\u00bb (ou \u00ab\u00a0<i>Conte<\/i>\u00a0\u00bb) \u00ab\u00a0<i>en musique<\/i>\u00a0\u00bb. Preuve en est qu&rsquo;il s&rsquo;agit d&rsquo;une narration th\u00e9\u00e2trale avant de faire de la musique. D&rsquo;ailleurs,\u00a0<a title=\"Orph\u00e9e\" href=\"https:\/\/fr.wikipedia.org\/wiki\/Orph%C3%A9e\">Orph\u00e9e<\/a>\u00a0est un joueur de lyre, chanteur et\u00a0<a class=\"new\" title=\"Diseur (page inexistante)\" href=\"https:\/\/fr.wikipedia.org\/w\/index.php?title=Diseur&amp;action=edit&amp;redlink=1\">diseur<\/a>&#8230;<\/p>\n<p>L&rsquo;art lyrique est la discipline du chant mis en sc\u00e8ne \u00e0 l&rsquo;op\u00e9ra.<\/p>\n<div class=\"mw-heading mw-heading2\">\n<h2 id=\"Genres_d'op\u00e9ra\"><span id=\"Genres_d.27op.C3.A9ra\"><\/span>Genres d&rsquo;op\u00e9ra<\/h2>\n<\/div>\n<figure class=\"mw-default-size\"><a class=\"mw-file-description\" href=\"https:\/\/commons.wikimedia.org\/wiki\/File:OperaStatue.JPG?uselang=fr\"><img loading=\"lazy\" decoding=\"async\" class=\"mw-file-element\" src=\"https:\/\/upload.wikimedia.org\/wikipedia\/commons\/thumb\/5\/50\/OperaStatue.JPG\/220px-OperaStatue.JPG\" srcset=\"\/\/upload.wikimedia.org\/wikipedia\/commons\/thumb\/5\/50\/OperaStatue.JPG\/330px-OperaStatue.JPG 1.5x, \/\/upload.wikimedia.org\/wikipedia\/commons\/thumb\/5\/50\/OperaStatue.JPG\/440px-OperaStatue.JPG 2x\" width=\"220\" height=\"147\" data-file-width=\"3456\" data-file-height=\"2304\" \/><\/a><figcaption><a title=\"Apollon\" href=\"https:\/\/fr.wikipedia.org\/wiki\/Apollon\">Apollon<\/a>, la po\u00e9sie et la musique\u00a0;<br \/>\n<a title=\"Op\u00e9ra Garnier\" href=\"https:\/\/fr.wikipedia.org\/wiki\/Op%C3%A9ra_Garnier\">Op\u00e9ra Garnier<\/a>.<\/figcaption><\/figure>\n<ul>\n<li><a title=\"D\u00e9clamation baroque\" href=\"https:\/\/fr.wikipedia.org\/wiki\/D%C3%A9clamation_baroque\">D\u00e9clamation baroque<\/a><\/li>\n<li><a title=\"Dramma giocoso\" href=\"https:\/\/fr.wikipedia.org\/wiki\/Dramma_giocoso\">Dramma giocoso<\/a><\/li>\n<li><a title=\"Grand op\u00e9ra\" href=\"https:\/\/fr.wikipedia.org\/wiki\/Grand_op%C3%A9ra\">Grand op\u00e9ra<\/a><\/li>\n<li><a title=\"Op\u00e9ra anglais\" href=\"https:\/\/fr.wikipedia.org\/wiki\/Op%C3%A9ra_anglais\">Op\u00e9ra anglais<\/a><\/li>\n<li><a title=\"Op\u00e9ra-ballet\" href=\"https:\/\/fr.wikipedia.org\/wiki\/Op%C3%A9ra-ballet\">Op\u00e9ra-ballet<\/a><\/li>\n<li><a class=\"mw-redirect\" title=\"Op\u00e9ra-bouffe\" href=\"https:\/\/fr.wikipedia.org\/wiki\/Op%C3%A9ra-bouffe\">Op\u00e9ra-bouffe<\/a><\/li>\n<li><a title=\"Op\u00e9ra-comique\" href=\"https:\/\/fr.wikipedia.org\/wiki\/Op%C3%A9ra-comique\">Op\u00e9ra-comique<\/a><\/li>\n<li><a class=\"mw-redirect\" title=\"Op\u00e9ra semiseria\" href=\"https:\/\/fr.wikipedia.org\/wiki\/Op%C3%A9ra_semiseria\">Op\u00e9ra semiseria<\/a><\/li>\n<li><a title=\"Opera seria\" href=\"https:\/\/fr.wikipedia.org\/wiki\/Opera_seria\">Opera seria<\/a><\/li>\n<li><a title=\"Op\u00e9rette\" href=\"https:\/\/fr.wikipedia.org\/wiki\/Op%C3%A9rette\">Op\u00e9rette<\/a><\/li>\n<li><a title=\"Pastorale h\u00e9ro\u00efque\" href=\"https:\/\/fr.wikipedia.org\/wiki\/Pastorale_h%C3%A9ro%C3%AFque\">Pastorale h\u00e9ro\u00efque<\/a><\/li>\n<li><a title=\"Semi-op\u00e9ra\" href=\"https:\/\/fr.wikipedia.org\/wiki\/Semi-op%C3%A9ra\">Semi-op\u00e9ra<\/a><\/li>\n<li><a title=\"Singspiel\" href=\"https:\/\/fr.wikipedia.org\/wiki\/Singspiel\">Singspiel<\/a><\/li>\n<li><a title=\"Trag\u00e9die lyrique\" href=\"https:\/\/fr.wikipedia.org\/wiki\/Trag%C3%A9die_lyrique\">Trag\u00e9die lyrique<\/a><\/li>\n<li><a title=\"Zarzuela\" href=\"https:\/\/fr.wikipedia.org\/wiki\/Zarzuela\">Zarzuela<\/a><\/li>\n<\/ul>\n<blockquote class=\"wp-embedded-content\" data-secret=\"C1OHm2xQoN\"><p><a href=\"https:\/\/oraziopuglisi.art\/index.php\/monteverdi\/\">Monteverdi<\/a><\/p><\/blockquote>\n<p><iframe loading=\"lazy\" class=\"wp-embedded-content\" sandbox=\"allow-scripts\" security=\"restricted\" style=\"position: absolute; visibility: hidden;\" title=\"\u00ab\u00a0Monteverdi\u00a0\u00bb &#8212; Orazio Puglisi\" src=\"https:\/\/oraziopuglisi.art\/index.php\/monteverdi\/embed\/#?secret=g9Outn3Lij#?secret=C1OHm2xQoN\" data-secret=\"C1OHm2xQoN\" width=\"600\" height=\"338\" frameborder=\"0\" marginwidth=\"0\" marginheight=\"0\" scrolling=\"no\"><\/iframe><\/p>\n<blockquote class=\"wp-embedded-content\" data-secret=\"mnDxVex5FN\"><p><a href=\"https:\/\/oraziopuglisi.art\/index.php\/le-phenomene-castrat\/\">Le Ph\u00e9nom\u00e8ne Castrat<\/a><\/p><\/blockquote>\n<p><iframe loading=\"lazy\" class=\"wp-embedded-content\" sandbox=\"allow-scripts\" security=\"restricted\" style=\"position: absolute; visibility: hidden;\" title=\"\u00ab\u00a0Le Ph\u00e9nom\u00e8ne Castrat\u00a0\u00bb &#8212; Orazio Puglisi\" src=\"https:\/\/oraziopuglisi.art\/index.php\/le-phenomene-castrat\/embed\/#?secret=xi6qK4mLxs#?secret=mnDxVex5FN\" data-secret=\"mnDxVex5FN\" width=\"600\" height=\"338\" frameborder=\"0\" marginwidth=\"0\" marginheight=\"0\" scrolling=\"no\"><\/iframe><\/p>\n<p><iframe loading=\"lazy\" title=\"[Philippe Jaroussky] S\u00ec dolce e&#039;l tormento, SV 332\" width=\"600\" height=\"338\" src=\"https:\/\/www.youtube.com\/embed\/XsKXV90Yna8?feature=oembed\" frameborder=\"0\" allow=\"accelerometer; autoplay; clipboard-write; encrypted-media; gyroscope; picture-in-picture; web-share\" referrerpolicy=\"strict-origin-when-cross-origin\" allowfullscreen><\/iframe><\/p>\n<p><iframe loading=\"lazy\" title=\"HAENDEL : Lascia ch&#039;io pianga, par Patricia Petibon.\" width=\"600\" height=\"450\" src=\"https:\/\/www.youtube.com\/embed\/Z5WUO7hsgCA?feature=oembed\" frameborder=\"0\" allow=\"accelerometer; autoplay; clipboard-write; encrypted-media; gyroscope; picture-in-picture; web-share\" referrerpolicy=\"strict-origin-when-cross-origin\" allowfullscreen><\/iframe><\/p>\n<p><iframe loading=\"lazy\" title=\"Philippe Jaroussky - Lascia ch&#039;io pianga, H\u00e4ndel [BEST QUALITY]\" width=\"600\" height=\"338\" src=\"https:\/\/www.youtube.com\/embed\/KxnBjAaJWCc?feature=oembed\" frameborder=\"0\" allow=\"accelerometer; autoplay; clipboard-write; encrypted-media; gyroscope; picture-in-picture; web-share\" referrerpolicy=\"strict-origin-when-cross-origin\" allowfullscreen><\/iframe><\/p>\n<p><iframe loading=\"lazy\" title=\"monteverdi pur ti miro\" width=\"600\" height=\"338\" src=\"https:\/\/www.youtube.com\/embed\/7GkMuOKEgtw?feature=oembed\" frameborder=\"0\" allow=\"accelerometer; autoplay; clipboard-write; encrypted-media; gyroscope; picture-in-picture; web-share\" referrerpolicy=\"strict-origin-when-cross-origin\" allowfullscreen><\/iframe><\/p>\n<p>&nbsp;<\/p>\n<\/form>\n","protected":false},"excerpt":{"rendered":"<p>Faire un don par Qr Code Achetez mes livres &nbsp; &nbsp; Virement bancaire IBAN FR81 2004 1010 0820 6402 0P02 955 BIC PSSTFRPPMAR Orazio Puglisi 06 14 35 15 52 oraziopuglisi@gmail.com puglisiorazio@wanadoo.fr L&rsquo;art lyrique\u00a0est la terminologie sous laquelle sont regroup\u00e9s les diff\u00e9rents\u00a0genres\u00a0de\u00a0musique vocale\u00a0qualifiant, selon les \u00e9poques et les lieux, les \u0153uvres d&rsquo;op\u00e9ra. Il tire son [&hellip;]<\/p>\n","protected":false},"author":1,"featured_media":11245,"parent":0,"menu_order":0,"comment_status":"closed","ping_status":"closed","template":"","meta":{"footnotes":""},"class_list":["post-11208","page","type-page","status-publish","has-post-thumbnail","hentry"],"_links":{"self":[{"href":"https:\/\/oraziopuglisi.art\/index.php\/wp-json\/wp\/v2\/pages\/11208","targetHints":{"allow":["GET"]}}],"collection":[{"href":"https:\/\/oraziopuglisi.art\/index.php\/wp-json\/wp\/v2\/pages"}],"about":[{"href":"https:\/\/oraziopuglisi.art\/index.php\/wp-json\/wp\/v2\/types\/page"}],"author":[{"embeddable":true,"href":"https:\/\/oraziopuglisi.art\/index.php\/wp-json\/wp\/v2\/users\/1"}],"replies":[{"embeddable":true,"href":"https:\/\/oraziopuglisi.art\/index.php\/wp-json\/wp\/v2\/comments?post=11208"}],"version-history":[{"count":10,"href":"https:\/\/oraziopuglisi.art\/index.php\/wp-json\/wp\/v2\/pages\/11208\/revisions"}],"predecessor-version":[{"id":15320,"href":"https:\/\/oraziopuglisi.art\/index.php\/wp-json\/wp\/v2\/pages\/11208\/revisions\/15320"}],"wp:featuredmedia":[{"embeddable":true,"href":"https:\/\/oraziopuglisi.art\/index.php\/wp-json\/wp\/v2\/media\/11245"}],"wp:attachment":[{"href":"https:\/\/oraziopuglisi.art\/index.php\/wp-json\/wp\/v2\/media?parent=11208"}],"curies":[{"name":"wp","href":"https:\/\/api.w.org\/{rel}","templated":true}]}}