{"id":11081,"date":"2024-08-19T22:19:15","date_gmt":"2024-08-19T20:19:15","guid":{"rendered":"https:\/\/oraziopuglisi.art\/?page_id=11081"},"modified":"2024-08-19T22:25:56","modified_gmt":"2024-08-19T20:25:56","slug":"holodomor","status":"publish","type":"page","link":"https:\/\/oraziopuglisi.art\/index.php\/holodomor\/","title":{"rendered":"Holodomor"},"content":{"rendered":"<p style=\"text-align: center;\"><a href=\"https:\/\/fr.wikipedia.org\/wiki\/Holodomor\">Lien Wikip\u00e9dia<\/a><\/p>\n<p style=\"text-align: justify;\">Le terme\u00a0<b>Holodomor<\/b>\u00a0(<a title=\"Ukrainien\" href=\"https:\/\/fr.wikipedia.org\/wiki\/Ukrainien\">ukrainien<\/a>\u00a0:\u00a0<span class=\"lang-uk\" lang=\"uk\">\u0413\u043e\u043b\u043e\u0434\u043e\u043c\u043e\u0301\u0440<\/span>, litt\u00e9ralement \u00ab\u00a0famine\u00a0\u00bb, de la racine\u00a0<span class=\"lang-uk\" lang=\"uk\">\u0433\u043e\u0301\u043b\u043e\u0434<\/span>, \u00ab\u00a0faim\u00a0\u00bb, et\u00a0<span class=\"lang-uk\" lang=\"uk\">\u043c\u043e\u0440<\/span>, \u00ab\u00a0fl\u00e9au\u00a0\u00bb, form\u00e9 comme calque du\u00a0<a title=\"Tch\u00e8que\" href=\"https:\/\/fr.wikipedia.org\/wiki\/Tch%C3%A8que\">tch\u00e8que<\/a>\u00a0<i><span class=\"lang-cs\" lang=\"cs\">hladomor<\/span><\/i>, \u00ab\u00a0famine\u00a0\u00bb, en 1933, mais qu&rsquo;on peut traduire par \u00ab\u00a0extermination par la\u00a0<a title=\"Faim\" href=\"https:\/\/fr.wikipedia.org\/wiki\/Faim\">faim<\/a>\u00a0\u00bb) d\u00e9signe la grande\u00a0<a title=\"Famine\" href=\"https:\/\/fr.wikipedia.org\/wiki\/Famine\">famine<\/a>\u00a0qui eut lieu en\u00a0<a title=\"R\u00e9publique socialiste sovi\u00e9tique d'Ukraine\" href=\"https:\/\/fr.wikipedia.org\/wiki\/R%C3%A9publique_socialiste_sovi%C3%A9tique_d%27Ukraine\">r\u00e9publique socialiste sovi\u00e9tique d&rsquo;Ukraine<\/a>\u00a0et dans le\u00a0<a title=\"Kouban\" href=\"https:\/\/fr.wikipedia.org\/wiki\/Kouban\">Kouban<\/a>\u00a0(<a title=\"R\u00e9publique socialiste f\u00e9d\u00e9rative sovi\u00e9tique de Russie\" href=\"https:\/\/fr.wikipedia.org\/wiki\/R%C3%A9publique_socialiste_f%C3%A9d%C3%A9rative_sovi%C3%A9tique_de_Russie\">r\u00e9publique socialiste f\u00e9d\u00e9rative sovi\u00e9tique de Russie<\/a>), en\u00a0<a title=\"Union des r\u00e9publiques socialistes sovi\u00e9tiques\" href=\"https:\/\/fr.wikipedia.org\/wiki\/Union_des_r%C3%A9publiques_socialistes_sovi%C3%A9tiques\">URSS<\/a>, en 1932 et 1933, et qui fit, selon les estimations des historiens, entre 2,6<sup id=\"cite_ref-1\" class=\"reference\"><a href=\"https:\/\/fr.wikipedia.org\/wiki\/Holodomor#cite_note-1\">1<\/a><\/sup>\u00a0et\u00a0<span class=\"nowrap\">5 millions<\/span>\u00a0de morts<sup id=\"cite_ref-Conquest1995331_2-0\" class=\"reference\"><a href=\"https:\/\/fr.wikipedia.org\/wiki\/Holodomor#cite_note-Conquest1995331-2\">2<\/a><\/sup>. Sans pr\u00e9c\u00e9dent dans l&rsquo;<a title=\"Histoire de l'Ukraine\" href=\"https:\/\/fr.wikipedia.org\/wiki\/Histoire_de_l%27Ukraine\">histoire de l&rsquo;Ukraine<\/a>, l&rsquo;\u00e9v\u00e9nement se produisit dans le contexte plus g\u00e9n\u00e9ral des\u00a0<a title=\"Famines sovi\u00e9tiques de 1931-1933\" href=\"https:\/\/fr.wikipedia.org\/wiki\/Famines_sovi%C3%A9tiques_de_1931-1933\">famines sovi\u00e9tiques de 1931-1933<\/a>\u00a0et fit un nombre particuli\u00e8rement \u00e9lev\u00e9 de victimes<sup id=\"cite_ref-4\" class=\"reference\"><a href=\"https:\/\/fr.wikipedia.org\/wiki\/Holodomor#cite_note-4\">a<\/a><\/sup>.<\/p>\n<p style=\"text-align: justify;\">Depuis l&rsquo;ouverture des\u00a0<a title=\"Archives sovi\u00e9tiques\" href=\"https:\/\/fr.wikipedia.org\/wiki\/Archives_sovi%C3%A9tiques\">archives sovi\u00e9tiques<\/a>\u00a0apr\u00e8s la\u00a0<a title=\"Dislocation de l'URSS\" href=\"https:\/\/fr.wikipedia.org\/wiki\/Dislocation_de_l%27URSS\">dislocation de l&rsquo;URSS<\/a>\u00a0en 1991, la\u00a0<a title=\"N\u00e9gationnisme\" href=\"https:\/\/fr.wikipedia.org\/wiki\/N%C3%A9gationnisme\">n\u00e9gation<\/a>\u00a0de la famine a cess\u00e9, mais son ampleur et le caract\u00e8re intentionnel de cette famine sont contest\u00e9s. Bien avant que le nom de \u00ab\u00a0Holodomor\u00a0\u00bb ne soit forg\u00e9, la famine avait \u00e9t\u00e9 d\u00e9crite, d\u00e8s 1935, par\u00a0<a title=\"Boris Souvarine\" href=\"https:\/\/fr.wikipedia.org\/wiki\/Boris_Souvarine\">Boris Souvarine<\/a><sup id=\"cite_ref-souvarine_5-0\" class=\"reference\"><a href=\"https:\/\/fr.wikipedia.org\/wiki\/Holodomor#cite_note-souvarine-5\">4<\/a><\/sup>, et faisait partie de la\u00a0<a title=\"M\u00e9moire collective\" href=\"https:\/\/fr.wikipedia.org\/wiki\/M%C3%A9moire_collective\">m\u00e9moire collective<\/a>\u00a0mais\u00a0<a title=\"Dissidence\" href=\"https:\/\/fr.wikipedia.org\/wiki\/Dissidence\">clandestine<\/a>\u00a0des populations concern\u00e9es\u00a0: seules les publications dissidentes, les\u00a0<a title=\"Samizdat\" href=\"https:\/\/fr.wikipedia.org\/wiki\/Samizdat\">samizdats<\/a>, l&rsquo;\u00e9voquaient par \u00e9crit. Quarante ans plus tard, elle est \u00e0 nouveau r\u00e9v\u00e9l\u00e9e par la publication de\u00a0<i><a title=\"L'Archipel du Goulag\" href=\"https:\/\/fr.wikipedia.org\/wiki\/L%27Archipel_du_Goulag\">L&rsquo;Archipel du Goulag<\/a><\/i>\u00a0d&rsquo;<a title=\"Alexandre Soljenitsyne\" href=\"https:\/\/fr.wikipedia.org\/wiki\/Alexandre_Soljenitsyne\">Alexandre Soljenitsyne<\/a>.<\/p>\n<p style=\"text-align: justify;\">Au d\u00e9but du\u00a0<a title=\"XXIe si\u00e8cle\" href=\"https:\/\/fr.wikipedia.org\/wiki\/XXIe_si%C3%A8cle\"><abbr class=\"abbr\" title=\"21\u1d49 si\u00e8cle\"><span class=\"romain\">XXI<\/span><sup>e<\/sup><\/abbr>\u00a0si\u00e8cle<\/a>, la responsabilit\u00e9 des autorit\u00e9s sovi\u00e9tiques dans la gen\u00e8se et l&rsquo;ampleur de la famine (\u00e0 travers la\u00a0<a title=\"Collectivisation\" href=\"https:\/\/fr.wikipedia.org\/wiki\/Collectivisation\">collectivisation<\/a>, les campagnes de \u00ab\u00a0<a title=\"Koulak\" href=\"https:\/\/fr.wikipedia.org\/wiki\/Koulak\">d\u00e9koulakisation<\/a>\u00a0\u00bb, les r\u00e9quisitions excessives de denr\u00e9es alimentaires aupr\u00e8s des paysans et les limitations aux d\u00e9placements impos\u00e9es en pleine famine) est g\u00e9n\u00e9ralement reconnue.<\/p>\n<p style=\"text-align: justify;\">Fin 2006, l&rsquo;<a title=\"Ukraine\" href=\"https:\/\/fr.wikipedia.org\/wiki\/Ukraine\">Ukraine<\/a>\u00a0ind\u00e9pendante qualifie officiellement le Holodomor de\u00a0<a title=\"G\u00e9nocide\" href=\"https:\/\/fr.wikipedia.org\/wiki\/G%C3%A9nocide\">g\u00e9nocide<\/a>, qualification reconnue par un certain nombre de pays dont les\u00a0<a title=\"\u00c9tats-Unis\" href=\"https:\/\/fr.wikipedia.org\/wiki\/%C3%89tats-Unis\">\u00c9tats-Unis<\/a>. Mais le caract\u00e8re g\u00e9nocidaire de cette famine est contest\u00e9, notamment par le\u00a0<a title=\"Kazakhstan\" href=\"https:\/\/fr.wikipedia.org\/wiki\/Kazakhstan\">Kazakhstan<\/a>\u00a0et la\u00a0<a title=\"Russie\" href=\"https:\/\/fr.wikipedia.org\/wiki\/Russie\">Russie<\/a>\u00a0qui ont \u00e9galement beaucoup souffert de cette famine<sup id=\"cite_ref-6\" class=\"reference\"><a href=\"https:\/\/fr.wikipedia.org\/wiki\/Holodomor#cite_note-6\">5<\/a><\/sup>. La n\u00e9gation du Holodomor comme g\u00e9nocide concerne l&rsquo;importance relative des diff\u00e9rents facteurs ayant engendr\u00e9 la famine, ainsi que les intentions de\u00a0<a title=\"Joseph Staline\" href=\"https:\/\/fr.wikipedia.org\/wiki\/Joseph_Staline\">Joseph Staline<\/a>, dirigeant absolu de l&rsquo;Union sovi\u00e9tique \u00e0 l&rsquo;\u00e9poque<sup id=\"cite_ref-7\" class=\"reference\"><a href=\"https:\/\/fr.wikipedia.org\/wiki\/Holodomor#cite_note-7\">6<\/a><\/sup>. L&rsquo;aspect intentionnel de la famine est discut\u00e9 par certains historiens<sup id=\"cite_ref-8\" class=\"reference\"><a href=\"https:\/\/fr.wikipedia.org\/wiki\/Holodomor#cite_note-8\">7<\/a><\/sup><sup class=\"reference cite_virgule\">,<\/sup><sup id=\"cite_ref-9\" class=\"reference\"><a href=\"https:\/\/fr.wikipedia.org\/wiki\/Holodomor#cite_note-9\">8<\/a><\/sup><sup class=\"reference cite_virgule\">,<\/sup><sup id=\"cite_ref-10\" class=\"reference\"><a href=\"https:\/\/fr.wikipedia.org\/wiki\/Holodomor#cite_note-10\">9<\/a><\/sup>. Le jour comm\u00e9moratif du Holodomor est fix\u00e9 au quatri\u00e8me dimanche de novembre.<\/p>\n<p style=\"text-align: justify;\">Le\u00a0<a title=\"Parlement europ\u00e9en\" href=\"https:\/\/fr.wikipedia.org\/wiki\/Parlement_europ%C3%A9en\">Parlement europ\u00e9en<\/a>\u00a0reconna\u00eet en 2008 le Holodomor comme un\u00a0<a title=\"Crime contre l'humanit\u00e9\" href=\"https:\/\/fr.wikipedia.org\/wiki\/Crime_contre_l%27humanit%C3%A9\">crime contre l&rsquo;humanit\u00e9<\/a>, jugeant qu&rsquo;il s&rsquo;agissait d&rsquo;une famine provoqu\u00e9e et d&rsquo;un\u00a0<span class=\"citation\">\u00ab\u00a0crime contre le peuple ukrainien et contre l&rsquo;humanit\u00e9<sup id=\"cite_ref-europarl_texte_adopt\u00e9_11-0\" class=\"reference\"><a href=\"https:\/\/fr.wikipedia.org\/wiki\/Holodomor#cite_note-europarl_texte_adopt%C3%A9-11\">10<\/a><\/sup>\u00a0\u00bb<\/span>, et le qualifie de g\u00e9nocide en 2022<sup id=\"cite_ref-:5_12-0\" class=\"reference\"><a href=\"https:\/\/fr.wikipedia.org\/wiki\/Holodomor#cite_note-:5-12\">11<\/a><\/sup>. En avril 2023, l&rsquo;<a title=\"Assembl\u00e9e nationale (France)\" href=\"https:\/\/fr.wikipedia.org\/wiki\/Assembl%C3%A9e_nationale_(France)\">Assembl\u00e9e nationale fran\u00e7aise<\/a>\u00a0qualifie \u00e9galement cette famine de g\u00e9nocide<sup id=\"cite_ref-13\" class=\"reference\"><a href=\"https:\/\/fr.wikipedia.org\/wiki\/Holodomor#cite_note-13\">12<\/a><\/sup><sup class=\"reference cite_virgule\">,<\/sup><sup id=\"cite_ref-14\" class=\"reference\"><a href=\"https:\/\/fr.wikipedia.org\/wiki\/Holodomor#cite_note-14\">13<\/a><\/sup>.<\/p>\n<p style=\"text-align: justify;\">L&rsquo;Holodomor est reconnu par 33 pays comme un acte g\u00e9nocidaire ou d&rsquo;extermination, mais l&rsquo;ONU ne le classe pas au nombre des g\u00e9nocides reconnus par interpr\u00e9tation de sa d\u00e9finition de r\u00e9f\u00e9rence<sup id=\"cite_ref-15\" class=\"reference\"><a href=\"https:\/\/fr.wikipedia.org\/wiki\/Holodomor#cite_note-15\">14<\/a><\/sup>.<\/p>\n<p style=\"text-align: justify;\">Le film\u00a0<i><a title=\"L'Ombre de Staline\" href=\"https:\/\/fr.wikipedia.org\/wiki\/L%27Ombre_de_Staline\">L&rsquo;Ombre de Staline<\/a><\/i>\u00a0d&rsquo;<a title=\"Agnieszka Holland\" href=\"https:\/\/fr.wikipedia.org\/wiki\/Agnieszka_Holland\">Agnieszka Holland<\/a>, sorti en 2019, ainsi que l&rsquo;ouvrage collectif\u00a0<i><a title=\"Le Livre noir du communisme\" href=\"https:\/\/fr.wikipedia.org\/wiki\/Le_Livre_noir_du_communisme\">Le Livre noir du communisme<\/a><\/i>\u00a0rappellent comment le pouvoir sovi\u00e9tique a\u00a0<a title=\"Censure en Union sovi\u00e9tique\" href=\"https:\/\/fr.wikipedia.org\/wiki\/Censure_en_Union_sovi%C3%A9tique\">cach\u00e9 et ni\u00e9<\/a>\u00a0la famine<sup id=\"cite_ref-16\" class=\"reference\"><a href=\"https:\/\/fr.wikipedia.org\/wiki\/Holodomor#cite_note-16\">15<\/a><\/sup><sup class=\"reference cite_virgule\">,<\/sup><sup id=\"cite_ref-:1_17-0\" class=\"reference\"><a href=\"https:\/\/fr.wikipedia.org\/wiki\/Holodomor#cite_note-:1-17\">16<\/a><\/sup>.<\/p>\n<p>&nbsp;<\/p>\n","protected":false},"excerpt":{"rendered":"<p>Lien Wikip\u00e9dia Le terme\u00a0Holodomor\u00a0(ukrainien\u00a0:\u00a0\u0413\u043e\u043b\u043e\u0434\u043e\u043c\u043e\u0301\u0440, litt\u00e9ralement \u00ab\u00a0famine\u00a0\u00bb, de la racine\u00a0\u0433\u043e\u0301\u043b\u043e\u0434, \u00ab\u00a0faim\u00a0\u00bb, et\u00a0\u043c\u043e\u0440, \u00ab\u00a0fl\u00e9au\u00a0\u00bb, form\u00e9 comme calque du\u00a0tch\u00e8que\u00a0hladomor, \u00ab\u00a0famine\u00a0\u00bb, en 1933, mais qu&rsquo;on peut traduire par \u00ab\u00a0extermination par la\u00a0faim\u00a0\u00bb) d\u00e9signe la grande\u00a0famine\u00a0qui eut lieu en\u00a0r\u00e9publique socialiste sovi\u00e9tique d&rsquo;Ukraine\u00a0et dans le\u00a0Kouban\u00a0(r\u00e9publique socialiste f\u00e9d\u00e9rative sovi\u00e9tique de Russie), en\u00a0URSS, en 1932 et 1933, et qui fit, selon les estimations des [&hellip;]<\/p>\n","protected":false},"author":1,"featured_media":11084,"parent":0,"menu_order":0,"comment_status":"closed","ping_status":"closed","template":"","meta":{"footnotes":""},"class_list":["post-11081","page","type-page","status-publish","has-post-thumbnail","hentry"],"_links":{"self":[{"href":"https:\/\/oraziopuglisi.art\/index.php\/wp-json\/wp\/v2\/pages\/11081","targetHints":{"allow":["GET"]}}],"collection":[{"href":"https:\/\/oraziopuglisi.art\/index.php\/wp-json\/wp\/v2\/pages"}],"about":[{"href":"https:\/\/oraziopuglisi.art\/index.php\/wp-json\/wp\/v2\/types\/page"}],"author":[{"embeddable":true,"href":"https:\/\/oraziopuglisi.art\/index.php\/wp-json\/wp\/v2\/users\/1"}],"replies":[{"embeddable":true,"href":"https:\/\/oraziopuglisi.art\/index.php\/wp-json\/wp\/v2\/comments?post=11081"}],"version-history":[{"count":5,"href":"https:\/\/oraziopuglisi.art\/index.php\/wp-json\/wp\/v2\/pages\/11081\/revisions"}],"predecessor-version":[{"id":11087,"href":"https:\/\/oraziopuglisi.art\/index.php\/wp-json\/wp\/v2\/pages\/11081\/revisions\/11087"}],"wp:featuredmedia":[{"embeddable":true,"href":"https:\/\/oraziopuglisi.art\/index.php\/wp-json\/wp\/v2\/media\/11084"}],"wp:attachment":[{"href":"https:\/\/oraziopuglisi.art\/index.php\/wp-json\/wp\/v2\/media?parent=11081"}],"curies":[{"name":"wp","href":"https:\/\/api.w.org\/{rel}","templated":true}]}}