{"id":11021,"date":"2024-08-18T12:36:53","date_gmt":"2024-08-18T10:36:53","guid":{"rendered":"https:\/\/oraziopuglisi.art\/?page_id=11021"},"modified":"2024-08-18T12:40:14","modified_gmt":"2024-08-18T10:40:14","slug":"le-genocide-armenien","status":"publish","type":"page","link":"https:\/\/oraziopuglisi.art\/index.php\/le-genocide-armenien\/","title":{"rendered":"Le G\u00e9nocide Arm\u00e9nien"},"content":{"rendered":"<form action=\"https:\/\/www.paypal.com\/cgi-bin\/webscr\" method=\"post\" target=\"_top\">\n<p><input name=\"cmd\" type=\"hidden\" value=\"_s-xclick\" \/><input name=\"hosted_button_id\" type=\"hidden\" value=\"B9KUAAXX2KE3G\" \/><input alt=\"PayPal, le r\u00e9flexe s\u00e9curit\u00e9 pour payer en ligne\" name=\"submit\" src=\"https:\/\/www.paypalobjects.com\/fr_FR\/FR\/i\/btn\/btn_donateCC_LG.gif\" type=\"image\" \/><\/p>\n<p style=\"text-align: justify;\"><span style=\"font-family: 'book antiqua', palatino, serif;\">En 1915, les Arm\u00e9niens de l\u2019Empire ottoman sont victimes du premier G\u00e9nocide du\u00a0<\/span><span style=\"font-family: 'book antiqua', palatino, serif;\">20 \u00e8me si\u00e8cle. 100 ans plus tard, cet \u00e9pisode tragique de l\u2019histoire cristallise toujours des tensions entre le gouvernement turc, qui refuse de le reconna\u00eetre en tant que tel, et les Arm\u00e9niens qui poursuivent le travail de m\u00e9moire et d\u2019histoire.<\/span><\/p>\n<p>&nbsp;<\/p>\n<p style=\"text-align: center;\"><a href=\"https:\/\/fr.wikipedia.org\/wiki\/G%C3%A9nocide_arm%C3%A9nien\">Lien Wikip\u00e9dia<\/a><\/p>\n<p style=\"text-align: justify;\">Le\u00a0<b>g\u00e9nocide arm\u00e9nien<\/b>\u00a0(en\u00a0<a title=\"Arm\u00e9nien\" href=\"https:\/\/fr.wikipedia.org\/wiki\/Arm%C3%A9nien\">arm\u00e9nien<\/a>\u00a0:\u00a0<span class=\"lang-hy\" lang=\"hy\">\u0540\u0561\u0575\u0578\u0581 \u0581\u0565\u0572\u0561\u057d\u057a\u0561\u0576\u0578\u0582\u0569\u0575\u0578\u0582\u0576<\/span>,\u00a0<i><span class=\"lang-hy-latn\" lang=\"hy-latn\">Hayots tseghaspanoutyoun<\/span><\/i>\u00a0; en\u00a0<a title=\"Turc\" href=\"https:\/\/fr.wikipedia.org\/wiki\/Turc\">turc<\/a>\u00a0:\u00a0<i><span class=\"lang-tr\" lang=\"tr\">Ermeni Soyk\u0131r\u0131m\u0131<\/span><\/i>), ou plus pr\u00e9cis\u00e9ment le\u00a0<b>g\u00e9nocide des Arm\u00e9niens<\/b>, est un\u00a0<a title=\"G\u00e9nocide\" href=\"https:\/\/fr.wikipedia.org\/wiki\/G%C3%A9nocide\">g\u00e9nocide<\/a>\u00a0perp\u00e9tr\u00e9 d&rsquo;avril\u00a0<a title=\"1915\" href=\"https:\/\/fr.wikipedia.org\/wiki\/1915\">1915<\/a>\u00a0\u00e0 juillet\u00a0<a title=\"1916\" href=\"https:\/\/fr.wikipedia.org\/wiki\/1916\">1916<\/a>, voire\u00a0<a title=\"1923\" href=\"https:\/\/fr.wikipedia.org\/wiki\/1923\">1923<\/a><sup id=\"cite_ref-2\" class=\"reference\"><a title=\"\" href=\"https:\/\/fr.wikipedia.org\/wiki\/G%C3%A9nocide_arm%C3%A9nien#cite_note-2\">Note 2<\/a><\/sup>, au cours duquel les deux tiers des\u00a0<a title=\"Arm\u00e9niens\" href=\"https:\/\/fr.wikipedia.org\/wiki\/Arm%C3%A9niens\">Arm\u00e9niens<\/a>\u00a0qui vivent alors sur le territoire actuel de la\u00a0<a title=\"Turquie\" href=\"https:\/\/fr.wikipedia.org\/wiki\/Turquie\">Turquie<\/a>\u00a0p\u00e9rissent du fait de\u00a0<a title=\"D\u00e9portation\" href=\"https:\/\/fr.wikipedia.org\/wiki\/D%C3%A9portation\">d\u00e9portations<\/a>,\u00a0<a title=\"Famine\" href=\"https:\/\/fr.wikipedia.org\/wiki\/Famine\">famines<\/a>\u00a0et\u00a0<a title=\"Massacre\" href=\"https:\/\/fr.wikipedia.org\/wiki\/Massacre\">massacres<\/a>\u00a0de grande ampleur. Il est planifi\u00e9 et ex\u00e9cut\u00e9 par le parti au pouvoir \u00e0 l&rsquo;\u00e9poque, le Comit\u00e9 Union et Progr\u00e8s (CUP), plus connu sous le nom de \u00ab\u00a0<a title=\"Jeunes-Turcs\" href=\"https:\/\/fr.wikipedia.org\/wiki\/Jeunes-Turcs\">Jeunes-Turcs<\/a>\u00a0\u00bb, compos\u00e9 en particulier du\u00a0<a title=\"Trois Pachas\" href=\"https:\/\/fr.wikipedia.org\/wiki\/Trois_Pachas\">triumvirat d&rsquo;officiers<\/a>\u00a0<a title=\"Talaat Pacha\" href=\"https:\/\/fr.wikipedia.org\/wiki\/Talaat_Pacha\">Talaat Pacha<\/a>,\u00a0<a title=\"Ismail Enver\" href=\"https:\/\/fr.wikipedia.org\/wiki\/Ismail_Enver\">Enver Pacha<\/a>\u00a0et\u00a0<a title=\"Djemal Pacha\" href=\"https:\/\/fr.wikipedia.org\/wiki\/Djemal_Pacha\">Djemal Pacha<\/a>, qui dirige l&rsquo;<a title=\"Empire ottoman\" href=\"https:\/\/fr.wikipedia.org\/wiki\/Empire_ottoman\">Empire ottoman<\/a>\u00a0alors engag\u00e9 dans la\u00a0<a title=\"Premi\u00e8re Guerre mondiale\" href=\"https:\/\/fr.wikipedia.org\/wiki\/Premi%C3%A8re_Guerre_mondiale\">Premi\u00e8re Guerre mondiale<\/a>\u00a0aux c\u00f4t\u00e9s des\u00a0<a title=\"Triplice\" href=\"https:\/\/fr.wikipedia.org\/wiki\/Triplice\">Empires centraux<\/a>. Il co\u00fbte la vie \u00e0 environ un million deux cent mille Arm\u00e9niens d&rsquo;<a title=\"Anatolie\" href=\"https:\/\/fr.wikipedia.org\/wiki\/Anatolie\">Anatolie<\/a>\u00a0et d&rsquo;<a title=\"Arm\u00e9nie occidentale\" href=\"https:\/\/fr.wikipedia.org\/wiki\/Arm%C3%A9nie_occidentale\">Arm\u00e9nie occidentale<\/a><sup id=\"cite_ref-3\" class=\"reference\"><a href=\"https:\/\/fr.wikipedia.org\/wiki\/G%C3%A9nocide_arm%C3%A9nien#cite_note-3\">Note 3<\/a><\/sup>.<\/p>\n<p style=\"text-align: justify;\">Les d\u00e9portations et massacres sont pr\u00e9par\u00e9s et organis\u00e9s depuis\u00a0<a title=\"Constantinople\" href=\"https:\/\/fr.wikipedia.org\/wiki\/Constantinople\">Constantinople<\/a>, capitale de l&rsquo;Empire, et mis en \u0153uvre \u00e0 l&rsquo;\u00e9chelle locale par les autorit\u00e9s des divers districts et provinces. Chaque responsable local est charg\u00e9 de rassembler ses administr\u00e9s arm\u00e9niens, puis\u00a0<a title=\"Arm\u00e9e ottomane de 1826 \u00e0 1922\" href=\"https:\/\/fr.wikipedia.org\/wiki\/Arm%C3%A9e_ottomane_de_1826_%C3%A0_1922\">les soldats<\/a>\u00a0et\u00a0<a title=\"Gendarmerie ottomane\" href=\"https:\/\/fr.wikipedia.org\/wiki\/Gendarmerie_ottomane\">gendarmes ottomans<\/a>\u00a0escortent les convois jusqu&rsquo;au d\u00e9sert dans des \u00ab\u00a0<a title=\"Marches de la mort\" href=\"https:\/\/fr.wikipedia.org\/wiki\/Marches_de_la_mort\">marches de la mort<\/a>\u00a0\u00bb et proc\u00e8dent eux-m\u00eames aux assassinats ou laissent libre cours \u00e0 la violence de groupes de bandits arm\u00e9s, majoritairement\u00a0<a title=\"Kurdes\" href=\"https:\/\/fr.wikipedia.org\/wiki\/Kurdes\">kurdes<\/a>. De nombreux criminels, regroup\u00e9s dans ce qui sera connu comme l&rsquo;\u00ab\u00a0<a title=\"Organisation sp\u00e9ciale (Empire ottoman)\" href=\"https:\/\/fr.wikipedia.org\/wiki\/Organisation_sp%C3%A9ciale_(Empire_ottoman)\">Organisation sp\u00e9ciale<\/a>\u00a0\u00bb, ont \u00e9t\u00e9 lib\u00e9r\u00e9s par les autorit\u00e9s \u00e0 cette fin.<\/p>\n<p style=\"text-align: justify;\">Sa\u00a0<a title=\"Reconnaissance politique du g\u00e9nocide arm\u00e9nien\" href=\"https:\/\/fr.wikipedia.org\/wiki\/Reconnaissance_politique_du_g%C3%A9nocide_arm%C3%A9nien\">reconnaissance politique<\/a>\u00a0\u00e0 travers le monde fait encore l&rsquo;objet de controverses, \u00e0 cause de la\u00a0<a title=\"N\u00e9gation du g\u00e9nocide arm\u00e9nien\" href=\"https:\/\/fr.wikipedia.org\/wiki\/N%C3%A9gation_du_g%C3%A9nocide_arm%C3%A9nien\">n\u00e9gation de ce g\u00e9nocide<\/a>, notamment en Turquie. En\u00a0<time class=\"nowrap\" datetime=\"2023-09\" data-sort-value=\"2023-09\">septembre 2023<\/time>, le g\u00e9nocide est reconnu par trente-trois pays.<\/p>\n<p style=\"text-align: justify;\">Le g\u00e9nocide arm\u00e9nien peut \u00eatre compar\u00e9 sur de nombreux aspects \u00e0 d&rsquo;autres\u00a0<a title=\"G\u00e9nocide\" href=\"https:\/\/fr.wikipedia.org\/wiki\/G%C3%A9nocide\">g\u00e9nocides du\u00a0<abbr class=\"abbr\" title=\"20\u1d49 si\u00e8cle\"><span class=\"romain\">XX<\/span><sup>e<\/sup><\/abbr>\u00a0si\u00e8cle<\/a>. Des\u00a0<a title=\"G\u00e9nocide arm\u00e9nien et Shoah\" href=\"https:\/\/fr.wikipedia.org\/wiki\/G%C3%A9nocide_arm%C3%A9nien_et_Shoah\">liens ont \u00e9t\u00e9 \u00e9tablis avec la Shoah<\/a><sup id=\"cite_ref-4\" class=\"reference\"><a href=\"https:\/\/fr.wikipedia.org\/wiki\/G%C3%A9nocide_arm%C3%A9nien#cite_note-4\">1<\/a><\/sup><sup class=\"reference cite_virgule\">,<\/sup><sup id=\"cite_ref-:18_5-0\" class=\"reference\"><a href=\"https:\/\/fr.wikipedia.org\/wiki\/G%C3%A9nocide_arm%C3%A9nien#cite_note-:18-5\">2<\/a><\/sup><sup class=\"reference cite_virgule\">,<\/sup><sup id=\"cite_ref-6\" class=\"reference\"><a href=\"https:\/\/fr.wikipedia.org\/wiki\/G%C3%A9nocide_arm%C3%A9nien#cite_note-6\">3<\/a><\/sup>, comme dans le cas du contr\u00f4le \u00e9tatique des mouvements de la population \u00e0 exterminer<sup id=\"cite_ref-7\" class=\"reference\"><a href=\"https:\/\/fr.wikipedia.org\/wiki\/G%C3%A9nocide_arm%C3%A9nien#cite_note-7\">4<\/a><\/sup>\u00a0mais aussi avec le\u00a0<a title=\"G\u00e9nocide des Tutsis au Rwanda\" href=\"https:\/\/fr.wikipedia.org\/wiki\/G%C3%A9nocide_des_Tutsis_au_Rwanda\">g\u00e9nocide rwandais<\/a>\u00a0par le caract\u00e8re souvent tr\u00e8s \u00ab\u00a0local\u00a0\u00bb de la violence exerc\u00e9e, et l&rsquo;intervention massive de populations civiles qui deviennent des bourreaux<sup id=\"cite_ref-8\" class=\"reference\"><a href=\"https:\/\/fr.wikipedia.org\/wiki\/G%C3%A9nocide_arm%C3%A9nien#cite_note-8\">5<\/a><\/sup><sup class=\"reference cite_virgule\">,<\/sup><sup id=\"cite_ref-9\" class=\"reference\"><a href=\"https:\/\/fr.wikipedia.org\/wiki\/G%C3%A9nocide_arm%C3%A9nien#cite_note-9\">6<\/a><\/sup>.<\/p>\n<p>&nbsp;<\/p>\n<p><iframe loading=\"lazy\" src=\"https:\/\/www.youtube.com\/embed\/et4du3yUGwg\" width=\"560\" height=\"315\" frameborder=\"0\" allowfullscreen=\"allowfullscreen\" data-mce-fragment=\"1\"><\/iframe><\/form>\n<p><iframe loading=\"lazy\" src=\"https:\/\/www.youtube.com\/embed\/s_OR6pZiGgg\" width=\"560\" height=\"315\" frameborder=\"0\" allowfullscreen=\"allowfullscreen\" data-mce-fragment=\"1\"><\/iframe> <iframe loading=\"lazy\" src=\"https:\/\/www.youtube.com\/embed\/TTVLbnIFqio\" width=\"560\" height=\"315\" frameborder=\"0\" allowfullscreen=\"allowfullscreen\" data-mce-fragment=\"1\"><\/iframe> <iframe loading=\"lazy\" src=\"https:\/\/www.youtube.com\/embed\/O6RAdtbm_sU\" width=\"560\" height=\"315\" frameborder=\"0\" allowfullscreen=\"allowfullscreen\" data-mce-fragment=\"1\"><\/iframe>\u00a0\u00a0<iframe loading=\"lazy\" src=\"https:\/\/www.youtube.com\/embed\/lXPLh_AySmk\" width=\"560\" height=\"315\" frameborder=\"0\" allowfullscreen=\"allowfullscreen\" data-mce-fragment=\"1\"><\/iframe> <iframe loading=\"lazy\" src=\"https:\/\/www.youtube.com\/embed\/wQ1hPXcrdQI\" width=\"560\" height=\"315\" frameborder=\"0\" allowfullscreen=\"allowfullscreen\" data-mce-fragment=\"1\"><\/iframe> <iframe loading=\"lazy\" src=\"https:\/\/www.youtube.com\/embed\/0OHMXFeA2VM\" width=\"560\" height=\"315\" frameborder=\"0\" allowfullscreen=\"allowfullscreen\" data-mce-fragment=\"1\"><\/iframe> <iframe loading=\"lazy\" src=\"https:\/\/www.youtube.com\/embed\/23LJmeX2yxE\" width=\"560\" height=\"315\" frameborder=\"0\" allowfullscreen=\"allowfullscreen\" data-mce-fragment=\"1\"><\/iframe>\u00a0<\/p>\n","protected":false},"excerpt":{"rendered":"<p>En 1915, les Arm\u00e9niens de l\u2019Empire ottoman sont victimes du premier G\u00e9nocide du\u00a020 \u00e8me si\u00e8cle. 100 ans plus tard, cet \u00e9pisode tragique de l\u2019histoire cristallise toujours des tensions entre le gouvernement turc, qui refuse de le reconna\u00eetre en tant que tel, et les Arm\u00e9niens qui poursuivent le travail de m\u00e9moire et d\u2019histoire. &nbsp; Lien Wikip\u00e9dia [&hellip;]<\/p>\n","protected":false},"author":1,"featured_media":11027,"parent":0,"menu_order":0,"comment_status":"closed","ping_status":"closed","template":"","meta":{"footnotes":""},"class_list":["post-11021","page","type-page","status-publish","has-post-thumbnail","hentry"],"_links":{"self":[{"href":"https:\/\/oraziopuglisi.art\/index.php\/wp-json\/wp\/v2\/pages\/11021","targetHints":{"allow":["GET"]}}],"collection":[{"href":"https:\/\/oraziopuglisi.art\/index.php\/wp-json\/wp\/v2\/pages"}],"about":[{"href":"https:\/\/oraziopuglisi.art\/index.php\/wp-json\/wp\/v2\/types\/page"}],"author":[{"embeddable":true,"href":"https:\/\/oraziopuglisi.art\/index.php\/wp-json\/wp\/v2\/users\/1"}],"replies":[{"embeddable":true,"href":"https:\/\/oraziopuglisi.art\/index.php\/wp-json\/wp\/v2\/comments?post=11021"}],"version-history":[{"count":5,"href":"https:\/\/oraziopuglisi.art\/index.php\/wp-json\/wp\/v2\/pages\/11021\/revisions"}],"predecessor-version":[{"id":11026,"href":"https:\/\/oraziopuglisi.art\/index.php\/wp-json\/wp\/v2\/pages\/11021\/revisions\/11026"}],"wp:featuredmedia":[{"embeddable":true,"href":"https:\/\/oraziopuglisi.art\/index.php\/wp-json\/wp\/v2\/media\/11027"}],"wp:attachment":[{"href":"https:\/\/oraziopuglisi.art\/index.php\/wp-json\/wp\/v2\/media?parent=11021"}],"curies":[{"name":"wp","href":"https:\/\/api.w.org\/{rel}","templated":true}]}}