{"id":11013,"date":"2024-08-18T12:15:22","date_gmt":"2024-08-18T10:15:22","guid":{"rendered":"https:\/\/oraziopuglisi.art\/?page_id=11013"},"modified":"2024-08-18T12:41:35","modified_gmt":"2024-08-18T10:41:35","slug":"le-genocide-amerindien","status":"publish","type":"page","link":"https:\/\/oraziopuglisi.art\/index.php\/le-genocide-amerindien\/","title":{"rendered":"Le G\u00e9nocide Am\u00e9rindien"},"content":{"rendered":"<form action=\"https:\/\/www.paypal.com\/cgi-bin\/webscr\" method=\"post\" target=\"_top\">\n<p><input name=\"cmd\" type=\"hidden\" value=\"_s-xclick\" \/><input name=\"hosted_button_id\" type=\"hidden\" value=\"B9KUAAXX2KE3G\" \/><input alt=\"PayPal, le r\u00e9flexe s\u00e9curit\u00e9 pour payer en ligne\" name=\"submit\" src=\"https:\/\/www.paypalobjects.com\/fr_FR\/FR\/i\/btn\/btn_donateCC_LG.gif\" type=\"image\" \/><\/p>\n<p>&nbsp;<\/p>\n<p style=\"text-align: center;\"><span style=\"font-family: 'book antiqua', palatino, serif; font-size: 24pt; color: #ff0000;\"><strong>80 et 100 millions de victimes<\/strong><\/span><\/p>\n<p>&nbsp;<\/p>\n<p style=\"text-align: justify;\"><span style=\"font-family: 'book antiqua', palatino, serif; color: #0000ff;\"><strong><span style=\"font-size: large;\">A l\u2019arriv\u00e9e des Europ\u00e9ens en Am\u00e9rique, les natifs Am\u00e9rindiens ne se doutaient pas de ce qu\u2019ils allaient subir. Le g\u00e9nocide est estim\u00e9 entre 80 et 100 millions de victimes.\u00a0Encore \u00e0 l\u2019heure actuelle, certains survivants am\u00e9rindiens se disent victime de discrimination au \u00ab\u00a0pays de la libert\u00e9\u00a0\u00bb.<\/span><\/strong><\/span><\/p>\n<p style=\"text-align: center;\"><a href=\"https:\/\/fr.wikipedia.org\/wiki\/Actes_de_g%C3%A9nocide_en_Am%C3%A9rique\">Les G\u00e9nocides an Am\u00e9rique<\/a><\/p>\n<p>&nbsp;<\/p>\n<p><iframe loading=\"lazy\" src=\"https:\/\/www.youtube.com\/embed\/Ec4CrVDyGac\" width=\"560\" height=\"315\" frameborder=\"0\" allowfullscreen=\"allowfullscreen\" data-mce-fragment=\"1\"><\/iframe><\/p>\n<p><iframe loading=\"lazy\" title=\"Les \u00c9tats-Unis ont-ils commis un g\u00e9nocide contre les Am\u00e9rindiens ?\" width=\"600\" height=\"338\" src=\"https:\/\/www.youtube.com\/embed\/B03rmq71vYs?feature=oembed\" frameborder=\"0\" allow=\"accelerometer; autoplay; clipboard-write; encrypted-media; gyroscope; picture-in-picture; web-share\" referrerpolicy=\"strict-origin-when-cross-origin\" allowfullscreen><\/iframe><\/p>\n<p>\u00a0 \u00a0<iframe loading=\"lazy\" src=\"https:\/\/www.youtube.com\/embed\/nYY8gXKKmNs\" width=\"560\" height=\"315\" frameborder=\"0\" allowfullscreen=\"allowfullscreen\" data-mce-fragment=\"1\"><\/iframe> <iframe loading=\"lazy\" src=\"https:\/\/www.youtube.com\/embed\/sMqqjx5ib3E\" width=\"560\" height=\"315\" frameborder=\"0\" allowfullscreen=\"allowfullscreen\" data-mce-fragment=\"1\"><\/iframe> <iframe loading=\"lazy\" src=\"https:\/\/www.youtube.com\/embed\/ex2NLOb_B6k\" width=\"560\" height=\"315\" frameborder=\"0\" allowfullscreen=\"allowfullscreen\" data-mce-fragment=\"1\"><\/iframe> <iframe loading=\"lazy\" src=\"https:\/\/www.youtube.com\/embed\/QCThGMK7QRI\" width=\"560\" height=\"315\" frameborder=\"0\" allowfullscreen=\"allowfullscreen\" data-mce-fragment=\"1\"><\/iframe> <iframe loading=\"lazy\" src=\"https:\/\/www.youtube.com\/embed\/ymmDcq1NNwE\" width=\"560\" height=\"315\" frameborder=\"0\" allowfullscreen=\"allowfullscreen\" data-mce-fragment=\"1\"><\/iframe>\u00a0<\/form>\n<p>&nbsp;<\/p>\n","protected":false},"excerpt":{"rendered":"<p>&nbsp; 80 et 100 millions de victimes &nbsp; A l\u2019arriv\u00e9e des Europ\u00e9ens en Am\u00e9rique, les natifs Am\u00e9rindiens ne se doutaient pas de ce qu\u2019ils allaient subir. Le g\u00e9nocide est estim\u00e9 entre 80 et 100 millions de victimes.\u00a0Encore \u00e0 l\u2019heure actuelle, certains survivants am\u00e9rindiens se disent victime de discrimination au \u00ab\u00a0pays de la libert\u00e9\u00a0\u00bb. Les G\u00e9nocides [&hellip;]<\/p>\n","protected":false},"author":1,"featured_media":11020,"parent":0,"menu_order":0,"comment_status":"closed","ping_status":"closed","template":"","meta":{"footnotes":""},"class_list":["post-11013","page","type-page","status-publish","has-post-thumbnail","hentry"],"_links":{"self":[{"href":"https:\/\/oraziopuglisi.art\/index.php\/wp-json\/wp\/v2\/pages\/11013","targetHints":{"allow":["GET"]}}],"collection":[{"href":"https:\/\/oraziopuglisi.art\/index.php\/wp-json\/wp\/v2\/pages"}],"about":[{"href":"https:\/\/oraziopuglisi.art\/index.php\/wp-json\/wp\/v2\/types\/page"}],"author":[{"embeddable":true,"href":"https:\/\/oraziopuglisi.art\/index.php\/wp-json\/wp\/v2\/users\/1"}],"replies":[{"embeddable":true,"href":"https:\/\/oraziopuglisi.art\/index.php\/wp-json\/wp\/v2\/comments?post=11013"}],"version-history":[{"count":6,"href":"https:\/\/oraziopuglisi.art\/index.php\/wp-json\/wp\/v2\/pages\/11013\/revisions"}],"predecessor-version":[{"id":11019,"href":"https:\/\/oraziopuglisi.art\/index.php\/wp-json\/wp\/v2\/pages\/11013\/revisions\/11019"}],"wp:featuredmedia":[{"embeddable":true,"href":"https:\/\/oraziopuglisi.art\/index.php\/wp-json\/wp\/v2\/media\/11020"}],"wp:attachment":[{"href":"https:\/\/oraziopuglisi.art\/index.php\/wp-json\/wp\/v2\/media?parent=11013"}],"curies":[{"name":"wp","href":"https:\/\/api.w.org\/{rel}","templated":true}]}}