{"id":10832,"date":"2024-08-13T07:48:33","date_gmt":"2024-08-13T05:48:33","guid":{"rendered":"https:\/\/oraziopuglisi.art\/?page_id=10832"},"modified":"2024-08-13T07:57:04","modified_gmt":"2024-08-13T05:57:04","slug":"bradley-birkenfeld","status":"publish","type":"page","link":"https:\/\/oraziopuglisi.art\/index.php\/bradley-birkenfeld\/","title":{"rendered":"Bradley Birkenfeld"},"content":{"rendered":"<p style=\"text-align: center;\"><a href=\"https:\/\/fr.wikipedia.org\/wiki\/Bradley_Birkenfeld\">Bradley Birkenfeld<\/a><\/p>\n<p>&nbsp;<\/p>\n<p style=\"text-align: justify;\">Ancien <a title=\"Conseiller en gestion de patrimoine\" href=\"https:\/\/fr.wikipedia.org\/wiki\/Conseiller_en_gestion_de_patrimoine\">conseiller en gestion de patrimoine<\/a>\u00a0de la banque\u00a0<a title=\"UBS\" href=\"https:\/\/fr.wikipedia.org\/wiki\/UBS\">UBS<\/a>\u00a0\u00e0\u00a0<a title=\"Gen\u00e8ve\" href=\"https:\/\/fr.wikipedia.org\/wiki\/Gen%C3%A8ve\">Gen\u00e8ve<\/a>. Il r\u00e9v\u00e8le notamment aux autorit\u00e9s am\u00e9ricaines les pratiques ill\u00e9gales de la banque concernant le d\u00e9marchage de nouveaux clients sur le territoire am\u00e9ricain par les commerciaux de la banque et comment les clients existants cachent leur argent face \u00e0 l&rsquo;<a title=\"Internal Revenue Service\" href=\"https:\/\/fr.wikipedia.org\/wiki\/Internal_Revenue_Service\">Internal Revenue Service<\/a>\u00a0(IRS) au travers de montages financiers complexes utilisant des\u00a0<a title=\"Soci\u00e9t\u00e9 \u00e9cran\" href=\"https:\/\/fr.wikipedia.org\/wiki\/Soci%C3%A9t%C3%A9_%C3%A9cran\">soci\u00e9t\u00e9s \u00e9cran<\/a>\u00a0et des\u00a0<a title=\"Trust (droit anglais)\" href=\"https:\/\/fr.wikipedia.org\/wiki\/Trust_(droit_anglais)\">trusts<\/a>. Par ses r\u00e9v\u00e9lations, il aidera en partie \u00e0 acc\u00e9l\u00e9rer la chute du\u00a0<a title=\"Secret bancaire en Suisse\" href=\"https:\/\/fr.wikipedia.org\/wiki\/Secret_bancaire_en_Suisse\">secret bancaire en Suisse<\/a>\u00a0au travers des pressions du gouvernement am\u00e9ricain r\u00e9clamant les noms de tous les titulaires de compte concern\u00e9s au gouvernement suisse. Apr\u00e8s sa peine de prison pour complicit\u00e9 de blanchiment de fraude fiscale, il re\u00e7oit le plus gros ch\u00e8que jamais allou\u00e9 \u00e0 un lanceur d&rsquo;alerte:\u00a0<span class=\"nowrap\">104 millions<\/span>\u00a0de\u00a0<a title=\"Dollar am\u00e9ricain\" href=\"https:\/\/fr.wikipedia.org\/wiki\/Dollar_am%C3%A9ricain\">dollars am\u00e9ricains<\/a>\u00a0(avant imp\u00f4ts)<sup id=\"cite_ref-63\" class=\"reference\"><a href=\"https:\/\/fr.wikipedia.org\/wiki\/Lanceur_d%27alerte#cite_note-63\">63<\/a><\/sup>.<\/p>\n","protected":false},"excerpt":{"rendered":"<p>Bradley Birkenfeld &nbsp; Ancien conseiller en gestion de patrimoine\u00a0de la banque\u00a0UBS\u00a0\u00e0\u00a0Gen\u00e8ve. Il r\u00e9v\u00e8le notamment aux autorit\u00e9s am\u00e9ricaines les pratiques ill\u00e9gales de la banque concernant le d\u00e9marchage de nouveaux clients sur le territoire am\u00e9ricain par les commerciaux de la banque et comment les clients existants cachent leur argent face \u00e0 l&rsquo;Internal Revenue Service\u00a0(IRS) au travers de [&hellip;]<\/p>\n","protected":false},"author":1,"featured_media":10839,"parent":0,"menu_order":0,"comment_status":"closed","ping_status":"closed","template":"","meta":{"footnotes":""},"class_list":["post-10832","page","type-page","status-publish","has-post-thumbnail","hentry"],"_links":{"self":[{"href":"https:\/\/oraziopuglisi.art\/index.php\/wp-json\/wp\/v2\/pages\/10832","targetHints":{"allow":["GET"]}}],"collection":[{"href":"https:\/\/oraziopuglisi.art\/index.php\/wp-json\/wp\/v2\/pages"}],"about":[{"href":"https:\/\/oraziopuglisi.art\/index.php\/wp-json\/wp\/v2\/types\/page"}],"author":[{"embeddable":true,"href":"https:\/\/oraziopuglisi.art\/index.php\/wp-json\/wp\/v2\/users\/1"}],"replies":[{"embeddable":true,"href":"https:\/\/oraziopuglisi.art\/index.php\/wp-json\/wp\/v2\/comments?post=10832"}],"version-history":[{"count":5,"href":"https:\/\/oraziopuglisi.art\/index.php\/wp-json\/wp\/v2\/pages\/10832\/revisions"}],"predecessor-version":[{"id":10838,"href":"https:\/\/oraziopuglisi.art\/index.php\/wp-json\/wp\/v2\/pages\/10832\/revisions\/10838"}],"wp:featuredmedia":[{"embeddable":true,"href":"https:\/\/oraziopuglisi.art\/index.php\/wp-json\/wp\/v2\/media\/10839"}],"wp:attachment":[{"href":"https:\/\/oraziopuglisi.art\/index.php\/wp-json\/wp\/v2\/media?parent=10832"}],"curies":[{"name":"wp","href":"https:\/\/api.w.org\/{rel}","templated":true}]}}