{"id":10793,"date":"2024-08-12T14:08:26","date_gmt":"2024-08-12T12:08:26","guid":{"rendered":"https:\/\/oraziopuglisi.art\/?page_id=10793"},"modified":"2024-08-12T14:37:31","modified_gmt":"2024-08-12T12:37:31","slug":"w-mark-felt","status":"publish","type":"page","link":"https:\/\/oraziopuglisi.art\/index.php\/w-mark-felt\/","title":{"rendered":"W. Mark Felt"},"content":{"rendered":"<p style=\"text-align: center;\"><a href=\"https:\/\/fr.wikipedia.org\/wiki\/Mark_Felt\">W.Mark Felt<\/a><\/p>\n<p style=\"text-align: justify;\"><b>William Mark Felt<\/b>\u00a0(n\u00e9 le\u00a0<time class=\"nowrap bday\" datetime=\"1913-08-17\" data-sort-value=\"1913-08-17\">17 ao\u00fbt 1913<\/time>\u00a0\u00e0\u00a0<a title=\"Twin Falls\" href=\"https:\/\/fr.wikipedia.org\/wiki\/Twin_Falls\">Twin Falls<\/a>\u00a0dans l\u2019<a title=\"Idaho\" href=\"https:\/\/fr.wikipedia.org\/wiki\/Idaho\">Idaho<\/a>\u00a0et mort le\u00a0<time class=\"nowrap dday\" datetime=\"2008-12-18\" data-sort-value=\"2008-12-18\">18 d\u00e9cembre 2008<\/time>\u00a0\u00e0\u00a0<a title=\"Santa Rosa (Californie)\" href=\"https:\/\/fr.wikipedia.org\/wiki\/Santa_Rosa_(Californie)\">Santa Rosa<\/a>\u00a0en\u00a0<a title=\"Californie\" href=\"https:\/\/fr.wikipedia.org\/wiki\/Californie\">Californie<\/a><sup id=\"cite_ref-1\" class=\"reference\"><a href=\"https:\/\/fr.wikipedia.org\/wiki\/Mark_Felt#cite_note-1\">1<\/a><\/sup>) est un agent du\u00a0<a title=\"Federal Bureau of Investigation\" href=\"https:\/\/fr.wikipedia.org\/wiki\/Federal_Bureau_of_Investigation\">FBI<\/a>, devenu directeur adjoint (num\u00e9ro deux) de cette agence \u00e0 la fin des ann\u00e9es 1960.<\/p>\n<p style=\"text-align: justify;\">En 2005, il a r\u00e9v\u00e9l\u00e9 qu\u2019il \u00e9tait la source des deux journalistes du\u00a0<i><a title=\"The Washington Post\" href=\"https:\/\/fr.wikipedia.org\/wiki\/The_Washington_Post\">Washington Post<\/a><\/i>\u00a0qui furent \u00e0 l\u2019origine de l\u2019<a title=\"Scandale du Watergate\" href=\"https:\/\/fr.wikipedia.org\/wiki\/Scandale_du_Watergate\">affaire du Watergate<\/a>, conduisant \u00e0 la d\u00e9mission du\u00a0<a title=\"Pr\u00e9sident des \u00c9tats-Unis\" href=\"https:\/\/fr.wikipedia.org\/wiki\/Pr%C3%A9sident_des_%C3%89tats-Unis\">pr\u00e9sident des \u00c9tats-Unis<\/a>\u00a0<a title=\"Richard Nixon\" href=\"https:\/\/fr.wikipedia.org\/wiki\/Richard_Nixon\">Richard Nixon<\/a>, en 1974. Cette source \u00e9tait connue alors seulement sous le pseudonyme de\u00a0<i><b>Gorge profonde<\/b><\/i>\u00a0(<span class=\"citation not_fr_quote\" lang=\"en\">\u00ab\u00a0<span class=\"italique\">Deep Throat<\/span>\u00a0\u00bb<\/span>\u00a0en\u00a0<a title=\"Anglais\" href=\"https:\/\/fr.wikipedia.org\/wiki\/Anglais\">anglais<\/a>).<\/p>\n<p><img loading=\"lazy\" decoding=\"async\" class=\"alignnone size-medium wp-image-10799\" src=\"http:\/\/oraziopuglisi.art\/wp-content\/uploads\/2024\/08\/MarkFelt-230x300.jpg\" alt=\"\" width=\"230\" height=\"300\" srcset=\"https:\/\/oraziopuglisi.art\/wp-content\/uploads\/2024\/08\/MarkFelt-230x300.jpg 230w, https:\/\/oraziopuglisi.art\/wp-content\/uploads\/2024\/08\/MarkFelt.jpg 390w\" sizes=\"auto, (max-width: 230px) 100vw, 230px\" \/><\/p>\n<div class=\"mw-heading mw-heading2\" style=\"text-align: justify;\">\n<h2 id=\"Biographie\">Biographie<\/h2>\n<\/div>\n<p style=\"text-align: justify;\">Dipl\u00f4m\u00e9 (<a class=\"mw-redirect\" title=\"Baccalaur\u00e9at universitaire en lettres\" href=\"https:\/\/fr.wikipedia.org\/wiki\/Baccalaur%C3%A9at_universitaire_en_lettres\">BA<\/a>) en Histoire et Sciences politiques de l&rsquo;<a title=\"Universit\u00e9 de l'Idaho\" href=\"https:\/\/fr.wikipedia.org\/wiki\/Universit%C3%A9_de_l%27Idaho\">universit\u00e9 de l&rsquo;Idaho<\/a>\u00a0en 1931, il s&rsquo;installe \u00e0 Washington et travaille pour un s\u00e9nateur. Dipl\u00f4m\u00e9 en 1940 de la Facult\u00e9 de Droit de l&rsquo;<a title=\"Universit\u00e9 George-Washington\" href=\"https:\/\/fr.wikipedia.org\/wiki\/Universit%C3%A9_George-Washington\">Universit\u00e9 George-Washington<\/a>, il est admis au barreau du District de Columbia en 1941.<\/p>\n<p style=\"text-align: justify;\">Agent entr\u00e9 au FBI en\u00a0<a title=\"1942\" href=\"https:\/\/fr.wikipedia.org\/wiki\/1942\">1942<\/a>, il est affect\u00e9 \u00e0 des missions d\u2019espionnage pendant la\u00a0<a title=\"Seconde Guerre mondiale\" href=\"https:\/\/fr.wikipedia.org\/wiki\/Seconde_Guerre_mondiale\">Seconde Guerre mondiale<\/a>.<\/p>\n<p style=\"text-align: justify;\">Directeur adjoint et candidat \u00e0 la succession de son mentor\u00a0<a title=\"J. Edgar Hoover\" href=\"https:\/\/fr.wikipedia.org\/wiki\/J._Edgar_Hoover\">J. Edgar Hoover<\/a>\u00a0en mai\u00a0<a title=\"1972\" href=\"https:\/\/fr.wikipedia.org\/wiki\/1972\">1972<\/a>, il est \u00e9cart\u00e9 par Richard Nixon au profit de\u00a0<a title=\"Patrick Gray\" href=\"https:\/\/fr.wikipedia.org\/wiki\/Patrick_Gray\">Patrick Gray<\/a>, venu du\u00a0<a title=\"D\u00e9partement de la Justice des \u00c9tats-Unis\" href=\"https:\/\/fr.wikipedia.org\/wiki\/D%C3%A9partement_de_la_Justice_des_%C3%89tats-Unis\">d\u00e9partement de la Justice<\/a>.<\/p>\n<div class=\"mw-heading mw-heading3\" style=\"text-align: justify;\">\n<h3 id=\"Watergate\">Watergate<\/h3>\n<\/div>\n<p style=\"text-align: justify;\">Il devient l&rsquo;informateur clandestin principal du\u00a0<i><a title=\"The Washington Post\" href=\"https:\/\/fr.wikipedia.org\/wiki\/The_Washington_Post\">Washington Post<\/a><\/i>\u00a0dans l&rsquo;<a title=\"Scandale du Watergate\" href=\"https:\/\/fr.wikipedia.org\/wiki\/Scandale_du_Watergate\">affaire du Watergate<\/a>.<\/p>\n<p style=\"text-align: justify;\">Pendant la campagne \u00e9lectorale pr\u00e9sidentielle am\u00e9ricaine de 1972, des poseurs de micros sont pris en flagrant d\u00e9lit dans l&rsquo;immeuble du\u00a0<a title=\"Watergate\" href=\"https:\/\/fr.wikipedia.org\/wiki\/Watergate\">Watergate<\/a>\u00a0\u00e0\u00a0<a title=\"Washington (district de Columbia)\" href=\"https:\/\/fr.wikipedia.org\/wiki\/Washington_(district_de_Columbia)\">Washington<\/a>, le si\u00e8ge du\u00a0<a title=\"Parti d\u00e9mocrate (\u00c9tats-Unis)\" href=\"https:\/\/fr.wikipedia.org\/wiki\/Parti_d%C3%A9mocrate_(%C3%89tats-Unis)\">Parti d\u00e9mocrate<\/a>. Felt participe au d\u00e9clenchement de ce qui deviendra l&rsquo;un des plus retentissants scandales politiques am\u00e9ricains en r\u00e9v\u00e9lant les dessous de l\u2019affaire \u00e0\u00a0<a title=\"Bob Woodward\" href=\"https:\/\/fr.wikipedia.org\/wiki\/Bob_Woodward\">Bob Woodward<\/a>\u00a0et\u00a0<a title=\"Carl Bernstein\" href=\"https:\/\/fr.wikipedia.org\/wiki\/Carl_Bernstein\">Carl Bernstein<\/a>, deux journalistes du\u00a0<i>Washington Post<\/i>.<\/p>\n<p style=\"text-align: justify;\">Woodward r\u00e9v\u00e9la qu&rsquo;il connaissait Felt depuis d\u00e9but 1970. Les deux hommes s&rsquo;\u00e9taient alors rencontr\u00e9s \u00e0 la\u00a0<a title=\"Maison-Blanche\" href=\"https:\/\/fr.wikipedia.org\/wiki\/Maison-Blanche\">Maison-Blanche<\/a>. Tandis qu\u2019il patientait dans une salle de la\u00a0<i>West Wing<\/i>\u00a0(l&rsquo;aile ouest), Felt qui \u00e9tait, \u00e0 l&rsquo;\u00e9poque, charg\u00e9 des enqu\u00eates internes au\u00a0<a title=\"Federal Bureau of Investigation\" href=\"https:\/\/fr.wikipedia.org\/wiki\/Federal_Bureau_of_Investigation\">FBI<\/a>, croise par hasard Bob Woodward qui \u00e9tait lieutenant dans l&rsquo;<a title=\"United States Navy\" href=\"https:\/\/fr.wikipedia.org\/wiki\/United_States_Navy\">US Navy<\/a>\u00a0et \u00e9tait venu remettre des messages classifi\u00e9s au\u00a0<a title=\"Conseil de s\u00e9curit\u00e9 nationale (\u00c9tats-Unis)\" href=\"https:\/\/fr.wikipedia.org\/wiki\/Conseil_de_s%C3%A9curit%C3%A9_nationale_(%C3%89tats-Unis)\">Conseil de s\u00e9curit\u00e9 nationale<\/a>. Ils engag\u00e8rent une conversation o\u00f9 Woodward sollicita quelques conseils de carri\u00e8re aupr\u00e8s de Felt qui lui laissa son num\u00e9ro de t\u00e9l\u00e9phone<sup id=\"cite_ref-Lib\u00e9ration_2-0\" class=\"reference\"><a href=\"https:\/\/fr.wikipedia.org\/wiki\/Mark_Felt#cite_note-Lib%C3%A9ration-2\">2<\/a><\/sup>.<\/p>\n<p style=\"text-align: justify;\">Felt aide secr\u00e8tement Woodward \u00e0 d\u00e9couvrir que c\u2019est la Maison-Blanche et finalement\u00a0<a title=\"Richard Nixon\" href=\"https:\/\/fr.wikipedia.org\/wiki\/Richard_Nixon\">Nixon<\/a>\u00a0lui-m\u00eame, le pr\u00e9sident en exercice, issu du\u00a0<a title=\"Parti r\u00e9publicain (\u00c9tats-Unis)\" href=\"https:\/\/fr.wikipedia.org\/wiki\/Parti_r%C3%A9publicain_(%C3%89tats-Unis)\">Parti R\u00e9publicain<\/a>, qui sont \u00e0 l\u2019origine de ces \u00e9coutes t\u00e9l\u00e9phoniques ill\u00e9gales. Ce scandale et la d\u00e9nonciation des obstructions aux investigations du FBI qui ont suivi, \u00e9galement d\u00e9nonc\u00e9es par Felt et r\u00e9v\u00e9l\u00e9es par Woodward, ont conduit non sans difficult\u00e9 \u00e0 la mise au jour d\u2019un syst\u00e8me parall\u00e8le d\u2019espionnage et de manipulations, \u00e9tabli en toute ill\u00e9galit\u00e9 par l\u2019administration Nixon en dehors des services officiels.<\/p>\n<p style=\"text-align: justify;\">Le mode op\u00e9ratoire que Felt avait mis en place pour ses rendez-vous dans le parking souterrain d&rsquo;un immeuble de bureaux de Rosslyn \u00e0\u00a0<a title=\"Comt\u00e9 d'Arlington\" href=\"https:\/\/fr.wikipedia.org\/wiki\/Comt%C3%A9_d%27Arlington\">Arlington<\/a><sup id=\"cite_ref-3\" class=\"reference\"><a href=\"https:\/\/fr.wikipedia.org\/wiki\/Mark_Felt#cite_note-3\">3<\/a><\/sup>\u00a0\u00e9tait le suivant\u00a0: si le journaliste voulait rencontrer Felt, il d\u00e9pla\u00e7ait un pot de fleurs sur son balcon. Si Felt voulait faire passer un message au Post, il s&rsquo;arrangeait pour que le num\u00e9ro de la page 20 du\u00a0<i><a title=\"The New York Times\" href=\"https:\/\/fr.wikipedia.org\/wiki\/The_New_York_Times\">The New York Times<\/a><\/i>, livr\u00e9 chaque matin chez Woodward soit entour\u00e9, et des aiguilles dessin\u00e9es pour indiquer l&rsquo;heure de la rencontre. Le reporter se rendait alors \u00e0 Rosslyn en changeant de taxi pour \u00e9viter les\u00a0<a title=\"Filature (renseignement)\" href=\"https:\/\/fr.wikipedia.org\/wiki\/Filature_(renseignement)\">filatures<\/a><sup id=\"cite_ref-Lib\u00e9ration_2-1\" class=\"reference\"><a href=\"https:\/\/fr.wikipedia.org\/wiki\/Mark_Felt#cite_note-Lib%C3%A9ration-2\">2<\/a><\/sup>.<\/p>\n<p style=\"text-align: justify;\">L&rsquo;enqu\u00eate a finalement abouti \u00e0 la d\u00e9mission du pr\u00e9sident Nixon en\u00a0<a title=\"1974\" href=\"https:\/\/fr.wikipedia.org\/wiki\/1974\">1974<\/a>\u00a0et \u00e0 des peines de prison pour certains de ses collaborateurs. La source myst\u00e9rieuse de Woodward \u00e9tait d\u00e9sign\u00e9e sous le nom de \u00ab\u00a0Gorge profonde\u00a0\u00bb (allusion au titre du\u00a0<a title=\"Gorge profonde (film)\" href=\"https:\/\/fr.wikipedia.org\/wiki\/Gorge_profonde_(film)\">c\u00e9l\u00e8bre film pornographique<\/a>\u00a0sorti cette ann\u00e9e-l\u00e0).<\/p>\n<p style=\"text-align: justify;\">En\u00a0<a title=\"1980\" href=\"https:\/\/fr.wikipedia.org\/wiki\/1980\">1980<\/a>, Felt fut condamn\u00e9 \u00e0 une amende pour des infractions estim\u00e9es contraires aux\u00a0<a class=\"mw-redirect\" title=\"Droits de tradition civiliste\" href=\"https:\/\/fr.wikipedia.org\/wiki\/Droits_de_tradition_civiliste\">droits civils<\/a>\u00a0et conduites dans le cadre d\u2019enqu\u00eates contre la\u00a0<a title=\"Mafia\" href=\"https:\/\/fr.wikipedia.org\/wiki\/Mafia\">mafia<\/a>, avant d\u2019\u00eatre graci\u00e9 par le pr\u00e9sident\u00a0<a title=\"Ronald Reagan\" href=\"https:\/\/fr.wikipedia.org\/wiki\/Ronald_Reagan\">Ronald Reagan<\/a>.<\/p>\n<p style=\"text-align: justify;\">Ce n\u2019est qu\u2019en\u00a0<a title=\"Mai 2005\" href=\"https:\/\/fr.wikipedia.org\/wiki\/Mai_2005\">mai 2005<\/a>\u00a0que son identit\u00e9 est r\u00e9v\u00e9l\u00e9e par le magazine am\u00e9ricain\u00a0<i><a title=\"Vanity Fair (magazine)\" href=\"https:\/\/fr.wikipedia.org\/wiki\/Vanity_Fair_(magazine)\">Vanity Fair<\/a><\/i>, Felt, \u00e2g\u00e9 de 91 ans, ayant d\u00e9cid\u00e9 de r\u00e9v\u00e9ler son r\u00f4le. L\u2019information est confirm\u00e9e quelques heures plus tard par le site Internet du\u00a0<i>Washington Post<\/i>. Les deux journalistes et le r\u00e9dacteur de l\u2019\u00e9poque, seuls \u00e0 conna\u00eetre l\u2019identit\u00e9 de \u00ab\u00a0Gorge profonde\u00a0\u00bb s\u2019\u00e9taient toujours refus\u00e9s \u00e0 r\u00e9v\u00e9ler l\u2019identit\u00e9 de leur informateur. Selon\u00a0<i>Vanity Fair,<\/i>\u00a0c\u2019est sa famille qui aurait pouss\u00e9 Mark Felt \u00e0 r\u00e9v\u00e9ler publiquement qu\u2019il \u00e9tait \u00ab\u00a0Gorge profonde\u00a0\u00bb.<\/p>\n<p style=\"text-align: justify;\">Cependant, lors d&rsquo;une conversation entre Nixon et son\u00a0<a title=\"Chef de cabinet de la Maison-Blanche\" href=\"https:\/\/fr.wikipedia.org\/wiki\/Chef_de_cabinet_de_la_Maison-Blanche\">Chef de cabinet<\/a>,\u00a0<a title=\"H. R. Haldeman\" href=\"https:\/\/fr.wikipedia.org\/wiki\/H._R._Haldeman\">H. R. Haldeman<\/a>\u00a0enregistr\u00e9e le\u00a0<time class=\"nowrap\" datetime=\"1972-10-19\" data-sort-value=\"1972-10-19\">19 octobre 1972<\/time>\u00a0dans le\u00a0<a title=\"Bureau ovale\" href=\"https:\/\/fr.wikipedia.org\/wiki\/Bureau_ovale\">Bureau ovale<\/a>, le pr\u00e9sident am\u00e9ricain avait d\u00e9j\u00e0 appris que Felt avait fait fuiter des informations \u00e0 la presse, sans n\u00e9anmoins mentionner pour autant explicitement le\u00a0<i>Post<\/i>\u00a0ou \u00ab\u00a0Gorge profonde\u00a0\u00bb<sup id=\"cite_ref-Lib\u00e9ration_2-2\" class=\"reference\"><a href=\"https:\/\/fr.wikipedia.org\/wiki\/Mark_Felt#cite_note-Lib%C3%A9ration-2\">2<\/a><\/sup>. Le nom de Mark Felt figurait dans la liste des \u00ab\u00a0suspects\u00a0\u00bb les plus cit\u00e9s, avec\u00a0<a title=\"Fred F. Fielding\" href=\"https:\/\/fr.wikipedia.org\/wiki\/Fred_F._Fielding\">Fred Fielding<\/a>\u00a0et\u00a0<a class=\"new\" title=\"David Sergent (page inexistante)\" href=\"https:\/\/fr.wikipedia.org\/w\/index.php?title=David_Sergent&amp;action=edit&amp;redlink=1\">David Sergent<\/a>, deux anciens conseillers de Nixon, ou m\u00eame\u00a0<a title=\"George H. W. Bush\" href=\"https:\/\/fr.wikipedia.org\/wiki\/George_H._W._Bush\">George H. W. Bush<\/a>, ancien pr\u00e9sident des \u00c9tats-Unis (1988-1992), qui \u00e9tait alors\u00a0<a title=\"Ambassadeur des \u00c9tats-Unis aux Nations unies\" href=\"https:\/\/fr.wikipedia.org\/wiki\/Ambassadeur_des_%C3%89tats-Unis_aux_Nations_unies\">ambassadeur am\u00e9ricain aux Nations unies<\/a>.<\/p>\n<p style=\"text-align: justify;\">\u00a0<\/p>\n","protected":false},"excerpt":{"rendered":"<p>W.Mark Felt William Mark Felt\u00a0(n\u00e9 le\u00a017 ao\u00fbt 1913\u00a0\u00e0\u00a0Twin Falls\u00a0dans l\u2019Idaho\u00a0et mort le\u00a018 d\u00e9cembre 2008\u00a0\u00e0\u00a0Santa Rosa\u00a0en\u00a0Californie1) est un agent du\u00a0FBI, devenu directeur adjoint (num\u00e9ro deux) de cette agence \u00e0 la fin des ann\u00e9es 1960. En 2005, il a r\u00e9v\u00e9l\u00e9 qu\u2019il \u00e9tait la source des deux journalistes du\u00a0Washington Post\u00a0qui furent \u00e0 l\u2019origine de l\u2019affaire du Watergate, conduisant [&hellip;]<\/p>\n","protected":false},"author":1,"featured_media":10799,"parent":0,"menu_order":0,"comment_status":"closed","ping_status":"closed","template":"","meta":{"footnotes":""},"class_list":["post-10793","page","type-page","status-publish","has-post-thumbnail","hentry"],"_links":{"self":[{"href":"https:\/\/oraziopuglisi.art\/index.php\/wp-json\/wp\/v2\/pages\/10793","targetHints":{"allow":["GET"]}}],"collection":[{"href":"https:\/\/oraziopuglisi.art\/index.php\/wp-json\/wp\/v2\/pages"}],"about":[{"href":"https:\/\/oraziopuglisi.art\/index.php\/wp-json\/wp\/v2\/types\/page"}],"author":[{"embeddable":true,"href":"https:\/\/oraziopuglisi.art\/index.php\/wp-json\/wp\/v2\/users\/1"}],"replies":[{"embeddable":true,"href":"https:\/\/oraziopuglisi.art\/index.php\/wp-json\/wp\/v2\/comments?post=10793"}],"version-history":[{"count":5,"href":"https:\/\/oraziopuglisi.art\/index.php\/wp-json\/wp\/v2\/pages\/10793\/revisions"}],"predecessor-version":[{"id":10800,"href":"https:\/\/oraziopuglisi.art\/index.php\/wp-json\/wp\/v2\/pages\/10793\/revisions\/10800"}],"wp:featuredmedia":[{"embeddable":true,"href":"https:\/\/oraziopuglisi.art\/index.php\/wp-json\/wp\/v2\/media\/10799"}],"wp:attachment":[{"href":"https:\/\/oraziopuglisi.art\/index.php\/wp-json\/wp\/v2\/media?parent=10793"}],"curies":[{"name":"wp","href":"https:\/\/api.w.org\/{rel}","templated":true}]}}