{"id":10605,"date":"2024-08-11T15:15:40","date_gmt":"2024-08-11T13:15:40","guid":{"rendered":"https:\/\/oraziopuglisi.art\/?page_id=10605"},"modified":"2024-08-19T22:49:32","modified_gmt":"2024-08-19T20:49:32","slug":"petite-histoire-des-genocides","status":"publish","type":"page","link":"https:\/\/oraziopuglisi.art\/index.php\/petite-histoire-des-genocides\/","title":{"rendered":"Petite histoire des G\u00e9nocides"},"content":{"rendered":"<form action=\"https:\/\/www.paypal.com\/donate\" method=\"post\" target=\"_top\"><input name=\"hosted_button_id\" type=\"hidden\" value=\"QSSRVLDUKP2MG\" \/> <input title=\"PayPal - The safer, easier way to pay online!\" alt=\"Bouton Faites un don avec PayPal\" name=\"submit\" src=\"https:\/\/www.paypalobjects.com\/fr_FR\/FR\/i\/btn\/btn_donateCC_LG.gif\" type=\"image\" \/><img loading=\"lazy\" decoding=\"async\" src=\"https:\/\/www.paypal.com\/fr_FR\/i\/scr\/pixel.gif\" alt=\"\" width=\"1\" height=\"1\" border=\"0\" \/><img loading=\"lazy\" decoding=\"async\" src=\"https:\/\/www.paypal.com\/fr_FR\/i\/scr\/pixel.gif\" alt=\"\" width=\"1\" height=\"1\" border=\"0\" \/><\/form>\n<form action=\"https:\/\/www.paypal.com\/donate\" method=\"post\" target=\"_top\"><input name=\"hosted_button_id\" type=\"hidden\" value=\"KUYGR8EGYTG64\" \/><\/p>\n<p style=\"text-align: center;\"><span style=\"color: #ff0000;\">Faire un don par Qr Code<\/span><\/p>\n<p style=\"text-align: center;\"><a href=\"http:\/\/xn--vidosechecsenligne-dwb.com\/wp-content\/uploads\/2022\/05\/QR-code.png\"><img loading=\"lazy\" decoding=\"async\" class=\"alignnone size-full wp-image-36569\" src=\"http:\/\/xn--vidosechecsenligne-dwb.com\/wp-content\/uploads\/2022\/05\/QR-code.png\" alt=\"\" width=\"192\" height=\"192\" \/><\/a><\/p>\n<blockquote class=\"wp-embedded-content\" data-secret=\"iOY6KVUaBF\"><p><a href=\"https:\/\/oraziopuglisi.art\/index.php\/generalites\/\">G\u00e9n\u00e9ralit\u00e9s<\/a><\/p><\/blockquote>\n<p><iframe loading=\"lazy\" class=\"wp-embedded-content\" sandbox=\"allow-scripts\" security=\"restricted\" style=\"position: absolute; visibility: hidden;\" title=\"\u00ab\u00a0G\u00e9n\u00e9ralit\u00e9s\u00a0\u00bb &#8212; Orazio Puglisi\" src=\"https:\/\/oraziopuglisi.art\/index.php\/generalites\/embed\/#?secret=97AJowO7r6#?secret=iOY6KVUaBF\" data-secret=\"iOY6KVUaBF\" width=\"600\" height=\"338\" frameborder=\"0\" marginwidth=\"0\" marginheight=\"0\" scrolling=\"no\"><\/iframe><\/p>\n<p>&nbsp;<\/p>\n<p>&nbsp;<\/p>\n<blockquote class=\"wp-embedded-content\" data-secret=\"daatx1Rb1i\"><p><a href=\"https:\/\/oraziopuglisi.art\/index.php\/histoire-dun-concept\/\">Histoire d&rsquo;un concept<\/a><\/p><\/blockquote>\n<p><iframe loading=\"lazy\" class=\"wp-embedded-content\" sandbox=\"allow-scripts\" security=\"restricted\" style=\"position: absolute; visibility: hidden;\" title=\"\u00ab\u00a0Histoire d&rsquo;un concept\u00a0\u00bb &#8212; Orazio Puglisi\" src=\"https:\/\/oraziopuglisi.art\/index.php\/histoire-dun-concept\/embed\/#?secret=pgGTmDIQUp#?secret=daatx1Rb1i\" data-secret=\"daatx1Rb1i\" width=\"600\" height=\"338\" frameborder=\"0\" marginwidth=\"0\" marginheight=\"0\" scrolling=\"no\"><\/iframe><\/p>\n<blockquote class=\"wp-embedded-content\" data-secret=\"HlXZE15E03\"><p><a href=\"https:\/\/oraziopuglisi.art\/index.php\/le-genocide-aborigene\/\">Le G\u00e9nocide Aborig\u00e8ne<\/a><\/p><\/blockquote>\n<p><iframe loading=\"lazy\" class=\"wp-embedded-content\" sandbox=\"allow-scripts\" security=\"restricted\" style=\"position: absolute; visibility: hidden;\" title=\"\u00ab\u00a0Le G\u00e9nocide Aborig\u00e8ne\u00a0\u00bb &#8212; Orazio Puglisi\" src=\"https:\/\/oraziopuglisi.art\/index.php\/le-genocide-aborigene\/embed\/#?secret=mRrk9VIKgZ#?secret=HlXZE15E03\" data-secret=\"HlXZE15E03\" width=\"600\" height=\"338\" frameborder=\"0\" marginwidth=\"0\" marginheight=\"0\" scrolling=\"no\"><\/iframe><\/p>\n<blockquote class=\"wp-embedded-content\" data-secret=\"aRvumI2Uu7\"><p><a href=\"https:\/\/oraziopuglisi.art\/index.php\/le-genocide-amerindien\/\">Le G\u00e9nocide Am\u00e9rindien<\/a><\/p><\/blockquote>\n<p><iframe loading=\"lazy\" class=\"wp-embedded-content\" sandbox=\"allow-scripts\" security=\"restricted\" style=\"position: absolute; visibility: hidden;\" title=\"\u00ab\u00a0Le G\u00e9nocide Am\u00e9rindien\u00a0\u00bb &#8212; Orazio Puglisi\" src=\"https:\/\/oraziopuglisi.art\/index.php\/le-genocide-amerindien\/embed\/#?secret=4oqaXah5Q7#?secret=aRvumI2Uu7\" data-secret=\"aRvumI2Uu7\" width=\"600\" height=\"338\" frameborder=\"0\" marginwidth=\"0\" marginheight=\"0\" scrolling=\"no\"><\/iframe><\/p>\n<blockquote class=\"wp-embedded-content\" data-secret=\"Aa5Gk9IvEd\"><p><a href=\"https:\/\/oraziopuglisi.art\/index.php\/le-genocide-armenien\/\">Le G\u00e9nocide Arm\u00e9nien<\/a><\/p><\/blockquote>\n<p><iframe loading=\"lazy\" class=\"wp-embedded-content\" sandbox=\"allow-scripts\" security=\"restricted\" style=\"position: absolute; visibility: hidden;\" title=\"\u00ab\u00a0Le G\u00e9nocide Arm\u00e9nien\u00a0\u00bb &#8212; Orazio Puglisi\" src=\"https:\/\/oraziopuglisi.art\/index.php\/le-genocide-armenien\/embed\/#?secret=LktbNNSmwV#?secret=Aa5Gk9IvEd\" data-secret=\"Aa5Gk9IvEd\" width=\"600\" height=\"338\" frameborder=\"0\" marginwidth=\"0\" marginheight=\"0\" scrolling=\"no\"><\/iframe><\/p>\n<blockquote class=\"wp-embedded-content\" data-secret=\"ZFQcvozszh\"><p><a href=\"https:\/\/oraziopuglisi.art\/index.php\/le-genocide-cambodgien\/\">Le G\u00e9nocide Cambodgien<\/a><\/p><\/blockquote>\n<p><iframe loading=\"lazy\" class=\"wp-embedded-content\" sandbox=\"allow-scripts\" security=\"restricted\" style=\"position: absolute; visibility: hidden;\" title=\"\u00ab\u00a0Le G\u00e9nocide Cambodgien\u00a0\u00bb &#8212; Orazio Puglisi\" src=\"https:\/\/oraziopuglisi.art\/index.php\/le-genocide-cambodgien\/embed\/#?secret=gTl9th2BaW#?secret=ZFQcvozszh\" data-secret=\"ZFQcvozszh\" width=\"600\" height=\"338\" frameborder=\"0\" marginwidth=\"0\" marginheight=\"0\" scrolling=\"no\"><\/iframe><\/p>\n<blockquote class=\"wp-embedded-content\" data-secret=\"FJUtDvT3z7\"><p><a href=\"https:\/\/oraziopuglisi.art\/index.php\/le-genocide-chinois\/\">Le G\u00e9nocide Chinois<\/a><\/p><\/blockquote>\n<p><iframe loading=\"lazy\" class=\"wp-embedded-content\" sandbox=\"allow-scripts\" security=\"restricted\" style=\"position: absolute; visibility: hidden;\" title=\"\u00ab\u00a0Le G\u00e9nocide Chinois\u00a0\u00bb &#8212; Orazio Puglisi\" src=\"https:\/\/oraziopuglisi.art\/index.php\/le-genocide-chinois\/embed\/#?secret=AmUyt16Z2E#?secret=FJUtDvT3z7\" data-secret=\"FJUtDvT3z7\" width=\"600\" height=\"338\" frameborder=\"0\" marginwidth=\"0\" marginheight=\"0\" scrolling=\"no\"><\/iframe><\/p>\n<blockquote class=\"wp-embedded-content\" data-secret=\"j42StmguxR\"><p><a href=\"https:\/\/oraziopuglisi.art\/index.php\/le-genocide-des-ouighours\/\">Le g\u00e9nocide des Ou\u00efghours<\/a><\/p><\/blockquote>\n<p><iframe loading=\"lazy\" class=\"wp-embedded-content\" sandbox=\"allow-scripts\" security=\"restricted\" style=\"position: absolute; visibility: hidden;\" title=\"\u00ab\u00a0Le g\u00e9nocide des Ou\u00efghours\u00a0\u00bb &#8212; Orazio Puglisi\" src=\"https:\/\/oraziopuglisi.art\/index.php\/le-genocide-des-ouighours\/embed\/#?secret=5ZGPCmCdiV#?secret=j42StmguxR\" data-secret=\"j42StmguxR\" width=\"600\" height=\"338\" frameborder=\"0\" marginwidth=\"0\" marginheight=\"0\" scrolling=\"no\"><\/iframe><\/p>\n<blockquote class=\"wp-embedded-content\" data-secret=\"brMHmtX5Pk\"><p><a href=\"https:\/\/oraziopuglisi.art\/index.php\/le-genocide-kurde\/\">Le g\u00e9nocide Kurde<\/a><\/p><\/blockquote>\n<p><iframe loading=\"lazy\" class=\"wp-embedded-content\" sandbox=\"allow-scripts\" security=\"restricted\" style=\"position: absolute; visibility: hidden;\" title=\"\u00ab\u00a0Le g\u00e9nocide Kurde\u00a0\u00bb &#8212; Orazio Puglisi\" src=\"https:\/\/oraziopuglisi.art\/index.php\/le-genocide-kurde\/embed\/#?secret=HqqKv2cvuU#?secret=brMHmtX5Pk\" data-secret=\"brMHmtX5Pk\" width=\"600\" height=\"338\" frameborder=\"0\" marginwidth=\"0\" marginheight=\"0\" scrolling=\"no\"><\/iframe><\/p>\n<blockquote class=\"wp-embedded-content\" data-secret=\"eq5lV1M3PW\"><p><a href=\"https:\/\/oraziopuglisi.art\/index.php\/le-genocide-russe\/\">Le G\u00e9nocide Russe<\/a><\/p><\/blockquote>\n<p><iframe loading=\"lazy\" class=\"wp-embedded-content\" sandbox=\"allow-scripts\" security=\"restricted\" style=\"position: absolute; visibility: hidden;\" title=\"\u00ab\u00a0Le G\u00e9nocide Russe\u00a0\u00bb &#8212; Orazio Puglisi\" src=\"https:\/\/oraziopuglisi.art\/index.php\/le-genocide-russe\/embed\/#?secret=tdzZa2noie#?secret=eq5lV1M3PW\" data-secret=\"eq5lV1M3PW\" width=\"600\" height=\"338\" frameborder=\"0\" marginwidth=\"0\" marginheight=\"0\" scrolling=\"no\"><\/iframe><\/p>\n<blockquote class=\"wp-embedded-content\" data-secret=\"TP0HtsWkqq\"><p><a href=\"https:\/\/oraziopuglisi.art\/index.php\/le-genocide-soudanais\/\">Le G\u00e9nocide Soudanais<\/a><\/p><\/blockquote>\n<p><iframe loading=\"lazy\" class=\"wp-embedded-content\" sandbox=\"allow-scripts\" security=\"restricted\" style=\"position: absolute; visibility: hidden;\" title=\"\u00ab\u00a0Le G\u00e9nocide Soudanais\u00a0\u00bb &#8212; Orazio Puglisi\" src=\"https:\/\/oraziopuglisi.art\/index.php\/le-genocide-soudanais\/embed\/#?secret=cu8KPeXOxI#?secret=TP0HtsWkqq\" data-secret=\"TP0HtsWkqq\" width=\"600\" height=\"338\" frameborder=\"0\" marginwidth=\"0\" marginheight=\"0\" scrolling=\"no\"><\/iframe><\/p>\n<blockquote class=\"wp-embedded-content\" data-secret=\"66R5NCeiyB\"><p><a href=\"https:\/\/oraziopuglisi.art\/index.php\/le-genocide-tibetain\/\">Le G\u00e9nocide Tib\u00e9tain<\/a><\/p><\/blockquote>\n<p><iframe loading=\"lazy\" class=\"wp-embedded-content\" sandbox=\"allow-scripts\" security=\"restricted\" style=\"position: absolute; visibility: hidden;\" title=\"\u00ab\u00a0Le G\u00e9nocide Tib\u00e9tain\u00a0\u00bb &#8212; Orazio Puglisi\" src=\"https:\/\/oraziopuglisi.art\/index.php\/le-genocide-tibetain\/embed\/#?secret=Eq0MKzaSyi#?secret=66R5NCeiyB\" data-secret=\"66R5NCeiyB\" width=\"600\" height=\"338\" frameborder=\"0\" marginwidth=\"0\" marginheight=\"0\" scrolling=\"no\"><\/iframe><\/p>\n<blockquote class=\"wp-embedded-content\" data-secret=\"v95wSLdBSD\"><p><a href=\"https:\/\/oraziopuglisi.art\/index.php\/la-shoah\/\">La Shoah<\/a><\/p><\/blockquote>\n<p><iframe loading=\"lazy\" class=\"wp-embedded-content\" sandbox=\"allow-scripts\" security=\"restricted\" style=\"position: absolute; visibility: hidden;\" title=\"\u00ab\u00a0La Shoah\u00a0\u00bb &#8212; Orazio Puglisi\" src=\"https:\/\/oraziopuglisi.art\/index.php\/la-shoah\/embed\/#?secret=KgPMED53Ti#?secret=v95wSLdBSD\" data-secret=\"v95wSLdBSD\" width=\"600\" height=\"338\" frameborder=\"0\" marginwidth=\"0\" marginheight=\"0\" scrolling=\"no\"><\/iframe><\/p>\n<p>&nbsp;<\/p>\n<\/form>\n","protected":false},"excerpt":{"rendered":"<p>Faire un don par Qr Code G\u00e9n\u00e9ralit\u00e9s &nbsp; &nbsp; Histoire d&rsquo;un concept Le G\u00e9nocide Aborig\u00e8ne Le G\u00e9nocide Am\u00e9rindien Le G\u00e9nocide Arm\u00e9nien Le G\u00e9nocide Cambodgien Le G\u00e9nocide Chinois Le g\u00e9nocide des Ou\u00efghours Le g\u00e9nocide Kurde Le G\u00e9nocide Russe Le G\u00e9nocide Soudanais Le G\u00e9nocide Tib\u00e9tain La Shoah &nbsp;<\/p>\n","protected":false},"author":1,"featured_media":11010,"parent":0,"menu_order":0,"comment_status":"closed","ping_status":"closed","template":"","meta":{"footnotes":""},"class_list":["post-10605","page","type-page","status-publish","has-post-thumbnail","hentry"],"_links":{"self":[{"href":"https:\/\/oraziopuglisi.art\/index.php\/wp-json\/wp\/v2\/pages\/10605","targetHints":{"allow":["GET"]}}],"collection":[{"href":"https:\/\/oraziopuglisi.art\/index.php\/wp-json\/wp\/v2\/pages"}],"about":[{"href":"https:\/\/oraziopuglisi.art\/index.php\/wp-json\/wp\/v2\/types\/page"}],"author":[{"embeddable":true,"href":"https:\/\/oraziopuglisi.art\/index.php\/wp-json\/wp\/v2\/users\/1"}],"replies":[{"embeddable":true,"href":"https:\/\/oraziopuglisi.art\/index.php\/wp-json\/wp\/v2\/comments?post=10605"}],"version-history":[{"count":17,"href":"https:\/\/oraziopuglisi.art\/index.php\/wp-json\/wp\/v2\/pages\/10605\/revisions"}],"predecessor-version":[{"id":11108,"href":"https:\/\/oraziopuglisi.art\/index.php\/wp-json\/wp\/v2\/pages\/10605\/revisions\/11108"}],"wp:featuredmedia":[{"embeddable":true,"href":"https:\/\/oraziopuglisi.art\/index.php\/wp-json\/wp\/v2\/media\/11010"}],"wp:attachment":[{"href":"https:\/\/oraziopuglisi.art\/index.php\/wp-json\/wp\/v2\/media?parent=10605"}],"curies":[{"name":"wp","href":"https:\/\/api.w.org\/{rel}","templated":true}]}}